2025/04/30 10:49:07 [debug] 22#0: *6 posix_memalign: 0000560FACE16830:512 @16 server |
2025/04/30 10:49:07 [debug] 22#0: *6 malloc: 0000560FACE1DE60:4096 server |
2025/04/30 10:49:07 [debug] 22#0: *16 quic send_chain sent:32 server |
2025/04/30 10:49:07 [debug] 22#0: *6 quic stream id:0x24 flush limit:1048288 server |
2025/04/30 10:49:07 [debug] 22#0: *6 update posted event 0000560FACDB4248 server |
2025/04/30 10:49:07 [debug] 22#0: *6 quic stream id:0x24 flush len:32 last:0 server |
2025/04/30 10:49:07 [debug] 22#0: *16 http write filter 0000000000000000 server |
2025/04/30 10:49:07 [debug] 22#0: *16 http copy filter: 0 "/uuahgalhsyjrxxntbabctgcuypeytoahffvryriajaousyetibjlqpzvqcvcnolgxciggsghjhrwtvmaxwivmkmxrhgpjcsauyrbrajhctjctcktzxziijgqmebvuzjuexqdntcpydsmtqqyqqwrauqcxtczcbsohebelafxyjhwzqwazsawhgdvqeolbwpvbwfceaxnhujjosgrjzlktzuqfnucqgwzflymjezoumfcxxjoqytgzwdadw?" server |
2025/04/30 10:49:07 [debug] 22#0: *16 http finalize request: 0, "/uuahgalhsyjrxxntbabctgcuypeytoahffvryriajaousyetibjlqpzvqcvcnolgxciggsghjhrwtvmaxwivmkmxrhgpjcsauyrbrajhctjctcktzxziijgqmebvuzjuexqdntcpydsmtqqyqqwrauqcxtczcbsohebelafxyjhwzqwazsawhgdvqeolbwpvbwfceaxnhujjosgrjzlktzuqfnucqgwzflymjezoumfcxxjoqytgzwdadw?" a:1, c:1 server |
2025/04/30 10:49:07 [debug] 22#0: *16 http request count:1 blk:0 server |
2025/04/30 10:49:07 [debug] 22#0: *16 http close request server |
2025/04/30 10:49:07 [debug] 22#0: *16 http log handler server | 193.167.0.100 - - [30/Apr/2025:10:49:07 +0000] "GET /uuahgalhsyjrxxntbabctgcuypeytoahffvryriajaousyetibjlqpzvqcvcnolgxciggsghjhrwtvmaxwivmkmxrhgpjcsauyrbrajhctjctcktzxziijgqmebvuzjuexqdntcpydsmtqqyqqwrauqcxtczcbsohebelafxyjhwzqwazsawhgdvqeolbwpvbwfceaxnhujjosgrjzlktzuqfnucqgwzflymjezoumfcxxjoqytgzwdadw" 200 32 "-" "-" server |
2025/04/30 10:49:07 [debug] 22#0: *16 run cleanup: 0000560FACE19C38 server |
2025/04/30 10:49:07 [debug] 22#0: *16 file cleanup: fd:3 server |
2025/04/30 10:49:07 [debug] 22#0: *16 free: 0000560FACE18E10, unused: 0 server |
2025/04/30 10:49:07 [debug] 22#0: *16 free: 0000560FACE1CE50, unused: 3501 server |
2025/04/30 10:49:07 [debug] 22#0: *16 close http connection: 6 server |
2025/04/30 10:49:07 [debug] 22#0: *16 reusable connection: 0 server |
2025/04/30 10:49:07 [debug] 22#0: *16 run cleanup: 0000560FACE01E00 server |
2025/04/30 10:49:07 [debug] 22#0: *6 event timer add: 6: 75000:457382 server |
2025/04/30 10:49:07 [debug] 22#0: *16 run cleanup: 0000560FACE01D90 server |
2025/04/30 10:49:07 [debug] 22#0: *6 quic stream id:0x24 cleanup server |
2025/04/30 10:49:07 [debug] 22#0: *6 quic stream id:0x24 send shutdown server |
2025/04/30 10:49:07 [debug] 22#0: *6 quic stream id:0x24 flush limit:1048256 server |
2025/04/30 10:49:07 [debug] 22#0: *6 update posted event 0000560FACDB4248 server |
2025/04/30 10:49:07 [debug] 22#0: *6 quic stream id:0x24 flush len:0 last:1 server |
2025/04/30 10:49:07 [debug] 22#0: *16 free: 0000560FACE01CD0, unused: 14952 server |
2025/04/30 10:49:07 [debug] 22#0: posted event 0000560FACDB4248 server |
2025/04/30 10:49:07 [debug] 22#0: *6 delete posted event 0000560FACDB4248 server |
2025/04/30 10:49:07 [debug] 22#0: *6 quic push handler server |
2025/04/30 10:49:07 [debug] 22#0: *6 posix_memalign: 0000560FACE16A40:512 @16 server |
2025/04/30 10:49:07 [debug] 22#0: *6 quic output app packet max:1200 min:0 server |
2025/04/30 10:49:07 [debug] 22#0: *6 quic frame tx app:9 ACK n:0 delay:0 10-1 server |
2025/04/30 10:49:07 [debug] 22#0: *6 quic frame tx app:9 STREAM id:0x24 off:0 len:32 server |
2025/04/30 10:49:07 [debug] 22#0: *6 quic frame tx app:9 STREAM id:0x24 off:32 len:0 fin:1 server |
2025/04/30 10:49:07 [debug] 22#0: *6 quic packet tx app bytes:45 need_ack:1 number:9 encoded nl:1 trunc:0x9 server |
2025/04/30 10:49:07 [debug] 22#0: *6 sendmsg: 71 of 71 server |
2025/04/30 10:49:07 [debug] 22#0: *6 quic congestion send if:1768 server |
2025/04/30 10:49:07 [debug] 22#0: *6 quic congestion send if:1768 server |
2025/04/30 10:49:07 [debug] 22#0: *6 quic congestion send if:1839 server |
2025/04/30 10:49:07 [debug] 22#0: *6 event timer: 6, old: 442375, new: 442382 server |
2025/04/30 10:49:07 [debug] 22#0: *6 event timer del: 6: 383372 server |
2025/04/30 10:49:07 [debug] 22#0: *6 quic lost timer pto:990 server |
2025/04/30 10:49:07 [debug] 22#0: *6 event timer add: 6: 990:383372 server |
2025/04/30 10:49:07 [debug] 22#0: *6 quic state: send:59993 pto:990 server |
2025/04/30 10:49:07 [debug] 22#0: worker cycle server |
2025/04/30 10:49:07 [debug] 22#0: epoll timer: 990 server |
2025/04/30 10:49:07 [debug] 22#0: epoll: fd:6 ev:0001 d:00007FC569B06108 server |
2025/04/30 10:49:07 [debug] 22#0: quic recvmsg on 0.0.0.0:443, ready: 0 server |
2025/04/30 10:49:07 [debug] 22#0: *6 quic recvmsg: fd:6 n:304 server |
2025/04/30 10:49:07 [debug] 22#0: *6 quic input handler server |
2025/04/30 10:49:07 [debug] 22#0: *6 quic packet rx long flags:db version:1 server |
2025/04/30 10:49:07 [debug] 22#0: *6 quic packet rx early len:279 server |
2025/04/30 10:49:07 [debug] 22#0: *6 quic packet rx dcid len:8 fdc52ceab08acb96 server |
2025/04/30 10:49:07 [debug] 22#0: *6 quic packet rx scid len:8 c53bc2bd132ca697 server |
2025/04/30 10:49:07 [debug] 22#0: *6 quic packet rx clearflags:d1 server |
2025/04/30 10:49:07 [debug] 22#0: *6 quic packet rx number:11 len:2 server |
2025/04/30 10:49:07 [debug] 22#0: *6 quic packet len:304 via sock seq:-1 path seq:0 server |
2025/04/30 10:49:07 [debug] 22#0: *6 quic path seq:0 status tx:1839 rx:4240 valid:0 st:0 mtu:1200 server |
2025/04/30 10:49:07 [debug] 22#0: *6 quic frame rx early:11 STREAM id:0x28 len:257 fin:1 server |
2025/04/30 10:49:07 [debug] 22#0: *6 quic stream id:0x28 is missing server |
2025/04/30 10:49:07 [debug] 22#0: *6 quic stream id:0x28 create server |
2025/04/30 10:49:07 [debug] 22#0: *6 posix_memalign: 0000560FACE01CD0:16384 @16 server |
2025/04/30 10:49:07 [debug] 22#0: *6 reusable connection: 0 server |
2025/04/30 10:49:07 [debug] 22#0: *17 add cleanup: 0000560FACE01D90 server |
2025/04/30 10:49:07 [debug] 22#0: *17 post event 0000560FACDCEAD0 server |
2025/04/30 10:49:07 [debug] 22#0: *6 quic stream id:0x28 flow control msd:257/65536 md:2827/8585216 server |
2025/04/30 10:49:07 [debug] 22#0: *6 malloc: 0000560FACE1CE50:4096 server |
2025/04/30 10:49:07 [debug] 22#0: *6 posix_memalign: 0000560FACE18E10:512 @16 server |
2025/04/30 10:49:07 [debug] 22#0: *6 quic ngx_quic_ack_packet pn:11 largest 10 fr:9 nranges:0 server |
2025/04/30 10:49:07 [debug] 22#0: *6 post event 0000560FACDB4248 server |
2025/04/30 10:49:07 [debug] 22#0: *6 quic packet done rc:0 level:early decr:1 pn:11 perr:0 server |
2025/04/30 10:49:07 [debug] 22#0: *6 event timer: 6, old: 442375, new: 442383 server |
2025/04/30 10:49:07 [debug] 22#0: *6 quic state: read:59992 pto:989 server |
2025/04/30 10:49:07 [debug] 22#0: timer delta: 1 server |
2025/04/30 10:49:07 [debug] 22#0: posted event 0000560FACDCEAD0 server |
2025/04/30 10:49:07 [debug] 22#0: *17 delete posted event 0000560FACDCEAD0 server |
2025/04/30 10:49:07 [debug] 22#0: *17 quic init stream server |
2025/04/30 10:49:07 [debug] 22#0: *17 http3 init request stream server |
2025/04/30 10:49:07 [debug] 22#0: *17 add cleanup: 0000560FACE01E00 server |
2025/04/30 10:49:07 [debug] 22#0: *6 event timer del: 6: 457382 server |
2025/04/30 10:49:07 [debug] 22#0: *17 http wait request handler server |
2025/04/30 10:49:07 [debug] 22#0: *6 quic stream id:0x28 recv buf:1024 server |
2025/04/30 10:49:07 [debug] 22#0: *17 quic stream id:0x28 recv len:257 server |
2025/04/30 10:49:07 [debug] 22#0: *6 quic stream id:0x28 flow update 257 server |
2025/04/30 10:49:07 [debug] 22#0: *17 reusable connection: 0 server |
2025/04/30 10:49:07 [debug] 22#0: *17 posix_memalign: 0000560FACE1EE70:4096 @16 server |
2025/04/30 10:49:07 [debug] 22#0: *17 http process request line server |
2025/04/30 10:49:07 [debug] 22#0: *17 http request line: "GET /hzgivgaekgbzuztjbhhdicdobatdyvdzekzldaiqpfurpgqptkuuimgwnceathkhclwoxrbstrpqiiulxvsdhgeajzjvgewaqvkpzhzjpxivcjvzdxpdqcnkhknmtrphpuxnyxuxqslftaslpmtmylmmvmaycwoznudzjpbffsexuguvleiqkleqxrugjyeuobtnyejxywghdaawyxmwalczcssmhihfkrhjhcchhtdvgbbxrvogqatudm" server |
2025/04/30 10:49:07 [debug] 22#0: *17 http uri: "/hzgivgaekgbzuztjbhhdicdobatdyvdzekzldaiqpfurpgqptkuuimgwnceathkhclwoxrbstrpqiiulxvsdhgeajzjvgewaqvkpzhzjpxivcjvzdxpdqcnkhknmtrphpuxnyxuxqslftaslpmtmylmmvmaycwoznudzjpbffsexuguvleiqkleqxrugjyeuobtnyejxywghdaawyxmwalczcssmhihfkrhjhcchhtdvgbbxrvogqatudm" server |
2025/04/30 10:49:07 [debug] 22#0: *17 http args: "" server |
2025/04/30 10:49:07 [debug] 22#0: *17 http exten: "" server |
2025/04/30 10:49:07 [debug] 22#0: *17 rewrite phase: 0 server |
2025/04/30 10:49:07 [debug] 22#0: *17 test location: "/" server |
2025/04/30 10:49:07 [debug] 22#0: *17 using configuration "/" server |
2025/04/30 10:49:07 [debug] 22#0: *17 http cl:-1 max:1048576 server |
2025/04/30 10:49:07 [debug] 22#0: *17 rewrite phase: 2 server |
2025/04/30 10:49:07 [debug] 22#0: *17 post rewrite phase: 3 server |
2025/04/30 10:49:07 [debug] 22#0: *17 generic phase: 4 server |
2025/04/30 10:49:07 [debug] 22#0: *17 generic phase: 5 server |
2025/04/30 10:49:07 [debug] 22#0: *17 access phase: 6 server |
2025/04/30 10:49:07 [debug] 22#0: *17 access phase: 7 server |
2025/04/30 10:49:07 [debug] 22#0: *17 post access phase: 8 server |
2025/04/30 10:49:07 [debug] 22#0: *17 generic phase: 9 server |
2025/04/30 10:49:07 [debug] 22#0: *17 generic phase: 10 server |
2025/04/30 10:49:07 [debug] 22#0: *17 content phase: 11 server |
2025/04/30 10:49:07 [debug] 22#0: *17 content phase: 12 server |
2025/04/30 10:49:07 [debug] 22#0: *17 content phase: 13 server |
2025/04/30 10:49:07 [debug] 22#0: *17 http filename: "/www/hzgivgaekgbzuztjbhhdicdobatdyvdzekzldaiqpfurpgqptkuuimgwnceathkhclwoxrbstrpqiiulxvsdhgeajzjvgewaqvkpzhzjpxivcjvzdxpdqcnkhknmtrphpuxnyxuxqslftaslpmtmylmmvmaycwoznudzjpbffsexuguvleiqkleqxrugjyeuobtnyejxywghdaawyxmwalczcssmhihfkrhjhcchhtdvgbbxrvogqatudm" server |
2025/04/30 10:49:07 [debug] 22#0: *17 add cleanup: 0000560FACE1FC98 server |
2025/04/30 10:49:07 [debug] 22#0: *17 http static fd: 3 server |
2025/04/30 10:49:07 [debug] 22#0: *17 http set discard body server |
2025/04/30 10:49:07 [debug] 22#0: *17 http output filter "/hzgivgaekgbzuztjbhhdicdobatdyvdzekzldaiqpfurpgqptkuuimgwnceathkhclwoxrbstrpqiiulxvsdhgeajzjvgewaqvkpzhzjpxivcjvzdxpdqcnkhknmtrphpuxnyxuxqslftaslpmtmylmmvmaycwoznudzjpbffsexuguvleiqkleqxrugjyeuobtnyejxywghdaawyxmwalczcssmhihfkrhjhcchhtdvgbbxrvogqatudm?" server |
2025/04/30 10:49:07 [debug] 22#0: *17 http copy filter: "/hzgivgaekgbzuztjbhhdicdobatdyvdzekzldaiqpfurpgqptkuuimgwnceathkhclwoxrbstrpqiiulxvsdhgeajzjvgewaqvkpzhzjpxivcjvzdxpdqcnkhknmtrphpuxnyxuxqslftaslpmtmylmmvmaycwoznudzjpbffsexuguvleiqkleqxrugjyeuobtnyejxywghdaawyxmwalczcssmhihfkrhjhcchhtdvgbbxrvogqatudm?" server |
2025/04/30 10:49:07 [debug] 22#0: *17 posix_memalign: 0000560FACE1FE80:4096 @16 server |
2025/04/30 10:49:07 [debug] 22#0: *17 read: 3, 0000560FACE1FE40, 32, 0 server |
2025/04/30 10:49:07 [debug] 22#0: *17 http postpone filter "/hzgivgaekgbzuztjbhhdicdobatdyvdzekzldaiqpfurpgqptkuuimgwnceathkhclwoxrbstrpqiiulxvsdhgeajzjvgewaqvkpzhzjpxivcjvzdxpdqcnkhknmtrphpuxnyxuxqslftaslpmtmylmmvmaycwoznudzjpbffsexuguvleiqkleqxrugjyeuobtnyejxywghdaawyxmwalczcssmhihfkrhjhcchhtdvgbbxrvogqatudm?" 0000560FACE1FE30 server |
2025/04/30 10:49:07 [debug] 22#0: *17 write new buf t:1 f:0 0000560FACE1FE40, pos 0000560FACE1FE40, size: 32 file: 0, size: 0 server |
2025/04/30 10:49:07 [debug] 22#0: *17 http write filter: l:1 f:0 s:32 server |
2025/04/30 10:49:07 [debug] 22#0: *17 http write filter limit 2097152 server |
2025/04/30 10:49:07 [debug] 22#0: *6 malloc: 0000560FACE20E90:4096 server |
2025/04/30 10:49:07 [debug] 22#0: *17 quic send_chain sent:32 server |
2025/04/30 10:49:07 [debug] 22#0: *6 quic stream id:0x28 flush limit:1048256 server |
2025/04/30 10:49:07 [debug] 22#0: *6 update posted event 0000560FACDB4248 server |
2025/04/30 10:49:07 [debug] 22#0: *6 quic stream id:0x28 flush len:32 last:0 server |
2025/04/30 10:49:07 [debug] 22#0: *17 http write filter 0000000000000000 server |
2025/04/30 10:49:07 [debug] 22#0: *17 http copy filter: 0 "/hzgivgaekgbzuztjbhhdicdobatdyvdzekzldaiqpfurpgqptkuuimgwnceathkhclwoxrbstrpqiiulxvsdhgeajzjvgewaqvkpzhzjpxivcjvzdxpdqcnkhknmtrphpuxnyxuxqslftaslpmtmylmmvmaycwoznudzjpbffsexuguvleiqkleqxrugjyeuobtnyejxywghdaawyxmwalczcssmhihfkrhjhcchhtdvgbbxrvogqatudm?" server |
2025/04/30 10:49:07 [debug] 22#0: *17 http finalize request: 0, "/hzgivgaekgbzuztjbhhdicdobatdyvdzekzldaiqpfurpgqptkuuimgwnceathkhclwoxrbstrpqiiulxvsdhgeajzjvgewaqvkpzhzjpxivcjvzdxpdqcnkhknmtrphpuxnyxuxqslftaslpmtmylmmvmaycwoznudzjpbffsexuguvleiqkleqxrugjyeuobtnyejxywghdaawyxmwalczcssmhihfkrhjhcchhtdvgbbxrvogqatudm?" a:1, c:1 server |
2025/04/30 10:49:07 [debug] 22#0: *17 http request count:1 blk:0 server |
2025/04/30 10:49:07 [debug] 22#0: *17 http close request server |
2025/04/30 10:49:07 [debug] 22#0: *17 http log handler server | 193.167.0.100 - - [30/Apr/2025:10:49:07 +0000] "GET /hzgivgaekgbzuztjbhhdicdobatdyvdzekzldaiqpfurpgqptkuuimgwnceathkhclwoxrbstrpqiiulxvsdhgeajzjvgewaqvkpzhzjpxivcjvzdxpdqcnkhknmtrphpuxnyxuxqslftaslpmtmylmmvmaycwoznudzjpbffsexuguvleiqkleqxrugjyeuobtnyejxywghdaawyxmwalczcssmhihfkrhjhcchhtdvgbbxrvogqatudm" 200 32 "-" "-" server |
2025/04/30 10:49:07 [debug] 22#0: *17 run cleanup: 0000560FACE1FC98 server |
2025/04/30 10:49:07 [debug] 22#0: *17 file cleanup: fd:3 server |
2025/04/30 10:49:07 [debug] 22#0: *17 free: 0000560FACE1EE70, unused: 0 server |
2025/04/30 10:49:07 [debug] 22#0: *17 free: 0000560FACE1FE80, unused: 3501 server |
2025/04/30 10:49:07 [debug] 22#0: *17 close http connection: 6 server |
2025/04/30 10:49:07 [debug] 22#0: *17 reusable connection: 0 server |
2025/04/30 10:49:07 [debug] 22#0: *17 run cleanup: 0000560FACE01E00 server |
2025/04/30 10:49:07 [debug] 22#0: *6 event timer add: 6: 75000:457383 server |
2025/04/30 10:49:07 [debug] 22#0: *17 run cleanup: 0000560FACE01D90 server |
2025/04/30 10:49:07 [debug] 22#0: *6 quic stream id:0x28 cleanup server |
2025/04/30 10:49:07 [debug] 22#0: *6 quic stream id:0x28 send shutdown server |
2025/04/30 10:49:07 [debug] 22#0: *6 quic stream id:0x28 flush limit:1048224 server |
2025/04/30 10:49:07 [debug] 22#0: *6 posix_memalign: 0000560FACE19020:512 @16 server |
2025/04/30 10:49:07 [debug] 22#0: *6 update posted event 0000560FACDB4248 server |
2025/04/30 10:49:07 [debug] 22#0: *6 quic stream id:0x28 flush len:0 last:1 server |
2025/04/30 10:49:07 [debug] 22#0: *17 free: 0000560FACE01CD0, unused: 14952 server |
2025/04/30 10:49:07 [debug] 22#0: posted event 0000560FACDB4248 server |
2025/04/30 10:49:07 [debug] 22#0: *6 delete posted event 0000560FACDB4248 server |
2025/04/30 10:49:07 [debug] 22#0: *6 quic push handler server |
2025/04/30 10:49:07 [debug] 22#0: *6 quic output app packet max:1200 min:0 server |
2025/04/30 10:49:07 [debug] 22#0: *6 quic frame tx app:10 ACK n:0 delay:0 11-1 server |
2025/04/30 10:49:07 [debug] 22#0: *6 quic frame tx app:10 STREAM id:0x28 off:0 len:32 server |
2025/04/30 10:49:07 [debug] 22#0: *6 quic frame tx app:10 STREAM id:0x28 off:32 len:0 fin:1 server |
2025/04/30 10:49:07 [debug] 22#0: *6 quic packet tx app bytes:45 need_ack:1 number:10 encoded nl:1 trunc:0xa server |
2025/04/30 10:49:07 [debug] 22#0: *6 sendmsg: 71 of 71 server |
2025/04/30 10:49:07 [debug] 22#0: *6 quic congestion send if:1839 server |
2025/04/30 10:49:07 [debug] 22#0: *6 quic congestion send if:1839 server |
2025/04/30 10:49:07 [debug] 22#0: *6 quic congestion send if:1910 server |
2025/04/30 10:49:07 [debug] 22#0: *6 event timer: 6, old: 442375, new: 442383 server |
2025/04/30 10:49:07 [debug] 22#0: *6 event timer del: 6: 383372 server |
2025/04/30 10:49:07 [debug] 22#0: *6 quic lost timer pto:989 server |
2025/04/30 10:49:07 [debug] 22#0: *6 event timer add: 6: 989:383372 server |
2025/04/30 10:49:07 [debug] 22#0: *6 quic state: send:59992 pto:989 server |
2025/04/30 10:49:07 [debug] 22#0: worker cycle server |
2025/04/30 10:49:07 [debug] 22#0: epoll timer: 989 server |
2025/04/30 10:49:07 [debug] 22#0: epoll: fd:6 ev:0001 d:00007FC569B06108 server |
2025/04/30 10:49:07 [debug] 22#0: quic recvmsg on 0.0.0.0:443, ready: 0 server |
2025/04/30 10:49:07 [debug] 22#0: *6 quic recvmsg: fd:6 n:304 server |
2025/04/30 10:49:07 [debug] 22#0: *6 quic input handler server |
2025/04/30 10:49:07 [debug] 22#0: *6 quic packet rx long flags:d3 version:1 server |
2025/04/30 10:49:07 [debug] 22#0: *6 quic packet rx early len:279 server |
2025/04/30 10:49:07 [debug] 22#0: *6 quic packet rx dcid len:8 fdc52ceab08acb96 server |
2025/04/30 10:49:07 [debug] 22#0: *6 quic packet rx scid len:8 c53bc2bd132ca697 server |
2025/04/30 10:49:07 [debug] 22#0: *6 quic packet rx clearflags:d1 server |
2025/04/30 10:49:07 [debug] 22#0: *6 quic packet rx number:12 len:2 server |
2025/04/30 10:49:07 [debug] 22#0: *6 quic packet len:304 via sock seq:-1 path seq:0 server |
2025/04/30 10:49:07 [debug] 22#0: *6 quic path seq:0 status tx:1910 rx:4544 valid:0 st:0 mtu:1200 server |
2025/04/30 10:49:07 [debug] 22#0: *6 quic frame rx early:12 STREAM id:0x2c len:257 fin:1 server |
2025/04/30 10:49:07 [debug] 22#0: *6 quic stream id:0x2c is missing server |
2025/04/30 10:49:07 [debug] 22#0: *6 quic stream id:0x2c create server |
2025/04/30 10:49:07 [debug] 22#0: *6 posix_memalign: 0000560FACE19230:512 @16 server |
2025/04/30 10:49:07 [debug] 22#0: *6 posix_memalign: 0000560FACE01CD0:16384 @16 server |
2025/04/30 10:49:07 [debug] 22#0: *6 reusable connection: 0 server |
2025/04/30 10:49:07 [debug] 22#0: *18 add cleanup: 0000560FACE01D90 server |
2025/04/30 10:49:07 [debug] 22#0: *18 post event 0000560FACDCEAD0 server |
2025/04/30 10:49:07 [debug] 22#0: *6 quic stream id:0x2c flow control msd:257/65536 md:3084/8585216 server |
2025/04/30 10:49:07 [debug] 22#0: *6 malloc: 0000560FACE1EE70:4096 server |
2025/04/30 10:49:07 [debug] 22#0: *6 quic ngx_quic_ack_packet pn:12 largest 11 fr:10 nranges:0 server |
2025/04/30 10:49:07 [debug] 22#0: *6 post event 0000560FACDB4248 server |
2025/04/30 10:49:07 [debug] 22#0: *6 quic packet done rc:0 level:early decr:1 pn:12 perr:0 server |
2025/04/30 10:49:07 [debug] 22#0: *6 event timer: 6, old: 442375, new: 442383 server |
2025/04/30 10:49:07 [debug] 22#0: *6 quic state: read:59992 pto:989 server |
2025/04/30 10:49:07 [debug] 22#0: timer delta: 0 server |
2025/04/30 10:49:07 [debug] 22#0: posted event 0000560FACDCEAD0 server |
2025/04/30 10:49:07 [debug] 22#0: *18 delete posted event 0000560FACDCEAD0 server |
2025/04/30 10:49:07 [debug] 22#0: *18 quic init stream server |
2025/04/30 10:49:07 [debug] 22#0: *18 http3 init request stream server |
2025/04/30 10:49:07 [debug] 22#0: *18 add cleanup: 0000560FACE01E00 server |
2025/04/30 10:49:07 [debug] 22#0: *6 event timer del: 6: 457383 server |
2025/04/30 10:49:07 [debug] 22#0: *18 http wait request handler server |
2025/04/30 10:49:07 [debug] 22#0: *6 quic stream id:0x2c recv buf:1024 server |
2025/04/30 10:49:07 [debug] 22#0: *18 quic stream id:0x2c recv len:257 server |
2025/04/30 10:49:07 [debug] 22#0: *6 quic stream id:0x2c flow update 257 server |
2025/04/30 10:49:07 [debug] 22#0: *18 reusable connection: 0 server |
2025/04/30 10:49:07 [debug] 22#0: *18 posix_memalign: 0000560FACE1FE80:4096 @16 server |
2025/04/30 10:49:07 [debug] 22#0: *18 http process request line server |
2025/04/30 10:49:07 [debug] 22#0: *18 http request line: "GET /lgbsrfbekegweirjbwsocjnuwbmljgjvqpqvaclbkxyzhpaikusotyguczowisayzpdccashduttpyqnwuioiyoclqmkhijeltplxzekvekcnozmeogkdodycynvhctemfmpxhtkuhmumdehzyxqehfuqqlmtypebprxhzfdoygxfinmfovnexsdcgylnkhdgtcnencvygxrhdeiohltunlxmkpbgmxllhthwgovzgaipowwimclrhtbml" server |
2025/04/30 10:49:07 [debug] 22#0: *18 http uri: "/lgbsrfbekegweirjbwsocjnuwbmljgjvqpqvaclbkxyzhpaikusotyguczowisayzpdccashduttpyqnwuioiyoclqmkhijeltplxzekvekcnozmeogkdodycynvhctemfmpxhtkuhmumdehzyxqehfuqqlmtypebprxhzfdoygxfinmfovnexsdcgylnkhdgtcnencvygxrhdeiohltunlxmkpbgmxllhthwgovzgaipowwimclrhtbml" server |
2025/04/30 10:49:07 [debug] 22#0: *18 http args: "" server |
2025/04/30 10:49:07 [debug] 22#0: *18 http exten: "" server |
2025/04/30 10:49:07 [debug] 22#0: *18 rewrite phase: 0 server |
2025/04/30 10:49:07 [debug] 22#0: *18 test location: "/" server |
2025/04/30 10:49:07 [debug] 22#0: *18 using configuration "/" server |
2025/04/30 10:49:07 [debug] 22#0: *18 http cl:-1 max:1048576 server |
2025/04/30 10:49:07 [debug] 22#0: *18 rewrite phase: 2 server |
2025/04/30 10:49:07 [debug] 22#0: *18 post rewrite phase: 3 server |
2025/04/30 10:49:07 [debug] 22#0: *18 generic phase: 4 server |
2025/04/30 10:49:07 [debug] 22#0: *18 generic phase: 5 server |
2025/04/30 10:49:07 [debug] 22#0: *18 access phase: 6 server |
2025/04/30 10:49:07 [debug] 22#0: *18 access phase: 7 server |
2025/04/30 10:49:07 [debug] 22#0: *18 post access phase: 8 server |
2025/04/30 10:49:07 [debug] 22#0: *18 generic phase: 9 server |
2025/04/30 10:49:07 [debug] 22#0: *18 generic phase: 10 server |
2025/04/30 10:49:07 [debug] 22#0: *18 content phase: 11 server |
2025/04/30 10:49:07 [debug] 22#0: *18 content phase: 12 server |
2025/04/30 10:49:07 [debug] 22#0: *18 content phase: 13 server |
2025/04/30 10:49:07 [debug] 22#0: *18 http filename: "/www/lgbsrfbekegweirjbwsocjnuwbmljgjvqpqvaclbkxyzhpaikusotyguczowisayzpdccashduttpyqnwuioiyoclqmkhijeltplxzekvekcnozmeogkdodycynvhctemfmpxhtkuhmumdehzyxqehfuqqlmtypebprxhzfdoygxfinmfovnexsdcgylnkhdgtcnencvygxrhdeiohltunlxmkpbgmxllhthwgovzgaipowwimclrhtbml" server |
2025/04/30 10:49:07 [debug] 22#0: *18 add cleanup: 0000560FACE20CA8 server |
2025/04/30 10:49:07 [debug] 22#0: *18 http static fd: 3 server |
2025/04/30 10:49:07 [debug] 22#0: *18 http set discard body server |
2025/04/30 10:49:07 [debug] 22#0: *18 http output filter "/lgbsrfbekegweirjbwsocjnuwbmljgjvqpqvaclbkxyzhpaikusotyguczowisayzpdccashduttpyqnwuioiyoclqmkhijeltplxzekvekcnozmeogkdodycynvhctemfmpxhtkuhmumdehzyxqehfuqqlmtypebprxhzfdoygxfinmfovnexsdcgylnkhdgtcnencvygxrhdeiohltunlxmkpbgmxllhthwgovzgaipowwimclrhtbml?" server |
2025/04/30 10:49:07 [debug] 22#0: *18 http copy filter: "/lgbsrfbekegweirjbwsocjnuwbmljgjvqpqvaclbkxyzhpaikusotyguczowisayzpdccashduttpyqnwuioiyoclqmkhijeltplxzekvekcnozmeogkdodycynvhctemfmpxhtkuhmumdehzyxqehfuqqlmtypebprxhzfdoygxfinmfovnexsdcgylnkhdgtcnencvygxrhdeiohltunlxmkpbgmxllhthwgovzgaipowwimclrhtbml?" server |
2025/04/30 10:49:07 [debug] 22#0: *18 posix_memalign: 0000560FACE21EA0:4096 @16 server |
2025/04/30 10:49:07 [debug] 22#0: *18 read: 3, 0000560FACE20E50, 32, 0 server |
2025/04/30 10:49:07 [debug] 22#0: *18 http postpone filter "/lgbsrfbekegweirjbwsocjnuwbmljgjvqpqvaclbkxyzhpaikusotyguczowisayzpdccashduttpyqnwuioiyoclqmkhijeltplxzekvekcnozmeogkdodycynvhctemfmpxhtkuhmumdehzyxqehfuqqlmtypebprxhzfdoygxfinmfovnexsdcgylnkhdgtcnencvygxrhdeiohltunlxmkpbgmxllhthwgovzgaipowwimclrhtbml?" 0000560FACE20E40 server |
2025/04/30 10:49:07 [debug] 22#0: *18 write new buf t:1 f:0 0000560FACE20E50, pos 0000560FACE20E50, size: 32 file: 0, size: 0 server |
2025/04/30 10:49:07 [debug] 22#0: *18 http write filter: l:1 f:0 s:32 server |
2025/04/30 10:49:07 [debug] 22#0: *18 http write filter limit 2097152 server |
2025/04/30 10:49:07 [debug] 22#0: *6 malloc: 0000560FACE22EB0:4096 server |
2025/04/30 10:49:07 [debug] 22#0: *18 quic send_chain sent:32 server |
2025/04/30 10:49:07 [debug] 22#0: *6 quic stream id:0x2c flush limit:1048224 server |
2025/04/30 10:49:07 [debug] 22#0: *6 update posted event 0000560FACDB4248 server |
2025/04/30 10:49:07 [debug] 22#0: *6 quic stream id:0x2c flush len:32 last:0 server |
2025/04/30 10:49:07 [debug] 22#0: *18 http write filter 0000000000000000 server |
2025/04/30 10:49:07 [debug] 22#0: *18 http copy filter: 0 "/lgbsrfbekegweirjbwsocjnuwbmljgjvqpqvaclbkxyzhpaikusotyguczowisayzpdccashduttpyqnwuioiyoclqmkhijeltplxzekvekcnozmeogkdodycynvhctemfmpxhtkuhmumdehzyxqehfuqqlmtypebprxhzfdoygxfinmfovnexsdcgylnkhdgtcnencvygxrhdeiohltunlxmkpbgmxllhthwgovzgaipowwimclrhtbml?" server |
2025/04/30 10:49:07 [debug] 22#0: *18 http finalize request: 0, "/lgbsrfbekegweirjbwsocjnuwbmljgjvqpqvaclbkxyzhpaikusotyguczowisayzpdccashduttpyqnwuioiyoclqmkhijeltplxzekvekcnozmeogkdodycynvhctemfmpxhtkuhmumdehzyxqehfuqqlmtypebprxhzfdoygxfinmfovnexsdcgylnkhdgtcnencvygxrhdeiohltunlxmkpbgmxllhthwgovzgaipowwimclrhtbml?" a:1, c:1 server |
2025/04/30 10:49:07 [debug] 22#0: *18 http request count:1 blk:0 server |
2025/04/30 10:49:07 [debug] 22#0: *18 http close request server |
2025/04/30 10:49:07 [debug] 22#0: *18 http log handler server | 193.167.0.100 - - [30/Apr/2025:10:49:07 +0000] "GET /lgbsrfbekegweirjbwsocjnuwbmljgjvqpqvaclbkxyzhpaikusotyguczowisayzpdccashduttpyqnwuioiyoclqmkhijeltplxzekvekcnozmeogkdodycynvhctemfmpxhtkuhmumdehzyxqehfuqqlmtypebprxhzfdoygxfinmfovnexsdcgylnkhdgtcnencvygxrhdeiohltunlxmkpbgmxllhthwgovzgaipowwimclrhtbml" 200 32 "-" "-" server |
2025/04/30 10:49:07 [debug] 22#0: *18 run cleanup: 0000560FACE20CA8 server |
2025/04/30 10:49:07 [debug] 22#0: *18 file cleanup: fd:3 server |
2025/04/30 10:49:07 [debug] 22#0: *18 free: 0000560FACE1FE80, unused: 0 server |
2025/04/30 10:49:07 [debug] 22#0: *18 free: 0000560FACE21EA0, unused: 3501 server |
2025/04/30 10:49:07 [debug] 22#0: *18 close http connection: 6 server |
2025/04/30 10:49:07 [debug] 22#0: *18 reusable connection: 0 server |
2025/04/30 10:49:07 [debug] 22#0: *18 run cleanup: 0000560FACE01E00 server |
2025/04/30 10:49:07 [debug] 22#0: *6 event timer add: 6: 75000:457383 server |
2025/04/30 10:49:07 [debug] 22#0: *18 run cleanup: 0000560FACE01D90 server |
2025/04/30 10:49:07 [debug] 22#0: *6 quic stream id:0x2c cleanup server |
2025/04/30 10:49:07 [debug] 22#0: *6 quic stream id:0x2c send shutdown server |
2025/04/30 10:49:07 [debug] 22#0: *6 quic stream id:0x2c flush limit:1048192 server |
2025/04/30 10:49:07 [debug] 22#0: *6 posix_memalign: 0000560FACE19440:512 @16 server |
2025/04/30 10:49:07 [debug] 22#0: *6 update posted event 0000560FACDB4248 server |
2025/04/30 10:49:07 [debug] 22#0: *6 quic stream id:0x2c flush len:0 last:1 server |
2025/04/30 10:49:07 [debug] 22#0: *18 free: 0000560FACE01CD0, unused: 14952 server |
2025/04/30 10:49:07 [debug] 22#0: posted event 0000560FACDB4248 server |
2025/04/30 10:49:07 [debug] 22#0: *6 delete posted event 0000560FACDB4248 server |
2025/04/30 10:49:07 [debug] 22#0: *6 quic push handler server |
2025/04/30 10:49:07 [debug] 22#0: *6 quic output app packet max:1200 min:0 server |
2025/04/30 10:49:07 [debug] 22#0: *6 quic frame tx app:11 ACK n:0 delay:0 12-1 server |
2025/04/30 10:49:07 [debug] 22#0: *6 quic frame tx app:11 STREAM id:0x2c off:0 len:32 server |
2025/04/30 10:49:07 [debug] 22#0: *6 quic frame tx app:11 STREAM id:0x2c off:32 len:0 fin:1 server |
2025/04/30 10:49:07 [debug] 22#0: *6 quic packet tx app bytes:45 need_ack:1 number:11 encoded nl:1 trunc:0xb server |
2025/04/30 10:49:07 [debug] 22#0: *6 sendmsg: 71 of 71 server |
2025/04/30 10:49:07 [debug] 22#0: *6 quic congestion send if:1910 server |
2025/04/30 10:49:07 [debug] 22#0: *6 quic congestion send if:1910 server |
2025/04/30 10:49:07 [debug] 22#0: *6 quic congestion send if:1981 server |
2025/04/30 10:49:07 [debug] 22#0: *6 event timer: 6, old: 442375, new: 442383 server |
2025/04/30 10:49:07 [debug] 22#0: *6 event timer del: 6: 383372 server |
2025/04/30 10:49:07 [debug] 22#0: *6 quic lost timer pto:989 server |
2025/04/30 10:49:07 [debug] 22#0: *6 event timer add: 6: 989:383372 server |
2025/04/30 10:49:07 [debug] 22#0: *6 quic state: send:59992 pto:989 server |
2025/04/30 10:49:07 [debug] 22#0: worker cycle server |
2025/04/30 10:49:07 [debug] 22#0: epoll timer: 989 server |
2025/04/30 10:49:07 [debug] 22#0: epoll: fd:6 ev:0001 d:00007FC569B06108 server |
2025/04/30 10:49:07 [debug] 22#0: quic recvmsg on 0.0.0.0:443, ready: 0 server |
2025/04/30 10:49:07 [debug] 22#0: *6 quic recvmsg: fd:6 n:304 server |
2025/04/30 10:49:07 [debug] 22#0: *6 quic input handler server |
2025/04/30 10:49:07 [debug] 22#0: *6 quic packet rx long flags:d6 version:1 server |
2025/04/30 10:49:07 [debug] 22#0: *6 quic packet rx early len:279 server |
2025/04/30 10:49:07 [debug] 22#0: *6 quic packet rx dcid len:8 fdc52ceab08acb96 server |
2025/04/30 10:49:07 [debug] 22#0: *6 quic packet rx scid len:8 c53bc2bd132ca697 server |
2025/04/30 10:49:07 [debug] 22#0: *6 quic packet rx clearflags:d1 server |
2025/04/30 10:49:07 [debug] 22#0: *6 quic packet rx number:13 len:2 server |
2025/04/30 10:49:07 [debug] 22#0: *6 quic packet len:304 via sock seq:-1 path seq:0 server |
2025/04/30 10:49:07 [debug] 22#0: *6 quic path seq:0 status tx:1981 rx:4848 valid:0 st:0 mtu:1200 server |
2025/04/30 10:49:07 [debug] 22#0: *6 quic frame rx early:13 STREAM id:0x30 len:257 fin:1 server |
2025/04/30 10:49:07 [debug] 22#0: *6 quic stream id:0x30 is missing server |
2025/04/30 10:49:07 [debug] 22#0: *6 quic stream id:0x30 create server |
2025/04/30 10:49:07 [debug] 22#0: *6 posix_memalign: 0000560FACE19650:512 @16 server |
2025/04/30 10:49:07 [debug] 22#0: *6 posix_memalign: 0000560FACE01CD0:16384 @16 server |
2025/04/30 10:49:07 [debug] 22#0: *6 reusable connection: 0 server |
2025/04/30 10:49:07 [debug] 22#0: *19 add cleanup: 0000560FACE01D90 server |
2025/04/30 10:49:07 [debug] 22#0: *19 post event 0000560FACDCEAD0 server |
2025/04/30 10:49:07 [debug] 22#0: *6 quic stream id:0x30 flow control msd:257/65536 md:3341/8585216 server |
2025/04/30 10:49:07 [debug] 22#0: *6 malloc: 0000560FACE21EA0:4096 server |
2025/04/30 10:49:07 [debug] 22#0: *6 quic ngx_quic_ack_packet pn:13 largest 12 fr:11 nranges:0 server |
2025/04/30 10:49:07 [debug] 22#0: *6 post event 0000560FACDB4248 server |
2025/04/30 10:49:07 [debug] 22#0: *6 quic packet done rc:0 level:early decr:1 pn:13 perr:0 server |
2025/04/30 10:49:07 [debug] 22#0: *6 event timer: 6, old: 442375, new: 442384 server |
2025/04/30 10:49:07 [debug] 22#0: *6 quic state: read:59991 pto:988 server |
2025/04/30 10:49:07 [debug] 22#0: timer delta: 1 server |
2025/04/30 10:49:07 [debug] 22#0: posted event 0000560FACDCEAD0 server |
2025/04/30 10:49:07 [debug] 22#0: *19 delete posted event 0000560FACDCEAD0 server |
2025/04/30 10:49:07 [debug] 22#0: *19 quic init stream server |
2025/04/30 10:49:07 [debug] 22#0: *19 http3 init request stream server |
2025/04/30 10:49:07 [debug] 22#0: *19 add cleanup: 0000560FACE01E00 server |
2025/04/30 10:49:07 [debug] 22#0: *6 event timer del: 6: 457383 server |
2025/04/30 10:49:07 [debug] 22#0: *19 http wait request handler server |
2025/04/30 10:49:07 [debug] 22#0: *6 quic stream id:0x30 recv buf:1024 server |
2025/04/30 10:49:07 [debug] 22#0: *19 quic stream id:0x30 recv len:257 server |
2025/04/30 10:49:07 [debug] 22#0: *6 quic stream id:0x30 flow update 257 server |
2025/04/30 10:49:07 [debug] 22#0: *19 reusable connection: 0 server |
2025/04/30 10:49:07 [debug] 22#0: *19 posix_memalign: 0000560FACE1FE80:4096 @16 server |
2025/04/30 10:49:07 [debug] 22#0: *19 http process request line server |
2025/04/30 10:49:07 [debug] 22#0: *19 http request line: "GET /qjcrmcecknybsnwzagnzclazghwgaexzjvclizqiddqhnuounoeecftmgbjbnkwlkmclejpznzwewclrbcmjrqlgdsvmaofaffqabtxaizruegejnhjcoasnfqdqdmsrlrruogkzydzymemqqmfnqqbqjofdrpsabgrbjyaizpqjgpxkomvgjwrgldnpzfyavzridmoxwpxamltblqccfcdfgkszsmapfpxbgtrqukjrpjwwkdqmomgtdg" server |
2025/04/30 10:49:07 [debug] 22#0: *19 http uri: "/qjcrmcecknybsnwzagnzclazghwgaexzjvclizqiddqhnuounoeecftmgbjbnkwlkmclejpznzwewclrbcmjrqlgdsvmaofaffqabtxaizruegejnhjcoasnfqdqdmsrlrruogkzydzymemqqmfnqqbqjofdrpsabgrbjyaizpqjgpxkomvgjwrgldnpzfyavzridmoxwpxamltblqccfcdfgkszsmapfpxbgtrqukjrpjwwkdqmomgtdg" server |
2025/04/30 10:49:07 [debug] 22#0: *19 http args: "" server |
2025/04/30 10:49:07 [debug] 22#0: *19 http exten: "" server |
2025/04/30 10:49:07 [debug] 22#0: *19 rewrite phase: 0 server |
2025/04/30 10:49:07 [debug] 22#0: *19 test location: "/" server |
2025/04/30 10:49:07 [debug] 22#0: *19 using configuration "/" server |
2025/04/30 10:49:07 [debug] 22#0: *19 http cl:-1 max:1048576 server |
2025/04/30 10:49:07 [debug] 22#0: *19 rewrite phase: 2 server |
2025/04/30 10:49:07 [debug] 22#0: *19 post rewrite phase: 3 server |
2025/04/30 10:49:07 [debug] 22#0: *19 generic phase: 4 server |
2025/04/30 10:49:07 [debug] 22#0: *19 generic phase: 5 server |
2025/04/30 10:49:07 [debug] 22#0: *19 access phase: 6 server |
2025/04/30 10:49:07 [debug] 22#0: *19 access phase: 7 server |
2025/04/30 10:49:07 [debug] 22#0: *19 post access phase: 8 server |
2025/04/30 10:49:07 [debug] 22#0: *19 generic phase: 9 server |
2025/04/30 10:49:07 [debug] 22#0: *19 generic phase: 10 server |
2025/04/30 10:49:07 [debug] 22#0: *19 content phase: 11 server |
2025/04/30 10:49:07 [debug] 22#0: *19 content phase: 12 server |
2025/04/30 10:49:07 [debug] 22#0: *19 content phase: 13 server |
2025/04/30 10:49:07 [debug] 22#0: *19 http filename: "/www/qjcrmcecknybsnwzagnzclazghwgaexzjvclizqiddqhnuounoeecftmgbjbnkwlkmclejpznzwewclrbcmjrqlgdsvmaofaffqabtxaizruegejnhjcoasnfqdqdmsrlrruogkzydzymemqqmfnqqbqjofdrpsabgrbjyaizpqjgpxkomvgjwrgldnpzfyavzridmoxwpxamltblqccfcdfgkszsmapfpxbgtrqukjrpjwwkdqmomgtdg" server |
2025/04/30 10:49:07 [debug] 22#0: *19 add cleanup: 0000560FACE20CA8 server |
2025/04/30 10:49:07 [debug] 22#0: *19 http static fd: 3 server |
2025/04/30 10:49:07 [debug] 22#0: *19 http set discard body server |
2025/04/30 10:49:07 [debug] 22#0: *19 http output filter "/qjcrmcecknybsnwzagnzclazghwgaexzjvclizqiddqhnuounoeecftmgbjbnkwlkmclejpznzwewclrbcmjrqlgdsvmaofaffqabtxaizruegejnhjcoasnfqdqdmsrlrruogkzydzymemqqmfnqqbqjofdrpsabgrbjyaizpqjgpxkomvgjwrgldnpzfyavzridmoxwpxamltblqccfcdfgkszsmapfpxbgtrqukjrpjwwkdqmomgtdg?" server |
2025/04/30 10:49:07 [debug] 22#0: *19 http copy filter: "/qjcrmcecknybsnwzagnzclazghwgaexzjvclizqiddqhnuounoeecftmgbjbnkwlkmclejpznzwewclrbcmjrqlgdsvmaofaffqabtxaizruegejnhjcoasnfqdqdmsrlrruogkzydzymemqqmfnqqbqjofdrpsabgrbjyaizpqjgpxkomvgjwrgldnpzfyavzridmoxwpxamltblqccfcdfgkszsmapfpxbgtrqukjrpjwwkdqmomgtdg?" server |
2025/04/30 10:49:07 [debug] 22#0: *19 posix_memalign: 0000560FACE23EC0:4096 @16 server |
2025/04/30 10:49:07 [debug] 22#0: *19 read: 3, 0000560FACE20E50, 32, 0 server |
2025/04/30 10:49:07 [debug] 22#0: *19 http postpone filter "/qjcrmcecknybsnwzagnzclazghwgaexzjvclizqiddqhnuounoeecftmgbjbnkwlkmclejpznzwewclrbcmjrqlgdsvmaofaffqabtxaizruegejnhjcoasnfqdqdmsrlrruogkzydzymemqqmfnqqbqjofdrpsabgrbjyaizpqjgpxkomvgjwrgldnpzfyavzridmoxwpxamltblqccfcdfgkszsmapfpxbgtrqukjrpjwwkdqmomgtdg?" 0000560FACE20E40 server |
2025/04/30 10:49:07 [debug] 22#0: *19 write new buf t:1 f:0 0000560FACE20E50, pos 0000560FACE20E50, size: 32 file: 0, size: 0 server |
2025/04/30 10:49:07 [debug] 22#0: *19 http write filter: l:1 f:0 s:32 server |
2025/04/30 10:49:07 [debug] 22#0: *19 http write filter limit 2097152 server |
2025/04/30 10:49:07 [debug] 22#0: *6 malloc: 0000560FACE24ED0:4096 server |
2025/04/30 10:49:07 [debug] 22#0: *19 quic send_chain sent:32 server |
2025/04/30 10:49:07 [debug] 22#0: *6 quic stream id:0x30 flush limit:1048192 server |
2025/04/30 10:49:07 [debug] 22#0: *6 posix_memalign: 0000560FACE19860:512 @16 server |
2025/04/30 10:49:07 [debug] 22#0: *6 update posted event 0000560FACDB4248 server |
2025/04/30 10:49:07 [debug] 22#0: *6 quic stream id:0x30 flush len:32 last:0 server |
2025/04/30 10:49:07 [debug] 22#0: *19 http write filter 0000000000000000 server |
2025/04/30 10:49:07 [debug] 22#0: *19 http copy filter: 0 "/qjcrmcecknybsnwzagnzclazghwgaexzjvclizqiddqhnuounoeecftmgbjbnkwlkmclejpznzwewclrbcmjrqlgdsvmaofaffqabtxaizruegejnhjcoasnfqdqdmsrlrruogkzydzymemqqmfnqqbqjofdrpsabgrbjyaizpqjgpxkomvgjwrgldnpzfyavzridmoxwpxamltblqccfcdfgkszsmapfpxbgtrqukjrpjwwkdqmomgtdg?" server |
2025/04/30 10:49:07 [debug] 22#0: *19 http finalize request: 0, "/qjcrmcecknybsnwzagnzclazghwgaexzjvclizqiddqhnuounoeecftmgbjbnkwlkmclejpznzwewclrbcmjrqlgdsvmaofaffqabtxaizruegejnhjcoasnfqdqdmsrlrruogkzydzymemqqmfnqqbqjofdrpsabgrbjyaizpqjgpxkomvgjwrgldnpzfyavzridmoxwpxamltblqccfcdfgkszsmapfpxbgtrqukjrpjwwkdqmomgtdg?" a:1, c:1 server |
2025/04/30 10:49:07 [debug] 22#0: *19 http request count:1 blk:0 server |
2025/04/30 10:49:07 [debug] 22#0: *19 http close request server |
2025/04/30 10:49:07 [debug] 22#0: *19 http log handler server | 193.167.0.100 - - [30/Apr/2025:10:49:07 +0000] "GET /qjcrmcecknybsnwzagnzclazghwgaexzjvclizqiddqhnuounoeecftmgbjbnkwlkmclejpznzwewclrbcmjrqlgdsvmaofaffqabtxaizruegejnhjcoasnfqdqdmsrlrruogkzydzymemqqmfnqqbqjofdrpsabgrbjyaizpqjgpxkomvgjwrgldnpzfyavzridmoxwpxamltblqccfcdfgkszsmapfpxbgtrqukjrpjwwkdqmomgtdg" 200 32 "-" "-" server |
2025/04/30 10:49:07 [debug] 22#0: *19 run cleanup: 0000560FACE20CA8 server |
2025/04/30 10:49:07 [debug] 22#0: *19 file cleanup: fd:3 server |
2025/04/30 10:49:07 [debug] 22#0: *19 free: 0000560FACE1FE80, unused: 0 server |
2025/04/30 10:49:07 [debug] 22#0: *19 free: 0000560FACE23EC0, unused: 3501 server |
2025/04/30 10:49:07 [debug] 22#0: *19 close http connection: 6 server |
2025/04/30 10:49:07 [debug] 22#0: *19 reusable connection: 0 server |
2025/04/30 10:49:07 [debug] 22#0: *19 run cleanup: 0000560FACE01E00 server |
2025/04/30 10:49:07 [debug] 22#0: *6 event timer add: 6: 75000:457384 server |
2025/04/30 10:49:07 [debug] 22#0: *19 run cleanup: 0000560FACE01D90 server |
2025/04/30 10:49:07 [debug] 22#0: *6 quic stream id:0x30 cleanup server |
2025/04/30 10:49:07 [debug] 22#0: *6 quic stream id:0x30 send shutdown server |
2025/04/30 10:49:07 [debug] 22#0: *6 quic stream id:0x30 flush limit:1048160 server |
2025/04/30 10:49:07 [debug] 22#0: *6 update posted event 0000560FACDB4248 server |
2025/04/30 10:49:07 [debug] 22#0: *6 quic stream id:0x30 flush len:0 last:1 server |
2025/04/30 10:49:07 [debug] 22#0: *19 free: 0000560FACE01CD0, unused: 14952 server |
2025/04/30 10:49:07 [debug] 22#0: posted event 0000560FACDB4248 server |
2025/04/30 10:49:07 [debug] 22#0: *6 delete posted event 0000560FACDB4248 server |
2025/04/30 10:49:07 [debug] 22#0: *6 quic push handler server |
2025/04/30 10:49:07 [debug] 22#0: *6 quic output app packet max:1200 min:0 server |
2025/04/30 10:49:07 [debug] 22#0: *6 quic frame tx app:12 ACK n:0 delay:0 13-1 server |
2025/04/30 10:49:07 [debug] 22#0: *6 quic frame tx app:12 STREAM id:0x30 off:0 len:32 server |
2025/04/30 10:49:07 [debug] 22#0: *6 quic frame tx app:12 STREAM id:0x30 off:32 len:0 fin:1 server |
2025/04/30 10:49:07 [debug] 22#0: *6 quic packet tx app bytes:45 need_ack:1 number:12 encoded nl:1 trunc:0xc server |
2025/04/30 10:49:07 [debug] 22#0: *6 sendmsg: 71 of 71 server |
2025/04/30 10:49:07 [debug] 22#0: *6 quic congestion send if:1981 server |
2025/04/30 10:49:07 [debug] 22#0: *6 quic congestion send if:1981 server |
2025/04/30 10:49:07 [debug] 22#0: *6 quic congestion send if:2052 server |
2025/04/30 10:49:07 [debug] 22#0: *6 event timer: 6, old: 442375, new: 442384 server |
2025/04/30 10:49:07 [debug] 22#0: *6 event timer del: 6: 383372 server |
2025/04/30 10:49:07 [debug] 22#0: *6 quic lost timer pto:988 server |
2025/04/30 10:49:07 [debug] 22#0: *6 event timer add: 6: 988:383372 server |
2025/04/30 10:49:07 [debug] 22#0: *6 quic state: send:59991 pto:988 server |
2025/04/30 10:49:07 [debug] 22#0: worker cycle server |
2025/04/30 10:49:07 [debug] 22#0: epoll timer: 988 server |
2025/04/30 10:49:07 [debug] 22#0: epoll: fd:6 ev:0001 d:00007FC569B06108 server |
2025/04/30 10:49:07 [debug] 22#0: quic recvmsg on 0.0.0.0:443, ready: 0 server |
2025/04/30 10:49:07 [debug] 22#0: *6 quic recvmsg: fd:6 n:304 server |
2025/04/30 10:49:07 [debug] 22#0: *6 quic input handler server |
2025/04/30 10:49:07 [debug] 22#0: *6 quic packet rx long flags:d5 version:1 server |
2025/04/30 10:49:07 [debug] 22#0: *6 quic packet rx early len:279 server |
2025/04/30 10:49:07 [debug] 22#0: *6 quic packet rx dcid len:8 fdc52ceab08acb96 server |
2025/04/30 10:49:07 [debug] 22#0: *6 quic packet rx scid len:8 c53bc2bd132ca697 server |
2025/04/30 10:49:07 [debug] 22#0: *6 quic packet rx clearflags:d1 server |
2025/04/30 10:49:07 [debug] 22#0: *6 quic packet rx number:14 len:2 server |
2025/04/30 10:49:07 [debug] 22#0: *6 quic packet len:304 via sock seq:-1 path seq:0 server |
2025/04/30 10:49:07 [debug] 22#0: *6 quic path seq:0 status tx:2052 rx:5152 valid:0 st:0 mtu:1200 server |
2025/04/30 10:49:07 [debug] 22#0: *6 quic frame rx early:14 STREAM id:0x34 len:257 fin:1 server |
2025/04/30 10:49:07 [debug] 22#0: *6 quic stream id:0x34 is missing server |
2025/04/30 10:49:07 [debug] 22#0: *6 quic stream id:0x34 create server |
2025/04/30 10:49:07 [debug] 22#0: *6 posix_memalign: 0000560FACE19A70:512 @16 server |
2025/04/30 10:49:07 [debug] 22#0: *6 posix_memalign: 0000560FACE01CD0:16384 @16 server |
2025/04/30 10:49:07 [debug] 22#0: *6 reusable connection: 0 server |
2025/04/30 10:49:07 [debug] 22#0: *20 add cleanup: 0000560FACE01D90 server |
2025/04/30 10:49:07 [debug] 22#0: *20 post event 0000560FACDCEAD0 server |
2025/04/30 10:49:07 [debug] 22#0: *6 quic stream id:0x34 flow control msd:257/65536 md:3598/8585216 server |
2025/04/30 10:49:07 [debug] 22#0: *6 malloc: 0000560FACE23EC0:4096 server |
2025/04/30 10:49:07 [debug] 22#0: *6 quic ngx_quic_ack_packet pn:14 largest 13 fr:12 nranges:0 server |
2025/04/30 10:49:07 [debug] 22#0: *6 post event 0000560FACDB4248 server |
2025/04/30 10:49:07 [debug] 22#0: *6 quic packet done rc:0 level:early decr:1 pn:14 perr:0 server |
2025/04/30 10:49:07 [debug] 22#0: *6 event timer: 6, old: 442375, new: 442385 server |
2025/04/30 10:49:07 [debug] 22#0: *6 quic state: read:59990 pto:987 server |
2025/04/30 10:49:07 [debug] 22#0: timer delta: 1 server |
2025/04/30 10:49:07 [debug] 22#0: posted event 0000560FACDCEAD0 server |
2025/04/30 10:49:07 [debug] 22#0: *20 delete posted event 0000560FACDCEAD0 server |
2025/04/30 10:49:07 [debug] 22#0: *20 quic init stream server |
2025/04/30 10:49:07 [debug] 22#0: *20 http3 init request stream server |
2025/04/30 10:49:07 [debug] 22#0: *20 add cleanup: 0000560FACE01E00 server |
2025/04/30 10:49:07 [debug] 22#0: *6 event timer del: 6: 457384 server |
2025/04/30 10:49:07 [debug] 22#0: *20 http wait request handler server |
2025/04/30 10:49:07 [debug] 22#0: *6 quic stream id:0x34 recv buf:1024 server |
2025/04/30 10:49:07 [debug] 22#0: *20 quic stream id:0x34 recv len:257 server |
2025/04/30 10:49:07 [debug] 22#0: *6 quic stream id:0x34 flow update 257 server |
2025/04/30 10:49:07 [debug] 22#0: *20 reusable connection: 0 server |
2025/04/30 10:49:07 [debug] 22#0: *20 posix_memalign: 0000560FACE1FE80:4096 @16 server |
2025/04/30 10:49:07 [debug] 22#0: *20 http process request line server |
2025/04/30 10:49:07 [debug] 22#0: *20 http request line: "GET /bhradpeheutpzwqfthlardvvadfsujfackhthoucsrxbkvzqqcuwqwttgooukqgmchwkzexkltfnaokrtvbenooedqselchdeveodplmeckceagejnvpufjrzsbelhteipiffidciyexkmzuypimboxyvtjwphrpqyblnssrobfwvwpqckmwafbncfqmjwukoglxxetkpzinkpqaygjcsnguhhaamqmolgqgjdwcudvygqyqbsqhlulixi" server |
2025/04/30 10:49:07 [debug] 22#0: *20 http uri: "/bhradpeheutpzwqfthlardvvadfsujfackhthoucsrxbkvzqqcuwqwttgooukqgmchwkzexkltfnaokrtvbenooedqselchdeveodplmeckceagejnvpufjrzsbelhteipiffidciyexkmzuypimboxyvtjwphrpqyblnssrobfwvwpqckmwafbncfqmjwukoglxxetkpzinkpqaygjcsnguhhaamqmolgqgjdwcudvygqyqbsqhlulixi" server |
2025/04/30 10:49:07 [debug] 22#0: *20 http args: "" server |
2025/04/30 10:49:07 [debug] 22#0: *20 http exten: "" server |
2025/04/30 10:49:07 [debug] 22#0: *20 rewrite phase: 0 server |
2025/04/30 10:49:07 [debug] 22#0: *20 test location: "/" server |
2025/04/30 10:49:07 [debug] 22#0: *20 using configuration "/" server |
2025/04/30 10:49:07 [debug] 22#0: *20 http cl:-1 max:1048576 server |
2025/04/30 10:49:07 [debug] 22#0: *20 rewrite phase: 2 server |
2025/04/30 10:49:07 [debug] 22#0: *20 post rewrite phase: 3 server |
2025/04/30 10:49:07 [debug] 22#0: *20 generic phase: 4 server |
2025/04/30 10:49:07 [debug] 22#0: *20 generic phase: 5 server |
2025/04/30 10:49:07 [debug] 22#0: *20 access phase: 6 server |
2025/04/30 10:49:07 [debug] 22#0: *20 access phase: 7 server |
2025/04/30 10:49:07 [debug] 22#0: *20 post access phase: 8 server |
2025/04/30 10:49:07 [debug] 22#0: *20 generic phase: 9 server |
2025/04/30 10:49:07 [debug] 22#0: *20 generic phase: 10 server |
2025/04/30 10:49:07 [debug] 22#0: *20 content phase: 11 server |
2025/04/30 10:49:07 [debug] 22#0: *20 content phase: 12 server |
2025/04/30 10:49:07 [debug] 22#0: *20 content phase: 13 server |
2025/04/30 10:49:07 [debug] 22#0: *20 http filename: "/www/bhradpeheutpzwqfthlardvvadfsujfackhthoucsrxbkvzqqcuwqwttgooukqgmchwkzexkltfnaokrtvbenooedqselchdeveodplmeckceagejnvpufjrzsbelhteipiffidciyexkmzuypimboxyvtjwphrpqyblnssrobfwvwpqckmwafbncfqmjwukoglxxetkpzinkpqaygjcsnguhhaamqmolgqgjdwcudvygqyqbsqhlulixi" server |
2025/04/30 10:49:07 [debug] 22#0: *20 add cleanup: 0000560FACE20CA8 server |
2025/04/30 10:49:07 [debug] 22#0: *20 http static fd: 3 server |
2025/04/30 10:49:07 [debug] 22#0: *20 http set discard body server |
2025/04/30 10:49:07 [debug] 22#0: *20 http output filter "/bhradpeheutpzwqfthlardvvadfsujfackhthoucsrxbkvzqqcuwqwttgooukqgmchwkzexkltfnaokrtvbenooedqselchdeveodplmeckceagejnvpufjrzsbelhteipiffidciyexkmzuypimboxyvtjwphrpqyblnssrobfwvwpqckmwafbncfqmjwukoglxxetkpzinkpqaygjcsnguhhaamqmolgqgjdwcudvygqyqbsqhlulixi?" server |
2025/04/30 10:49:07 [debug] 22#0: *20 http copy filter: "/bhradpeheutpzwqfthlardvvadfsujfackhthoucsrxbkvzqqcuwqwttgooukqgmchwkzexkltfnaokrtvbenooedqselchdeveodplmeckceagejnvpufjrzsbelhteipiffidciyexkmzuypimboxyvtjwphrpqyblnssrobfwvwpqckmwafbncfqmjwukoglxxetkpzinkpqaygjcsnguhhaamqmolgqgjdwcudvygqyqbsqhlulixi?" server |
2025/04/30 10:49:07 [debug] 22#0: *20 posix_memalign: 0000560FACE25EE0:4096 @16 server |
2025/04/30 10:49:07 [debug] 22#0: *20 read: 3, 0000560FACE20E50, 32, 0 server |
2025/04/30 10:49:07 [debug] 22#0: *20 http postpone filter "/bhradpeheutpzwqfthlardvvadfsujfackhthoucsrxbkvzqqcuwqwttgooukqgmchwkzexkltfnaokrtvbenooedqselchdeveodplmeckceagejnvpufjrzsbelhteipiffidciyexkmzuypimboxyvtjwphrpqyblnssrobfwvwpqckmwafbncfqmjwukoglxxetkpzinkpqaygjcsnguhhaamqmolgqgjdwcudvygqyqbsqhlulixi?" 0000560FACE20E40 server |
2025/04/30 10:49:07 [debug] 22#0: *20 write new buf t:1 f:0 0000560FACE20E50, pos 0000560FACE20E50, size: 32 file: 0, size: 0 server |
2025/04/30 10:49:07 [debug] 22#0: *20 http write filter: l:1 f:0 s:32 server |
2025/04/30 10:49:07 [debug] 22#0: *20 http write filter limit 2097152 server |
2025/04/30 10:49:07 [debug] 22#0: *6 posix_memalign: 0000560FACE26EF0:512 @16 server |
2025/04/30 10:49:07 [debug] 22#0: *6 malloc: 0000560FACE27100:4096 server |
2025/04/30 10:49:07 [debug] 22#0: *20 quic send_chain sent:32 server |
2025/04/30 10:49:07 [debug] 22#0: *6 quic stream id:0x34 flush limit:1048160 server |
2025/04/30 10:49:07 [debug] 22#0: *6 update posted event 0000560FACDB4248 server |
2025/04/30 10:49:07 [debug] 22#0: *6 quic stream id:0x34 flush len:32 last:0 server |
2025/04/30 10:49:07 [debug] 22#0: *20 http write filter 0000000000000000 server |
2025/04/30 10:49:07 [debug] 22#0: *20 http copy filter: 0 "/bhradpeheutpzwqfthlardvvadfsujfackhthoucsrxbkvzqqcuwqwttgooukqgmchwkzexkltfnaokrtvbenooedqselchdeveodplmeckceagejnvpufjrzsbelhteipiffidciyexkmzuypimboxyvtjwphrpqyblnssrobfwvwpqckmwafbncfqmjwukoglxxetkpzinkpqaygjcsnguhhaamqmolgqgjdwcudvygqyqbsqhlulixi?" server |
2025/04/30 10:49:07 [debug] 22#0: *20 http finalize request: 0, "/bhradpeheutpzwqfthlardvvadfsujfackhthoucsrxbkvzqqcuwqwttgooukqgmchwkzexkltfnaokrtvbenooedqselchdeveodplmeckceagejnvpufjrzsbelhteipiffidciyexkmzuypimboxyvtjwphrpqyblnssrobfwvwpqckmwafbncfqmjwukoglxxetkpzinkpqaygjcsnguhhaamqmolgqgjdwcudvygqyqbsqhlulixi?" a:1, c:1 server |
2025/04/30 10:49:07 [debug] 22#0: *20 http request count:1 blk:0 server |
2025/04/30 10:49:07 [debug] 22#0: *20 http close request server |
2025/04/30 10:49:07 [debug] 22#0: *20 http log handler server | 193.167.0.100 - - [30/Apr/2025:10:49:07 +0000] "GET /bhradpeheutpzwqfthlardvvadfsujfackhthoucsrxbkvzqqcuwqwttgooukqgmchwkzexkltfnaokrtvbenooedqselchdeveodplmeckceagejnvpufjrzsbelhteipiffidciyexkmzuypimboxyvtjwphrpqyblnssrobfwvwpqckmwafbncfqmjwukoglxxetkpzinkpqaygjcsnguhhaamqmolgqgjdwcudvygqyqbsqhlulixi" 200 32 "-" "-" server |
2025/04/30 10:49:07 [debug] 22#0: *20 run cleanup: 0000560FACE20CA8 server |
2025/04/30 10:49:07 [debug] 22#0: *20 file cleanup: fd:3 server |
2025/04/30 10:49:07 [debug] 22#0: *20 free: 0000560FACE1FE80, unused: 0 server |
2025/04/30 10:49:07 [debug] 22#0: *20 free: 0000560FACE25EE0, unused: 3501 server |
2025/04/30 10:49:07 [debug] 22#0: *20 close http connection: 6 server |
2025/04/30 10:49:07 [debug] 22#0: *20 reusable connection: 0 server |
2025/04/30 10:49:07 [debug] 22#0: *20 run cleanup: 0000560FACE01E00 server |
2025/04/30 10:49:07 [debug] 22#0: *6 event timer add: 6: 75000:457385 server |
2025/04/30 10:49:07 [debug] 22#0: *20 run cleanup: 0000560FACE01D90 server |
2025/04/30 10:49:07 [debug] 22#0: *6 quic stream id:0x34 cleanup server |
2025/04/30 10:49:07 [debug] 22#0: *6 quic stream id:0x34 send shutdown server |
2025/04/30 10:49:07 [debug] 22#0: *6 quic stream id:0x34 flush limit:1048128 server |
2025/04/30 10:49:07 [debug] 22#0: *6 update posted event 0000560FACDB4248 server |
2025/04/30 10:49:07 [debug] 22#0: *6 quic stream id:0x34 flush len:0 last:1 server |
2025/04/30 10:49:07 [debug] 22#0: *20 free: 0000560FACE01CD0, unused: 14952 server |
2025/04/30 10:49:07 [debug] 22#0: posted event 0000560FACDB4248 server |
2025/04/30 10:49:07 [debug] 22#0: *6 delete posted event 0000560FACDB4248 server |
2025/04/30 10:49:07 [debug] 22#0: *6 quic push handler server |
2025/04/30 10:49:07 [debug] 22#0: *6 posix_memalign: 0000560FACE25EE0:512 @16 server |
2025/04/30 10:49:07 [debug] 22#0: *6 quic output app packet max:1200 min:0 server |
2025/04/30 10:49:07 [debug] 22#0: *6 quic frame tx app:13 ACK n:0 delay:0 14-1 server |
2025/04/30 10:49:07 [debug] 22#0: *6 quic frame tx app:13 STREAM id:0x34 off:0 len:32 server |
2025/04/30 10:49:07 [debug] 22#0: *6 quic frame tx app:13 STREAM id:0x34 off:32 len:0 fin:1 server |
2025/04/30 10:49:07 [debug] 22#0: *6 quic packet tx app bytes:45 need_ack:1 number:13 encoded nl:1 trunc:0xd server |
2025/04/30 10:49:07 [debug] 22#0: *6 sendmsg: 71 of 71 server |
