2025/04/30 10:49:07 [debug] 22#0: *6 quic congestion send if:2052 server |
2025/04/30 10:49:07 [debug] 22#0: *6 quic congestion send if:2052 server |
2025/04/30 10:49:07 [debug] 22#0: *6 quic congestion send if:2123 server |
2025/04/30 10:49:07 [debug] 22#0: *6 event timer: 6, old: 442375, new: 442385 server |
2025/04/30 10:49:07 [debug] 22#0: *6 event timer del: 6: 383372 server |
2025/04/30 10:49:07 [debug] 22#0: *6 quic lost timer pto:987 server |
2025/04/30 10:49:07 [debug] 22#0: *6 event timer add: 6: 987:383372 server |
2025/04/30 10:49:07 [debug] 22#0: *6 quic state: send:59990 pto:987 server |
2025/04/30 10:49:07 [debug] 22#0: worker cycle server |
2025/04/30 10:49:07 [debug] 22#0: epoll timer: 987 server |
2025/04/30 10:49:07 [debug] 22#0: epoll: fd:6 ev:0001 d:00007FC569B06108 server |
2025/04/30 10:49:07 [debug] 22#0: quic recvmsg on 0.0.0.0:443, ready: 0 server |
2025/04/30 10:49:07 [debug] 22#0: *6 quic recvmsg: fd:6 n:304 server |
2025/04/30 10:49:07 [debug] 22#0: *6 quic input handler server |
2025/04/30 10:49:07 [debug] 22#0: *6 quic packet rx long flags:d6 version:1 server |
2025/04/30 10:49:07 [debug] 22#0: *6 quic packet rx early len:279 server |
2025/04/30 10:49:07 [debug] 22#0: *6 quic packet rx dcid len:8 fdc52ceab08acb96 server |
2025/04/30 10:49:07 [debug] 22#0: *6 quic packet rx scid len:8 c53bc2bd132ca697 server |
2025/04/30 10:49:07 [debug] 22#0: *6 quic packet rx clearflags:d1 server |
2025/04/30 10:49:07 [debug] 22#0: *6 quic packet rx number:15 len:2 server |
2025/04/30 10:49:07 [debug] 22#0: *6 quic packet len:304 via sock seq:-1 path seq:0 server |
2025/04/30 10:49:07 [debug] 22#0: *6 quic path seq:0 status tx:2123 rx:5456 valid:0 st:0 mtu:1200 server |
2025/04/30 10:49:07 [debug] 22#0: *6 quic frame rx early:15 STREAM id:0x38 len:257 fin:1 server |
2025/04/30 10:49:07 [debug] 22#0: *6 quic stream id:0x38 is missing server |
2025/04/30 10:49:07 [debug] 22#0: *6 quic stream id:0x38 create server |
2025/04/30 10:49:07 [debug] 22#0: *6 posix_memalign: 0000560FACE01CD0:16384 @16 server |
2025/04/30 10:49:07 [debug] 22#0: *6 reusable connection: 0 server |
2025/04/30 10:49:07 [debug] 22#0: *21 add cleanup: 0000560FACE01D90 server |
2025/04/30 10:49:07 [debug] 22#0: *21 post event 0000560FACDCEAD0 server |
2025/04/30 10:49:07 [debug] 22#0: *6 quic stream id:0x38 flow control msd:257/65536 md:3855/8585216 server |
2025/04/30 10:49:07 [debug] 22#0: *6 malloc: 0000560FACE1FE80:4096 server |
2025/04/30 10:49:07 [debug] 22#0: *6 posix_memalign: 0000560FACE260F0:512 @16 server |
2025/04/30 10:49:07 [debug] 22#0: *6 quic ngx_quic_ack_packet pn:15 largest 14 fr:13 nranges:0 server |
2025/04/30 10:49:07 [debug] 22#0: *6 post event 0000560FACDB4248 server |
2025/04/30 10:49:07 [debug] 22#0: *6 quic packet done rc:0 level:early decr:1 pn:15 perr:0 server |
2025/04/30 10:49:07 [debug] 22#0: *6 event timer: 6, old: 442375, new: 442386 server |
2025/04/30 10:49:07 [debug] 22#0: *6 quic state: read:59989 pto:986 server |
2025/04/30 10:49:07 [debug] 22#0: timer delta: 1 server |
2025/04/30 10:49:07 [debug] 22#0: posted event 0000560FACDCEAD0 server |
2025/04/30 10:49:07 [debug] 22#0: *21 delete posted event 0000560FACDCEAD0 server |
2025/04/30 10:49:07 [debug] 22#0: *21 quic init stream server |
2025/04/30 10:49:07 [debug] 22#0: *21 http3 init request stream server |
2025/04/30 10:49:07 [debug] 22#0: *21 add cleanup: 0000560FACE01E00 server |
2025/04/30 10:49:07 [debug] 22#0: *6 event timer del: 6: 457385 server |
2025/04/30 10:49:07 [debug] 22#0: *21 http wait request handler server |
2025/04/30 10:49:07 [debug] 22#0: *6 quic stream id:0x38 recv buf:1024 server |
2025/04/30 10:49:07 [debug] 22#0: *21 quic stream id:0x38 recv len:257 server |
2025/04/30 10:49:07 [debug] 22#0: *6 quic stream id:0x38 flow update 257 server |
2025/04/30 10:49:07 [debug] 22#0: *21 reusable connection: 0 server |
2025/04/30 10:49:07 [debug] 22#0: *21 posix_memalign: 0000560FACE28110:4096 @16 server |
2025/04/30 10:49:07 [debug] 22#0: *21 http process request line server |
2025/04/30 10:49:07 [debug] 22#0: *21 http request line: "GET /ucwlhkzyfeiplmabhwpjujkcqlysgvzndmgiktzaksagxwaxkxnyswamarwvafklshzoixhuxydtarbrrzrqxwombvfmpacmmbtlytczleuqptxihvfyzngqcyfzlulgyrohrjnohzhlfvrhytwiomvavvfgbqpibnhrmchhzfutsqolhmhdcvdliekvzbglohshdtczjokwwdndojcprtfozfdlqchwnmgxjctevpxkhasrsfscgxwlzj" server |
2025/04/30 10:49:07 [debug] 22#0: *21 http uri: "/ucwlhkzyfeiplmabhwpjujkcqlysgvzndmgiktzaksagxwaxkxnyswamarwvafklshzoixhuxydtarbrrzrqxwombvfmpacmmbtlytczleuqptxihvfyzngqcyfzlulgyrohrjnohzhlfvrhytwiomvavvfgbqpibnhrmchhzfutsqolhmhdcvdliekvzbglohshdtczjokwwdndojcprtfozfdlqchwnmgxjctevpxkhasrsfscgxwlzj" server |
2025/04/30 10:49:07 [debug] 22#0: *21 http args: "" server |
2025/04/30 10:49:07 [debug] 22#0: *21 http exten: "" server |
2025/04/30 10:49:07 [debug] 22#0: *21 rewrite phase: 0 server |
2025/04/30 10:49:07 [debug] 22#0: *21 test location: "/" server |
2025/04/30 10:49:07 [debug] 22#0: *21 using configuration "/" server |
2025/04/30 10:49:07 [debug] 22#0: *21 http cl:-1 max:1048576 server |
2025/04/30 10:49:07 [debug] 22#0: *21 rewrite phase: 2 server |
2025/04/30 10:49:07 [debug] 22#0: *21 post rewrite phase: 3 server |
2025/04/30 10:49:07 [debug] 22#0: *21 generic phase: 4 server |
2025/04/30 10:49:07 [debug] 22#0: *21 generic phase: 5 server |
2025/04/30 10:49:07 [debug] 22#0: *21 access phase: 6 server |
2025/04/30 10:49:07 [debug] 22#0: *21 access phase: 7 server |
2025/04/30 10:49:07 [debug] 22#0: *21 post access phase: 8 server |
2025/04/30 10:49:07 [debug] 22#0: *21 generic phase: 9 server |
2025/04/30 10:49:07 [debug] 22#0: *21 generic phase: 10 server |
2025/04/30 10:49:07 [debug] 22#0: *21 content phase: 11 server |
2025/04/30 10:49:07 [debug] 22#0: *21 content phase: 12 server |
2025/04/30 10:49:07 [debug] 22#0: *21 content phase: 13 server |
2025/04/30 10:49:07 [debug] 22#0: *21 http filename: "/www/ucwlhkzyfeiplmabhwpjujkcqlysgvzndmgiktzaksagxwaxkxnyswamarwvafklshzoixhuxydtarbrrzrqxwombvfmpacmmbtlytczleuqptxihvfyzngqcyfzlulgyrohrjnohzhlfvrhytwiomvavvfgbqpibnhrmchhzfutsqolhmhdcvdliekvzbglohshdtczjokwwdndojcprtfozfdlqchwnmgxjctevpxkhasrsfscgxwlzj" server |
2025/04/30 10:49:07 [debug] 22#0: *21 add cleanup: 0000560FACE28F38 server |
2025/04/30 10:49:07 [debug] 22#0: *21 http static fd: 3 server |
2025/04/30 10:49:07 [debug] 22#0: *21 http set discard body server |
2025/04/30 10:49:07 [debug] 22#0: *21 http output filter "/ucwlhkzyfeiplmabhwpjujkcqlysgvzndmgiktzaksagxwaxkxnyswamarwvafklshzoixhuxydtarbrrzrqxwombvfmpacmmbtlytczleuqptxihvfyzngqcyfzlulgyrohrjnohzhlfvrhytwiomvavvfgbqpibnhrmchhzfutsqolhmhdcvdliekvzbglohshdtczjokwwdndojcprtfozfdlqchwnmgxjctevpxkhasrsfscgxwlzj?" server |
2025/04/30 10:49:07 [debug] 22#0: *21 http copy filter: "/ucwlhkzyfeiplmabhwpjujkcqlysgvzndmgiktzaksagxwaxkxnyswamarwvafklshzoixhuxydtarbrrzrqxwombvfmpacmmbtlytczleuqptxihvfyzngqcyfzlulgyrohrjnohzhlfvrhytwiomvavvfgbqpibnhrmchhzfutsqolhmhdcvdliekvzbglohshdtczjokwwdndojcprtfozfdlqchwnmgxjctevpxkhasrsfscgxwlzj?" server |
2025/04/30 10:49:07 [debug] 22#0: *21 posix_memalign: 0000560FACE29120:4096 @16 server |
2025/04/30 10:49:07 [debug] 22#0: *21 read: 3, 0000560FACE290E0, 32, 0 server |
2025/04/30 10:49:07 [debug] 22#0: *21 http postpone filter "/ucwlhkzyfeiplmabhwpjujkcqlysgvzndmgiktzaksagxwaxkxnyswamarwvafklshzoixhuxydtarbrrzrqxwombvfmpacmmbtlytczleuqptxihvfyzngqcyfzlulgyrohrjnohzhlfvrhytwiomvavvfgbqpibnhrmchhzfutsqolhmhdcvdliekvzbglohshdtczjokwwdndojcprtfozfdlqchwnmgxjctevpxkhasrsfscgxwlzj?" 0000560FACE290D0 server |
2025/04/30 10:49:07 [debug] 22#0: *21 write new buf t:1 f:0 0000560FACE290E0, pos 0000560FACE290E0, size: 32 file: 0, size: 0 server |
2025/04/30 10:49:07 [debug] 22#0: *21 http write filter: l:1 f:0 s:32 server |
2025/04/30 10:49:07 [debug] 22#0: *21 http write filter limit 2097152 server |
2025/04/30 10:49:07 [debug] 22#0: *6 malloc: 0000560FACE2A130:4096 server |
2025/04/30 10:49:07 [debug] 22#0: *21 quic send_chain sent:32 server |
2025/04/30 10:49:07 [debug] 22#0: *6 quic stream id:0x38 flush limit:1048128 server |
2025/04/30 10:49:07 [debug] 22#0: *6 update posted event 0000560FACDB4248 server |
2025/04/30 10:49:07 [debug] 22#0: *6 quic stream id:0x38 flush len:32 last:0 server |
2025/04/30 10:49:07 [debug] 22#0: *21 http write filter 0000000000000000 server |
2025/04/30 10:49:07 [debug] 22#0: *21 http copy filter: 0 "/ucwlhkzyfeiplmabhwpjujkcqlysgvzndmgiktzaksagxwaxkxnyswamarwvafklshzoixhuxydtarbrrzrqxwombvfmpacmmbtlytczleuqptxihvfyzngqcyfzlulgyrohrjnohzhlfvrhytwiomvavvfgbqpibnhrmchhzfutsqolhmhdcvdliekvzbglohshdtczjokwwdndojcprtfozfdlqchwnmgxjctevpxkhasrsfscgxwlzj?" server |
2025/04/30 10:49:07 [debug] 22#0: *21 http finalize request: 0, "/ucwlhkzyfeiplmabhwpjujkcqlysgvzndmgiktzaksagxwaxkxnyswamarwvafklshzoixhuxydtarbrrzrqxwombvfmpacmmbtlytczleuqptxihvfyzngqcyfzlulgyrohrjnohzhlfvrhytwiomvavvfgbqpibnhrmchhzfutsqolhmhdcvdliekvzbglohshdtczjokwwdndojcprtfozfdlqchwnmgxjctevpxkhasrsfscgxwlzj?" a:1, c:1 server |
2025/04/30 10:49:07 [debug] 22#0: *21 http request count:1 blk:0 server |
2025/04/30 10:49:07 [debug] 22#0: *21 http close request server |
2025/04/30 10:49:07 [debug] 22#0: *21 http log handler server | 193.167.0.100 - - [30/Apr/2025:10:49:07 +0000] "GET /ucwlhkzyfeiplmabhwpjujkcqlysgvzndmgiktzaksagxwaxkxnyswamarwvafklshzoixhuxydtarbrrzrqxwombvfmpacmmbtlytczleuqptxihvfyzngqcyfzlulgyrohrjnohzhlfvrhytwiomvavvfgbqpibnhrmchhzfutsqolhmhdcvdliekvzbglohshdtczjokwwdndojcprtfozfdlqchwnmgxjctevpxkhasrsfscgxwlzj" 200 32 "-" "-" server |
2025/04/30 10:49:07 [debug] 22#0: *21 run cleanup: 0000560FACE28F38 server |
2025/04/30 10:49:07 [debug] 22#0: *21 file cleanup: fd:3 server |
2025/04/30 10:49:07 [debug] 22#0: *21 free: 0000560FACE28110, unused: 0 server |
2025/04/30 10:49:07 [debug] 22#0: *21 free: 0000560FACE29120, unused: 3501 server |
2025/04/30 10:49:07 [debug] 22#0: *21 close http connection: 6 server |
2025/04/30 10:49:07 [debug] 22#0: *21 reusable connection: 0 server |
2025/04/30 10:49:07 [debug] 22#0: *21 run cleanup: 0000560FACE01E00 server |
2025/04/30 10:49:07 [debug] 22#0: *6 event timer add: 6: 75000:457386 server |
2025/04/30 10:49:07 [debug] 22#0: *21 run cleanup: 0000560FACE01D90 server |
2025/04/30 10:49:07 [debug] 22#0: *6 quic stream id:0x38 cleanup server |
2025/04/30 10:49:07 [debug] 22#0: *6 quic stream id:0x38 send shutdown server |
2025/04/30 10:49:07 [debug] 22#0: *6 quic stream id:0x38 flush limit:1048096 server |
2025/04/30 10:49:07 [debug] 22#0: *6 posix_memalign: 0000560FACE26300:512 @16 server |
2025/04/30 10:49:07 [debug] 22#0: *6 update posted event 0000560FACDB4248 server |
2025/04/30 10:49:07 [debug] 22#0: *6 quic stream id:0x38 flush len:0 last:1 server |
2025/04/30 10:49:07 [debug] 22#0: *21 free: 0000560FACE01CD0, unused: 14952 server |
2025/04/30 10:49:07 [debug] 22#0: posted event 0000560FACDB4248 server |
2025/04/30 10:49:07 [debug] 22#0: *6 delete posted event 0000560FACDB4248 server |
2025/04/30 10:49:07 [debug] 22#0: *6 quic push handler server |
2025/04/30 10:49:07 [debug] 22#0: *6 quic output app packet max:1200 min:0 server |
2025/04/30 10:49:07 [debug] 22#0: *6 quic frame tx app:14 ACK n:0 delay:0 15-1 server |
2025/04/30 10:49:07 [debug] 22#0: *6 quic frame tx app:14 STREAM id:0x38 off:0 len:32 server |
2025/04/30 10:49:07 [debug] 22#0: *6 quic frame tx app:14 STREAM id:0x38 off:32 len:0 fin:1 server |
2025/04/30 10:49:07 [debug] 22#0: *6 quic packet tx app bytes:45 need_ack:1 number:14 encoded nl:1 trunc:0xe server |
2025/04/30 10:49:07 [debug] 22#0: *6 sendmsg: 71 of 71 server |
2025/04/30 10:49:07 [debug] 22#0: *6 quic congestion send if:2123 server |
2025/04/30 10:49:07 [debug] 22#0: *6 quic congestion send if:2123 server |
2025/04/30 10:49:07 [debug] 22#0: *6 quic congestion send if:2194 server |
2025/04/30 10:49:07 [debug] 22#0: *6 event timer: 6, old: 442375, new: 442386 server |
2025/04/30 10:49:07 [debug] 22#0: *6 event timer del: 6: 383372 server |
2025/04/30 10:49:07 [debug] 22#0: *6 quic lost timer pto:986 server |
2025/04/30 10:49:07 [debug] 22#0: *6 event timer add: 6: 986:383372 server |
2025/04/30 10:49:07 [debug] 22#0: *6 quic state: send:59989 pto:986 server |
2025/04/30 10:49:07 [debug] 22#0: worker cycle server |
2025/04/30 10:49:07 [debug] 22#0: epoll timer: 986 server |
2025/04/30 10:49:07 [debug] 22#0: epoll: fd:6 ev:0001 d:00007FC569B06108 server |
2025/04/30 10:49:07 [debug] 22#0: quic recvmsg on 0.0.0.0:443, ready: 0 server |
2025/04/30 10:49:07 [debug] 22#0: *6 quic recvmsg: fd:6 n:304 server |
2025/04/30 10:49:07 [debug] 22#0: *6 quic input handler server |
2025/04/30 10:49:07 [debug] 22#0: *6 quic packet rx long flags:d9 version:1 server |
2025/04/30 10:49:07 [debug] 22#0: *6 quic packet rx early len:279 server |
2025/04/30 10:49:07 [debug] 22#0: *6 quic packet rx dcid len:8 fdc52ceab08acb96 server |
2025/04/30 10:49:07 [debug] 22#0: *6 quic packet rx scid len:8 c53bc2bd132ca697 server |
2025/04/30 10:49:07 [debug] 22#0: *6 quic packet rx clearflags:d1 server |
2025/04/30 10:49:07 [debug] 22#0: *6 quic packet rx number:16 len:2 server |
2025/04/30 10:49:07 [debug] 22#0: *6 quic packet len:304 via sock seq:-1 path seq:0 server |
2025/04/30 10:49:07 [debug] 22#0: *6 quic path seq:0 status tx:2194 rx:5760 valid:0 st:0 mtu:1200 server |
2025/04/30 10:49:07 [debug] 22#0: *6 quic frame rx early:16 STREAM id:0x3c len:257 fin:1 server |
2025/04/30 10:49:07 [debug] 22#0: *6 quic stream id:0x3c is missing server |
2025/04/30 10:49:07 [debug] 22#0: *6 quic stream id:0x3c create server |
2025/04/30 10:49:07 [debug] 22#0: *6 posix_memalign: 0000560FACE26510:512 @16 server |
2025/04/30 10:49:07 [debug] 22#0: *6 posix_memalign: 0000560FACE01CD0:16384 @16 server |
2025/04/30 10:49:07 [debug] 22#0: *6 reusable connection: 0 server |
2025/04/30 10:49:07 [debug] 22#0: *22 add cleanup: 0000560FACE01D90 server |
2025/04/30 10:49:07 [debug] 22#0: *22 post event 0000560FACDCEAD0 server |
2025/04/30 10:49:07 [debug] 22#0: *6 quic stream id:0x3c flow control msd:257/65536 md:4112/8585216 server |
2025/04/30 10:49:07 [debug] 22#0: *6 malloc: 0000560FACE28110:4096 server |
2025/04/30 10:49:07 [debug] 22#0: *6 quic ngx_quic_ack_packet pn:16 largest 15 fr:14 nranges:0 server |
2025/04/30 10:49:07 [debug] 22#0: *6 post event 0000560FACDB4248 server |
2025/04/30 10:49:07 [debug] 22#0: *6 quic packet done rc:0 level:early decr:1 pn:16 perr:0 server |
2025/04/30 10:49:07 [debug] 22#0: *6 event timer: 6, old: 442375, new: 442387 server |
2025/04/30 10:49:07 [debug] 22#0: *6 quic state: read:59988 pto:985 server |
2025/04/30 10:49:07 [debug] 22#0: timer delta: 1 server |
2025/04/30 10:49:07 [debug] 22#0: posted event 0000560FACDCEAD0 server |
2025/04/30 10:49:07 [debug] 22#0: *22 delete posted event 0000560FACDCEAD0 server |
2025/04/30 10:49:07 [debug] 22#0: *22 quic init stream server |
2025/04/30 10:49:07 [debug] 22#0: *22 http3 init request stream server |
2025/04/30 10:49:07 [debug] 22#0: *22 add cleanup: 0000560FACE01E00 server |
2025/04/30 10:49:07 [debug] 22#0: *6 event timer del: 6: 457386 server |
2025/04/30 10:49:07 [debug] 22#0: *22 http wait request handler server |
2025/04/30 10:49:07 [debug] 22#0: *6 quic stream id:0x3c recv buf:1024 server |
2025/04/30 10:49:07 [debug] 22#0: *22 quic stream id:0x3c recv len:257 server |
2025/04/30 10:49:07 [debug] 22#0: *6 quic stream id:0x3c flow update 257 server |
2025/04/30 10:49:07 [debug] 22#0: *22 reusable connection: 0 server |
2025/04/30 10:49:07 [debug] 22#0: *22 posix_memalign: 0000560FACE29120:4096 @16 server |
2025/04/30 10:49:07 [debug] 22#0: *22 http process request line server |
2025/04/30 10:49:07 [debug] 22#0: *22 http request line: "GET /egmwplsomkkcoqqivbvuzsdkgphetggeqiorynrrnetagrevoxtipjakdnrwseeipgsmfqkvjwkkdccpbunixgvcpmqcygsycqtwsffsguwrplrkeoesxcbputxsespgjyvcsbbgwxktpjezldemsrheitjqskdchwdtusypeyfwdimohnsmrsmfbberebqyydxpvecwvacdyvkbkaxouaolcykxqvazpqralexffinrbivgxxrjaxlwjs" server |
2025/04/30 10:49:07 [debug] 22#0: *22 http uri: "/egmwplsomkkcoqqivbvuzsdkgphetggeqiorynrrnetagrevoxtipjakdnrwseeipgsmfqkvjwkkdccpbunixgvcpmqcygsycqtwsffsguwrplrkeoesxcbputxsespgjyvcsbbgwxktpjezldemsrheitjqskdchwdtusypeyfwdimohnsmrsmfbberebqyydxpvecwvacdyvkbkaxouaolcykxqvazpqralexffinrbivgxxrjaxlwjs" server |
2025/04/30 10:49:07 [debug] 22#0: *22 http args: "" server |
2025/04/30 10:49:07 [debug] 22#0: *22 http exten: "" server |
2025/04/30 10:49:07 [debug] 22#0: *22 rewrite phase: 0 server |
2025/04/30 10:49:07 [debug] 22#0: *22 test location: "/" server |
2025/04/30 10:49:07 [debug] 22#0: *22 using configuration "/" server |
2025/04/30 10:49:07 [debug] 22#0: *22 http cl:-1 max:1048576 server |
2025/04/30 10:49:07 [debug] 22#0: *22 rewrite phase: 2 server |
2025/04/30 10:49:07 [debug] 22#0: *22 post rewrite phase: 3 server |
2025/04/30 10:49:07 [debug] 22#0: *22 generic phase: 4 server |
2025/04/30 10:49:07 [debug] 22#0: *22 generic phase: 5 server |
2025/04/30 10:49:07 [debug] 22#0: *22 access phase: 6 server |
2025/04/30 10:49:07 [debug] 22#0: *22 access phase: 7 server |
2025/04/30 10:49:07 [debug] 22#0: *22 post access phase: 8 server |
2025/04/30 10:49:07 [debug] 22#0: *22 generic phase: 9 server |
2025/04/30 10:49:07 [debug] 22#0: *22 generic phase: 10 server |
2025/04/30 10:49:07 [debug] 22#0: *22 content phase: 11 server |
2025/04/30 10:49:07 [debug] 22#0: *22 content phase: 12 server |
2025/04/30 10:49:07 [debug] 22#0: *22 content phase: 13 server |
2025/04/30 10:49:07 [debug] 22#0: *22 http filename: "/www/egmwplsomkkcoqqivbvuzsdkgphetggeqiorynrrnetagrevoxtipjakdnrwseeipgsmfqkvjwkkdccpbunixgvcpmqcygsycqtwsffsguwrplrkeoesxcbputxsespgjyvcsbbgwxktpjezldemsrheitjqskdchwdtusypeyfwdimohnsmrsmfbberebqyydxpvecwvacdyvkbkaxouaolcykxqvazpqralexffinrbivgxxrjaxlwjs" server |
2025/04/30 10:49:07 [debug] 22#0: *22 add cleanup: 0000560FACE29F48 server |
2025/04/30 10:49:07 [debug] 22#0: *22 http static fd: 3 server |
2025/04/30 10:49:07 [debug] 22#0: *22 http set discard body server |
2025/04/30 10:49:07 [debug] 22#0: *22 http output filter "/egmwplsomkkcoqqivbvuzsdkgphetggeqiorynrrnetagrevoxtipjakdnrwseeipgsmfqkvjwkkdccpbunixgvcpmqcygsycqtwsffsguwrplrkeoesxcbputxsespgjyvcsbbgwxktpjezldemsrheitjqskdchwdtusypeyfwdimohnsmrsmfbberebqyydxpvecwvacdyvkbkaxouaolcykxqvazpqralexffinrbivgxxrjaxlwjs?" server |
2025/04/30 10:49:07 [debug] 22#0: *22 http copy filter: "/egmwplsomkkcoqqivbvuzsdkgphetggeqiorynrrnetagrevoxtipjakdnrwseeipgsmfqkvjwkkdccpbunixgvcpmqcygsycqtwsffsguwrplrkeoesxcbputxsespgjyvcsbbgwxktpjezldemsrheitjqskdchwdtusypeyfwdimohnsmrsmfbberebqyydxpvecwvacdyvkbkaxouaolcykxqvazpqralexffinrbivgxxrjaxlwjs?" server |
2025/04/30 10:49:07 [debug] 22#0: *22 posix_memalign: 0000560FACE2B140:4096 @16 server |
2025/04/30 10:49:07 [debug] 22#0: *22 read: 3, 0000560FACE2A0F0, 32, 0 server |
2025/04/30 10:49:07 [debug] 22#0: *22 http postpone filter "/egmwplsomkkcoqqivbvuzsdkgphetggeqiorynrrnetagrevoxtipjakdnrwseeipgsmfqkvjwkkdccpbunixgvcpmqcygsycqtwsffsguwrplrkeoesxcbputxsespgjyvcsbbgwxktpjezldemsrheitjqskdchwdtusypeyfwdimohnsmrsmfbberebqyydxpvecwvacdyvkbkaxouaolcykxqvazpqralexffinrbivgxxrjaxlwjs?" 0000560FACE2A0E0 server |
2025/04/30 10:49:07 [debug] 22#0: *22 write new buf t:1 f:0 0000560FACE2A0F0, pos 0000560FACE2A0F0, size: 32 file: 0, size: 0 server |
2025/04/30 10:49:07 [debug] 22#0: *22 http write filter: l:1 f:0 s:32 server |
2025/04/30 10:49:07 [debug] 22#0: *22 http write filter limit 2097152 server |
2025/04/30 10:49:07 [debug] 22#0: *6 malloc: 0000560FACE2C150:4096 server |
2025/04/30 10:49:07 [debug] 22#0: *22 quic send_chain sent:32 server |
2025/04/30 10:49:07 [debug] 22#0: *6 quic stream id:0x3c flush limit:1048096 server |
2025/04/30 10:49:07 [debug] 22#0: *6 posix_memalign: 0000560FACE26720:512 @16 server |
2025/04/30 10:49:07 [debug] 22#0: *6 update posted event 0000560FACDB4248 server |
2025/04/30 10:49:07 [debug] 22#0: *6 quic stream id:0x3c flush len:32 last:0 server |
2025/04/30 10:49:07 [debug] 22#0: *22 http write filter 0000000000000000 server |
2025/04/30 10:49:07 [debug] 22#0: *22 http copy filter: 0 "/egmwplsomkkcoqqivbvuzsdkgphetggeqiorynrrnetagrevoxtipjakdnrwseeipgsmfqkvjwkkdccpbunixgvcpmqcygsycqtwsffsguwrplrkeoesxcbputxsespgjyvcsbbgwxktpjezldemsrheitjqskdchwdtusypeyfwdimohnsmrsmfbberebqyydxpvecwvacdyvkbkaxouaolcykxqvazpqralexffinrbivgxxrjaxlwjs?" server |
2025/04/30 10:49:07 [debug] 22#0: *22 http finalize request: 0, "/egmwplsomkkcoqqivbvuzsdkgphetggeqiorynrrnetagrevoxtipjakdnrwseeipgsmfqkvjwkkdccpbunixgvcpmqcygsycqtwsffsguwrplrkeoesxcbputxsespgjyvcsbbgwxktpjezldemsrheitjqskdchwdtusypeyfwdimohnsmrsmfbberebqyydxpvecwvacdyvkbkaxouaolcykxqvazpqralexffinrbivgxxrjaxlwjs?" a:1, c:1 server |
2025/04/30 10:49:07 [debug] 22#0: *22 http request count:1 blk:0 server |
2025/04/30 10:49:07 [debug] 22#0: *22 http close request server |
2025/04/30 10:49:07 [debug] 22#0: *22 http log handler server | 193.167.0.100 - - [30/Apr/2025:10:49:07 +0000] "GET /egmwplsomkkcoqqivbvuzsdkgphetggeqiorynrrnetagrevoxtipjakdnrwseeipgsmfqkvjwkkdccpbunixgvcpmqcygsycqtwsffsguwrplrkeoesxcbputxsespgjyvcsbbgwxktpjezldemsrheitjqskdchwdtusypeyfwdimohnsmrsmfbberebqyydxpvecwvacdyvkbkaxouaolcykxqvazpqralexffinrbivgxxrjaxlwjs" 200 32 "-" "-" server |
2025/04/30 10:49:07 [debug] 22#0: *22 run cleanup: 0000560FACE29F48 server |
2025/04/30 10:49:07 [debug] 22#0: *22 file cleanup: fd:3 server |
2025/04/30 10:49:07 [debug] 22#0: *22 free: 0000560FACE29120, unused: 0 server |
2025/04/30 10:49:07 [debug] 22#0: *22 free: 0000560FACE2B140, unused: 3501 server |
2025/04/30 10:49:07 [debug] 22#0: *22 close http connection: 6 server |
2025/04/30 10:49:07 [debug] 22#0: *22 reusable connection: 0 server |
2025/04/30 10:49:07 [debug] 22#0: *22 run cleanup: 0000560FACE01E00 server |
2025/04/30 10:49:07 [debug] 22#0: *6 event timer add: 6: 75000:457387 server |
2025/04/30 10:49:07 [debug] 22#0: *22 run cleanup: 0000560FACE01D90 server |
2025/04/30 10:49:07 [debug] 22#0: *6 quic stream id:0x3c cleanup server |
2025/04/30 10:49:07 [debug] 22#0: *6 quic stream id:0x3c send shutdown server |
2025/04/30 10:49:07 [debug] 22#0: *6 quic stream id:0x3c flush limit:1048064 server |
2025/04/30 10:49:07 [debug] 22#0: *6 update posted event 0000560FACDB4248 server |
2025/04/30 10:49:07 [debug] 22#0: *6 quic stream id:0x3c flush len:0 last:1 server |
2025/04/30 10:49:07 [debug] 22#0: *22 free: 0000560FACE01CD0, unused: 14952 server |
2025/04/30 10:49:07 [debug] 22#0: posted event 0000560FACDB4248 server |
2025/04/30 10:49:07 [debug] 22#0: *6 delete posted event 0000560FACDB4248 server |
2025/04/30 10:49:07 [debug] 22#0: *6 quic push handler server |
2025/04/30 10:49:07 [debug] 22#0: *6 quic output app packet max:1200 min:0 server |
2025/04/30 10:49:07 [debug] 22#0: *6 quic frame tx app:15 ACK n:0 delay:0 16-1 server |
2025/04/30 10:49:07 [debug] 22#0: *6 quic frame tx app:15 STREAM id:0x3c off:0 len:32 server |
2025/04/30 10:49:07 [debug] 22#0: *6 quic frame tx app:15 STREAM id:0x3c off:32 len:0 fin:1 server |
2025/04/30 10:49:07 [debug] 22#0: *6 quic packet tx app bytes:45 need_ack:1 number:15 encoded nl:1 trunc:0xf server |
2025/04/30 10:49:07 [debug] 22#0: *6 sendmsg: 71 of 71 server |
2025/04/30 10:49:07 [debug] 22#0: *6 quic congestion send if:2194 server |
2025/04/30 10:49:07 [debug] 22#0: *6 quic congestion send if:2194 server |
2025/04/30 10:49:07 [debug] 22#0: *6 quic congestion send if:2265 server |
2025/04/30 10:49:07 [debug] 22#0: *6 event timer: 6, old: 442375, new: 442387 server |
2025/04/30 10:49:07 [debug] 22#0: *6 event timer del: 6: 383372 server |
2025/04/30 10:49:07 [debug] 22#0: *6 quic lost timer pto:985 server |
2025/04/30 10:49:07 [debug] 22#0: *6 event timer add: 6: 985:383372 server |
2025/04/30 10:49:07 [debug] 22#0: *6 quic state: send:59988 pto:985 server |
2025/04/30 10:49:07 [debug] 22#0: worker cycle server |
2025/04/30 10:49:07 [debug] 22#0: epoll timer: 985 server |
2025/04/30 10:49:07 [debug] 22#0: epoll: fd:6 ev:0001 d:00007FC569B06108 server |
2025/04/30 10:49:07 [debug] 22#0: quic recvmsg on 0.0.0.0:443, ready: 0 server |
2025/04/30 10:49:07 [debug] 22#0: *6 quic recvmsg: fd:6 n:305 server |
2025/04/30 10:49:07 [debug] 22#0: *6 quic input handler server |
2025/04/30 10:49:07 [debug] 22#0: *6 quic packet rx long flags:d6 version:1 server |
2025/04/30 10:49:07 [debug] 22#0: *6 quic packet rx early len:280 server |
2025/04/30 10:49:07 [debug] 22#0: *6 quic packet rx dcid len:8 fdc52ceab08acb96 server |
2025/04/30 10:49:07 [debug] 22#0: *6 quic packet rx scid len:8 c53bc2bd132ca697 server |
2025/04/30 10:49:07 [debug] 22#0: *6 quic packet rx clearflags:d1 server |
2025/04/30 10:49:07 [debug] 22#0: *6 quic packet rx number:17 len:2 server |
2025/04/30 10:49:07 [debug] 22#0: *6 quic packet len:305 via sock seq:-1 path seq:0 server |
2025/04/30 10:49:07 [debug] 22#0: *6 quic path seq:0 status tx:2265 rx:6065 valid:0 st:0 mtu:1200 server |
2025/04/30 10:49:07 [debug] 22#0: *6 quic frame rx early:17 STREAM id:0x40 len:257 fin:1 server |
2025/04/30 10:49:07 [debug] 22#0: *6 quic stream id:0x40 is missing server |
2025/04/30 10:49:07 [debug] 22#0: *6 quic stream id:0x40 create server |
2025/04/30 10:49:07 [debug] 22#0: *6 posix_memalign: 0000560FACE26930:512 @16 server |
2025/04/30 10:49:07 [debug] 22#0: *6 posix_memalign: 0000560FACE01CD0:16384 @16 server |
2025/04/30 10:49:07 [debug] 22#0: *6 reusable connection: 0 server |
2025/04/30 10:49:07 [debug] 22#0: *23 add cleanup: 0000560FACE01D90 server |
2025/04/30 10:49:07 [debug] 22#0: *23 post event 0000560FACDCEAD0 server |
2025/04/30 10:49:07 [debug] 22#0: *6 quic stream id:0x40 flow control msd:257/65536 md:4369/8585216 server |
2025/04/30 10:49:07 [debug] 22#0: *6 malloc: 0000560FACE2B140:4096 server |
2025/04/30 10:49:07 [debug] 22#0: *6 quic ngx_quic_ack_packet pn:17 largest 16 fr:15 nranges:0 server |
2025/04/30 10:49:07 [debug] 22#0: *6 post event 0000560FACDB4248 server |
2025/04/30 10:49:07 [debug] 22#0: *6 quic packet done rc:0 level:early decr:1 pn:17 perr:0 server |
2025/04/30 10:49:07 [debug] 22#0: *6 event timer: 6, old: 442375, new: 442387 server |
2025/04/30 10:49:07 [debug] 22#0: *6 quic state: read:59988 pto:985 server |
2025/04/30 10:49:07 [debug] 22#0: timer delta: 0 server |
2025/04/30 10:49:07 [debug] 22#0: posted event 0000560FACDCEAD0 server |
2025/04/30 10:49:07 [debug] 22#0: *23 delete posted event 0000560FACDCEAD0 server |
2025/04/30 10:49:07 [debug] 22#0: *23 quic init stream server |
2025/04/30 10:49:07 [debug] 22#0: *23 http3 init request stream server |
2025/04/30 10:49:07 [debug] 22#0: *23 add cleanup: 0000560FACE01E00 server |
2025/04/30 10:49:07 [debug] 22#0: *6 event timer del: 6: 457387 server |
2025/04/30 10:49:07 [debug] 22#0: *23 http wait request handler server |
2025/04/30 10:49:07 [debug] 22#0: *6 quic stream id:0x40 recv buf:1024 server |
2025/04/30 10:49:07 [debug] 22#0: *23 quic stream id:0x40 recv len:257 server |
2025/04/30 10:49:07 [debug] 22#0: *6 quic stream id:0x40 flow update 257 server |
2025/04/30 10:49:07 [debug] 22#0: *23 reusable connection: 0 server |
2025/04/30 10:49:07 [debug] 22#0: *23 posix_memalign: 0000560FACE29120:4096 @16 server |
2025/04/30 10:49:07 [debug] 22#0: *23 http process request line server |
2025/04/30 10:49:07 [debug] 22#0: *23 http request line: "GET /jphapfxkrhjkwbvgasnmdeaqzfailjwndtcpwlbcvoeyvkumsxacohercurwymoiwnpdlixrsrakdhutbgdptkmiigbtceommsvflkizaakulrvgdqrsnxwtdaizgrsnkjignsdjardlwlriyktblberidgcxnergtlqjeysfynuftxcvqpoksxjulzqzevgwwcgupcerorfiydnzzqnzopohcqwduliiyamscwtmmudktopbynizvadul" server |
2025/04/30 10:49:07 [debug] 22#0: *23 http uri: "/jphapfxkrhjkwbvgasnmdeaqzfailjwndtcpwlbcvoeyvkumsxacohercurwymoiwnpdlixrsrakdhutbgdptkmiigbtceommsvflkizaakulrvgdqrsnxwtdaizgrsnkjignsdjardlwlriyktblberidgcxnergtlqjeysfynuftxcvqpoksxjulzqzevgwwcgupcerorfiydnzzqnzopohcqwduliiyamscwtmmudktopbynizvadul" server |
2025/04/30 10:49:07 [debug] 22#0: *23 http args: "" server |
2025/04/30 10:49:07 [debug] 22#0: *23 http exten: "" server |
2025/04/30 10:49:07 [debug] 22#0: *23 rewrite phase: 0 server |
2025/04/30 10:49:07 [debug] 22#0: *23 test location: "/" server |
2025/04/30 10:49:07 [debug] 22#0: *23 using configuration "/" server |
2025/04/30 10:49:07 [debug] 22#0: *23 http cl:-1 max:1048576 server |
2025/04/30 10:49:07 [debug] 22#0: *23 rewrite phase: 2 server |
2025/04/30 10:49:07 [debug] 22#0: *23 post rewrite phase: 3 server |
2025/04/30 10:49:07 [debug] 22#0: *23 generic phase: 4 server |
2025/04/30 10:49:07 [debug] 22#0: *23 generic phase: 5 server |
2025/04/30 10:49:07 [debug] 22#0: *23 access phase: 6 server |
2025/04/30 10:49:07 [debug] 22#0: *23 access phase: 7 server |
2025/04/30 10:49:07 [debug] 22#0: *23 post access phase: 8 server |
2025/04/30 10:49:07 [debug] 22#0: *23 generic phase: 9 server |
2025/04/30 10:49:07 [debug] 22#0: *23 generic phase: 10 server |
2025/04/30 10:49:07 [debug] 22#0: *23 content phase: 11 server |
2025/04/30 10:49:07 [debug] 22#0: *23 content phase: 12 server |
2025/04/30 10:49:07 [debug] 22#0: *23 content phase: 13 server |
2025/04/30 10:49:07 [debug] 22#0: *23 http filename: "/www/jphapfxkrhjkwbvgasnmdeaqzfailjwndtcpwlbcvoeyvkumsxacohercurwymoiwnpdlixrsrakdhutbgdptkmiigbtceommsvflkizaakulrvgdqrsnxwtdaizgrsnkjignsdjardlwlriyktblberidgcxnergtlqjeysfynuftxcvqpoksxjulzqzevgwwcgupcerorfiydnzzqnzopohcqwduliiyamscwtmmudktopbynizvadul" server |
2025/04/30 10:49:07 [debug] 22#0: *23 add cleanup: 0000560FACE29F48 server |
2025/04/30 10:49:07 [debug] 22#0: *23 http static fd: 3 server |
2025/04/30 10:49:07 [debug] 22#0: *23 http set discard body server |
2025/04/30 10:49:07 [debug] 22#0: *23 http output filter "/jphapfxkrhjkwbvgasnmdeaqzfailjwndtcpwlbcvoeyvkumsxacohercurwymoiwnpdlixrsrakdhutbgdptkmiigbtceommsvflkizaakulrvgdqrsnxwtdaizgrsnkjignsdjardlwlriyktblberidgcxnergtlqjeysfynuftxcvqpoksxjulzqzevgwwcgupcerorfiydnzzqnzopohcqwduliiyamscwtmmudktopbynizvadul?" server |
2025/04/30 10:49:07 [debug] 22#0: *23 http copy filter: "/jphapfxkrhjkwbvgasnmdeaqzfailjwndtcpwlbcvoeyvkumsxacohercurwymoiwnpdlixrsrakdhutbgdptkmiigbtceommsvflkizaakulrvgdqrsnxwtdaizgrsnkjignsdjardlwlriyktblberidgcxnergtlqjeysfynuftxcvqpoksxjulzqzevgwwcgupcerorfiydnzzqnzopohcqwduliiyamscwtmmudktopbynizvadul?" server |
2025/04/30 10:49:07 [debug] 22#0: *23 posix_memalign: 0000560FACE2D160:4096 @16 server |
2025/04/30 10:49:07 [debug] 22#0: *23 read: 3, 0000560FACE2A0F0, 32, 0 server |
2025/04/30 10:49:07 [debug] 22#0: *23 http postpone filter "/jphapfxkrhjkwbvgasnmdeaqzfailjwndtcpwlbcvoeyvkumsxacohercurwymoiwnpdlixrsrakdhutbgdptkmiigbtceommsvflkizaakulrvgdqrsnxwtdaizgrsnkjignsdjardlwlriyktblberidgcxnergtlqjeysfynuftxcvqpoksxjulzqzevgwwcgupcerorfiydnzzqnzopohcqwduliiyamscwtmmudktopbynizvadul?" 0000560FACE2A0E0 server |
2025/04/30 10:49:07 [debug] 22#0: *23 write new buf t:1 f:0 0000560FACE2A0F0, pos 0000560FACE2A0F0, size: 32 file: 0, size: 0 server |
2025/04/30 10:49:07 [debug] 22#0: *23 http write filter: l:1 f:0 s:32 server |
2025/04/30 10:49:07 [debug] 22#0: *23 http write filter limit 2097152 server |
2025/04/30 10:49:07 [debug] 22#0: *6 malloc: 0000560FACE2E170:4096 server |
2025/04/30 10:49:07 [debug] 22#0: *6 posix_memalign: 0000560FACE26B40:512 @16 server |
2025/04/30 10:49:07 [debug] 22#0: *23 quic send_chain sent:32 server |
2025/04/30 10:49:07 [debug] 22#0: *6 quic stream id:0x40 flush limit:1048064 server |
2025/04/30 10:49:07 [debug] 22#0: *6 update posted event 0000560FACDB4248 server |
2025/04/30 10:49:07 [debug] 22#0: *6 quic stream id:0x40 flush len:32 last:0 server |
2025/04/30 10:49:07 [debug] 22#0: *23 http write filter 0000000000000000 server |
2025/04/30 10:49:07 [debug] 22#0: *23 http copy filter: 0 "/jphapfxkrhjkwbvgasnmdeaqzfailjwndtcpwlbcvoeyvkumsxacohercurwymoiwnpdlixrsrakdhutbgdptkmiigbtceommsvflkizaakulrvgdqrsnxwtdaizgrsnkjignsdjardlwlriyktblberidgcxnergtlqjeysfynuftxcvqpoksxjulzqzevgwwcgupcerorfiydnzzqnzopohcqwduliiyamscwtmmudktopbynizvadul?" server |
2025/04/30 10:49:07 [debug] 22#0: *23 http finalize request: 0, "/jphapfxkrhjkwbvgasnmdeaqzfailjwndtcpwlbcvoeyvkumsxacohercurwymoiwnpdlixrsrakdhutbgdptkmiigbtceommsvflkizaakulrvgdqrsnxwtdaizgrsnkjignsdjardlwlriyktblberidgcxnergtlqjeysfynuftxcvqpoksxjulzqzevgwwcgupcerorfiydnzzqnzopohcqwduliiyamscwtmmudktopbynizvadul?" a:1, c:1 server |
2025/04/30 10:49:07 [debug] 22#0: *23 http request count:1 blk:0 server |
2025/04/30 10:49:07 [debug] 22#0: *23 http close request server |
2025/04/30 10:49:07 [debug] 22#0: *23 http log handler server | 193.167.0.100 - - [30/Apr/2025:10:49:07 +0000] "GET /jphapfxkrhjkwbvgasnmdeaqzfailjwndtcpwlbcvoeyvkumsxacohercurwymoiwnpdlixrsrakdhutbgdptkmiigbtceommsvflkizaakulrvgdqrsnxwtdaizgrsnkjignsdjardlwlriyktblberidgcxnergtlqjeysfynuftxcvqpoksxjulzqzevgwwcgupcerorfiydnzzqnzopohcqwduliiyamscwtmmudktopbynizvadul" 200 32 "-" "-" server |
2025/04/30 10:49:07 [debug] 22#0: *23 run cleanup: 0000560FACE29F48 server |
2025/04/30 10:49:07 [debug] 22#0: *23 file cleanup: fd:3 server |
2025/04/30 10:49:07 [debug] 22#0: *23 free: 0000560FACE29120, unused: 0 server |
2025/04/30 10:49:07 [debug] 22#0: *23 free: 0000560FACE2D160, unused: 3501 server |
2025/04/30 10:49:07 [debug] 22#0: *23 close http connection: 6 server |
2025/04/30 10:49:07 [debug] 22#0: *23 reusable connection: 0 server |
2025/04/30 10:49:07 [debug] 22#0: *23 run cleanup: 0000560FACE01E00 server |
2025/04/30 10:49:07 [debug] 22#0: *6 event timer add: 6: 75000:457387 server |
2025/04/30 10:49:07 [debug] 22#0: *23 run cleanup: 0000560FACE01D90 server |
2025/04/30 10:49:07 [debug] 22#0: *6 quic stream id:0x40 cleanup server |
2025/04/30 10:49:07 [debug] 22#0: *6 quic stream id:0x40 send shutdown server |
2025/04/30 10:49:07 [debug] 22#0: *6 quic stream id:0x40 flush limit:1048032 server |
2025/04/30 10:49:07 [debug] 22#0: *6 update posted event 0000560FACDB4248 server |
2025/04/30 10:49:07 [debug] 22#0: *6 quic stream id:0x40 flush len:0 last:1 server |
2025/04/30 10:49:07 [debug] 22#0: *23 free: 0000560FACE01CD0, unused: 14952 server |
2025/04/30 10:49:07 [debug] 22#0: posted event 0000560FACDB4248 server |
2025/04/30 10:49:07 [debug] 22#0: *6 delete posted event 0000560FACDB4248 server |
2025/04/30 10:49:07 [debug] 22#0: *6 quic push handler server |
2025/04/30 10:49:07 [debug] 22#0: *6 posix_memalign: 0000560FACE2D160:512 @16 server |
2025/04/30 10:49:07 [debug] 22#0: *6 quic output app packet max:1200 min:0 server |
2025/04/30 10:49:07 [debug] 22#0: *6 quic frame tx app:16 ACK n:0 delay:0 17-1 server |
2025/04/30 10:49:07 [debug] 22#0: *6 quic frame tx app:16 STREAM id:0x40 off:0 len:32 server |
2025/04/30 10:49:07 [debug] 22#0: *6 quic frame tx app:16 STREAM id:0x40 off:32 len:0 fin:1 server |
2025/04/30 10:49:07 [debug] 22#0: *6 quic packet tx app bytes:47 need_ack:1 number:16 encoded nl:1 trunc:0x10 server |
2025/04/30 10:49:07 [debug] 22#0: *6 sendmsg: 73 of 73 server |
2025/04/30 10:49:07 [debug] 22#0: *6 quic congestion send if:2265 server |
2025/04/30 10:49:07 [debug] 22#0: *6 quic congestion send if:2265 server |
2025/04/30 10:49:07 [debug] 22#0: *6 quic congestion send if:2338 server |
2025/04/30 10:49:07 [debug] 22#0: *6 event timer: 6, old: 442375, new: 442387 server |
2025/04/30 10:49:07 [debug] 22#0: *6 event timer del: 6: 383372 server |
2025/04/30 10:49:07 [debug] 22#0: *6 quic lost timer pto:985 server |
2025/04/30 10:49:07 [debug] 22#0: *6 event timer add: 6: 985:383372 server |
2025/04/30 10:49:07 [debug] 22#0: *6 quic state: send:59988 pto:985 server |
2025/04/30 10:49:07 [debug] 22#0: worker cycle server |
2025/04/30 10:49:07 [debug] 22#0: epoll timer: 985 server |
2025/04/30 10:49:07 [debug] 22#0: epoll: fd:6 ev:0001 d:00007FC569B06108 server |
2025/04/30 10:49:07 [debug] 22#0: quic recvmsg on 0.0.0.0:443, ready: 0 server |
2025/04/30 10:49:07 [debug] 22#0: *6 quic recvmsg: fd:6 n:305 server |
2025/04/30 10:49:07 [debug] 22#0: *6 quic input handler server |
2025/04/30 10:49:07 [debug] 22#0: *6 quic packet rx long flags:dd version:1 server |
2025/04/30 10:49:07 [debug] 22#0: *6 quic packet rx early len:280 server |
2025/04/30 10:49:07 [debug] 22#0: *6 quic packet rx dcid len:8 fdc52ceab08acb96 server |
2025/04/30 10:49:07 [debug] 22#0: *6 quic packet rx scid len:8 c53bc2bd132ca697 server |
2025/04/30 10:49:07 [debug] 22#0: *6 quic packet rx clearflags:d1 server |
2025/04/30 10:49:07 [debug] 22#0: *6 quic packet rx number:18 len:2 server |
2025/04/30 10:49:07 [debug] 22#0: *6 quic packet len:305 via sock seq:-1 path seq:0 server |
2025/04/30 10:49:07 [debug] 22#0: *6 quic path seq:0 status tx:2338 rx:6370 valid:0 st:0 mtu:1200 server |
2025/04/30 10:49:07 [debug] 22#0: *6 quic frame rx early:18 STREAM id:0x44 len:257 fin:1 server |
2025/04/30 10:49:07 [debug] 22#0: *6 quic stream id:0x44 is missing server |
2025/04/30 10:49:07 [debug] 22#0: *6 quic stream id:0x44 create server |
2025/04/30 10:49:07 [debug] 22#0: *6 posix_memalign: 0000560FACE01CD0:16384 @16 server |
2025/04/30 10:49:07 [debug] 22#0: *6 reusable connection: 0 server |
2025/04/30 10:49:07 [debug] 22#0: *24 add cleanup: 0000560FACE01D90 server |
2025/04/30 10:49:07 [debug] 22#0: *24 post event 0000560FACDCEAD0 server |
2025/04/30 10:49:07 [debug] 22#0: *6 quic stream id:0x44 flow control msd:257/65536 md:4626/8585216 server |
2025/04/30 10:49:07 [debug] 22#0: *6 malloc: 0000560FACE29120:4096 server |
2025/04/30 10:49:07 [debug] 22#0: *6 quic ngx_quic_ack_packet pn:18 largest 17 fr:16 nranges:0 server |
2025/04/30 10:49:07 [debug] 22#0: *6 post event 0000560FACDB4248 server |
2025/04/30 10:49:07 [debug] 22#0: *6 quic packet done rc:0 level:early decr:1 pn:18 perr:0 server |
2025/04/30 10:49:07 [debug] 22#0: *6 event timer: 6, old: 442375, new: 442388 server |
2025/04/30 10:49:07 [debug] 22#0: *6 quic state: read:59987 pto:984 server |
2025/04/30 10:49:07 [debug] 22#0: timer delta: 1 server |
2025/04/30 10:49:07 [debug] 22#0: posted event 0000560FACDCEAD0 server |
2025/04/30 10:49:07 [debug] 22#0: *24 delete posted event 0000560FACDCEAD0 server |
2025/04/30 10:49:07 [debug] 22#0: *24 quic init stream server |
2025/04/30 10:49:07 [debug] 22#0: *24 http3 init request stream server |
2025/04/30 10:49:07 [debug] 22#0: *24 add cleanup: 0000560FACE01E00 server |
2025/04/30 10:49:07 [debug] 22#0: *6 event timer del: 6: 457387 server |
2025/04/30 10:49:07 [debug] 22#0: *24 http wait request handler server |
2025/04/30 10:49:07 [debug] 22#0: *6 quic stream id:0x44 recv buf:1024 server |
2025/04/30 10:49:07 [debug] 22#0: *24 quic stream id:0x44 recv len:257 server |
2025/04/30 10:49:07 [debug] 22#0: *6 quic stream id:0x44 flow update 257 server |
2025/04/30 10:49:07 [debug] 22#0: *24 reusable connection: 0 server |
2025/04/30 10:49:07 [debug] 22#0: *24 posix_memalign: 0000560FACE2F180:4096 @16 server |
2025/04/30 10:49:07 [debug] 22#0: *24 http process request line server |
2025/04/30 10:49:07 [debug] 22#0: *24 http request line: "GET /ayweywpytgbrmbrcysedctozrfpgeutmmdrwotsewqjktotrpqjefsgpjgbzbimrfpixoctvdjxhpjsxgxvxupdplikgqeozxsfzgkwnrxkhebgabkjyeqhjycmaszdsupcbqzsjhlkheqpifcobhudsigqrymxpkndlurfffmmyfpkirzpovqdsilmakziqvciwifpeedbrgkdkuzacglygkaylvycadkjgglcfeakbgaucgbtyieuxvk" server |
2025/04/30 10:49:07 [debug] 22#0: *24 http uri: "/ayweywpytgbrmbrcysedctozrfpgeutmmdrwotsewqjktotrpqjefsgpjgbzbimrfpixoctvdjxhpjsxgxvxupdplikgqeozxsfzgkwnrxkhebgabkjyeqhjycmaszdsupcbqzsjhlkheqpifcobhudsigqrymxpkndlurfffmmyfpkirzpovqdsilmakziqvciwifpeedbrgkdkuzacglygkaylvycadkjgglcfeakbgaucgbtyieuxvk" server |
2025/04/30 10:49:07 [debug] 22#0: *24 http args: "" server |
2025/04/30 10:49:07 [debug] 22#0: *24 http exten: "" server |
2025/04/30 10:49:07 [debug] 22#0: *24 rewrite phase: 0 server |
2025/04/30 10:49:07 [debug] 22#0: *24 test location: "/" server |
2025/04/30 10:49:07 [debug] 22#0: *24 using configuration "/" server |
2025/04/30 10:49:07 [debug] 22#0: *24 http cl:-1 max:1048576 server |
2025/04/30 10:49:07 [debug] 22#0: *24 rewrite phase: 2 server |
2025/04/30 10:49:07 [debug] 22#0: *24 post rewrite phase: 3 server |
2025/04/30 10:49:07 [debug] 22#0: *24 generic phase: 4 server |
2025/04/30 10:49:07 [debug] 22#0: *24 generic phase: 5 server |
2025/04/30 10:49:07 [debug] 22#0: *24 access phase: 6 server |
2025/04/30 10:49:07 [debug] 22#0: *24 access phase: 7 server |
2025/04/30 10:49:07 [debug] 22#0: *24 post access phase: 8 server |
2025/04/30 10:49:07 [debug] 22#0: *24 generic phase: 9 server |
2025/04/30 10:49:07 [debug] 22#0: *24 generic phase: 10 server |
2025/04/30 10:49:07 [debug] 22#0: *24 content phase: 11 server |
2025/04/30 10:49:07 [debug] 22#0: *24 content phase: 12 server |
2025/04/30 10:49:07 [debug] 22#0: *24 content phase: 13 server |
2025/04/30 10:49:07 [debug] 22#0: *24 http filename: "/www/ayweywpytgbrmbrcysedctozrfpgeutmmdrwotsewqjktotrpqjefsgpjgbzbimrfpixoctvdjxhpjsxgxvxupdplikgqeozxsfzgkwnrxkhebgabkjyeqhjycmaszdsupcbqzsjhlkheqpifcobhudsigqrymxpkndlurfffmmyfpkirzpovqdsilmakziqvciwifpeedbrgkdkuzacglygkaylvycadkjgglcfeakbgaucgbtyieuxvk" server |
2025/04/30 10:49:07 [debug] 22#0: *24 add cleanup: 0000560FACE2FFA8 server |
2025/04/30 10:49:07 [debug] 22#0: *24 http static fd: 3 server |
2025/04/30 10:49:07 [debug] 22#0: *24 http set discard body server |
2025/04/30 10:49:07 [debug] 22#0: *24 http output filter "/ayweywpytgbrmbrcysedctozrfpgeutmmdrwotsewqjktotrpqjefsgpjgbzbimrfpixoctvdjxhpjsxgxvxupdplikgqeozxsfzgkwnrxkhebgabkjyeqhjycmaszdsupcbqzsjhlkheqpifcobhudsigqrymxpkndlurfffmmyfpkirzpovqdsilmakziqvciwifpeedbrgkdkuzacglygkaylvycadkjgglcfeakbgaucgbtyieuxvk?" server |
2025/04/30 10:49:07 [debug] 22#0: *24 http copy filter: "/ayweywpytgbrmbrcysedctozrfpgeutmmdrwotsewqjktotrpqjefsgpjgbzbimrfpixoctvdjxhpjsxgxvxupdplikgqeozxsfzgkwnrxkhebgabkjyeqhjycmaszdsupcbqzsjhlkheqpifcobhudsigqrymxpkndlurfffmmyfpkirzpovqdsilmakziqvciwifpeedbrgkdkuzacglygkaylvycadkjgglcfeakbgaucgbtyieuxvk?" server |
2025/04/30 10:49:07 [debug] 22#0: *24 posix_memalign: 0000560FACE30190:4096 @16 server |
2025/04/30 10:49:07 [debug] 22#0: *24 read: 3, 0000560FACE30150, 32, 0 server |
2025/04/30 10:49:07 [debug] 22#0: *24 http postpone filter "/ayweywpytgbrmbrcysedctozrfpgeutmmdrwotsewqjktotrpqjefsgpjgbzbimrfpixoctvdjxhpjsxgxvxupdplikgqeozxsfzgkwnrxkhebgabkjyeqhjycmaszdsupcbqzsjhlkheqpifcobhudsigqrymxpkndlurfffmmyfpkirzpovqdsilmakziqvciwifpeedbrgkdkuzacglygkaylvycadkjgglcfeakbgaucgbtyieuxvk?" 0000560FACE30140 server |
2025/04/30 10:49:07 [debug] 22#0: *24 write new buf t:1 f:0 0000560FACE30150, pos 0000560FACE30150, size: 32 file: 0, size: 0 server |
2025/04/30 10:49:07 [debug] 22#0: *24 http write filter: l:1 f:0 s:32 server |
2025/04/30 10:49:07 [debug] 22#0: *24 http write filter limit 2097152 server |
2025/04/30 10:49:07 [debug] 22#0: *6 posix_memalign: 0000560FACE2D370:512 @16 server |
2025/04/30 10:49:07 [debug] 22#0: *6 malloc: 0000560FACE311A0:4096 server |
2025/04/30 10:49:07 [debug] 22#0: *24 quic send_chain sent:32 server |
2025/04/30 10:49:07 [debug] 22#0: *6 quic stream id:0x44 flush limit:1048032 server |
2025/04/30 10:49:07 [debug] 22#0: *6 update posted event 0000560FACDB4248 server |
2025/04/30 10:49:07 [debug] 22#0: *6 quic stream id:0x44 flush len:32 last:0 server |
2025/04/30 10:49:07 [debug] 22#0: *24 http write filter 0000000000000000 server |
2025/04/30 10:49:07 [debug] 22#0: *24 http copy filter: 0 "/ayweywpytgbrmbrcysedctozrfpgeutmmdrwotsewqjktotrpqjefsgpjgbzbimrfpixoctvdjxhpjsxgxvxupdplikgqeozxsfzgkwnrxkhebgabkjyeqhjycmaszdsupcbqzsjhlkheqpifcobhudsigqrymxpkndlurfffmmyfpkirzpovqdsilmakziqvciwifpeedbrgkdkuzacglygkaylvycadkjgglcfeakbgaucgbtyieuxvk?" server |
2025/04/30 10:49:07 [debug] 22#0: *24 http finalize request: 0, "/ayweywpytgbrmbrcysedctozrfpgeutmmdrwotsewqjktotrpqjefsgpjgbzbimrfpixoctvdjxhpjsxgxvxupdplikgqeozxsfzgkwnrxkhebgabkjyeqhjycmaszdsupcbqzsjhlkheqpifcobhudsigqrymxpkndlurfffmmyfpkirzpovqdsilmakziqvciwifpeedbrgkdkuzacglygkaylvycadkjgglcfeakbgaucgbtyieuxvk?" a:1, c:1 server |
2025/04/30 10:49:07 [debug] 22#0: *24 http request count:1 blk:0 server |
2025/04/30 10:49:07 [debug] 22#0: *24 http close request server |
2025/04/30 10:49:07 [debug] 22#0: *24 http log handler server | 193.167.0.100 - - [30/Apr/2025:10:49:07 +0000] "GET /ayweywpytgbrmbrcysedctozrfpgeutmmdrwotsewqjktotrpqjefsgpjgbzbimrfpixoctvdjxhpjsxgxvxupdplikgqeozxsfzgkwnrxkhebgabkjyeqhjycmaszdsupcbqzsjhlkheqpifcobhudsigqrymxpkndlurfffmmyfpkirzpovqdsilmakziqvciwifpeedbrgkdkuzacglygkaylvycadkjgglcfeakbgaucgbtyieuxvk" 200 32 "-" "-" server |
2025/04/30 10:49:07 [debug] 22#0: *24 run cleanup: 0000560FACE2FFA8 server |
2025/04/30 10:49:07 [debug] 22#0: *24 file cleanup: fd:3 server |
2025/04/30 10:49:07 [debug] 22#0: *24 free: 0000560FACE2F180, unused: 0 server |
2025/04/30 10:49:07 [debug] 22#0: *24 free: 0000560FACE30190, unused: 3501 server |
2025/04/30 10:49:07 [debug] 22#0: *24 close http connection: 6 server |
2025/04/30 10:49:07 [debug] 22#0: *24 reusable connection: 0 server |
2025/04/30 10:49:07 [debug] 22#0: *24 run cleanup: 0000560FACE01E00 server |
2025/04/30 10:49:07 [debug] 22#0: *6 event timer add: 6: 75000:457388 server |
2025/04/30 10:49:07 [debug] 22#0: *24 run cleanup: 0000560FACE01D90 server |
2025/04/30 10:49:07 [debug] 22#0: *6 quic stream id:0x44 cleanup server |
2025/04/30 10:49:07 [debug] 22#0: *6 quic stream id:0x44 send shutdown server |
2025/04/30 10:49:07 [debug] 22#0: *6 quic stream id:0x44 flush limit:1048000 server |
2025/04/30 10:49:07 [debug] 22#0: *6 update posted event 0000560FACDB4248 server |
2025/04/30 10:49:07 [debug] 22#0: *6 quic stream id:0x44 flush len:0 last:1 server |
2025/04/30 10:49:07 [debug] 22#0: *24 free: 0000560FACE01CD0, unused: 14952 server |
2025/04/30 10:49:07 [debug] 22#0: posted event 0000560FACDB4248 server |
2025/04/30 10:49:07 [debug] 22#0: *6 delete posted event 0000560FACDB4248 server |
2025/04/30 10:49:07 [debug] 22#0: *6 quic push handler server |
2025/04/30 10:49:07 [debug] 22#0: *6 posix_memalign: 0000560FACE2D580:512 @16 server |
2025/04/30 10:49:07 [debug] 22#0: *6 quic output app packet max:1200 min:0 server |
2025/04/30 10:49:07 [debug] 22#0: *6 quic frame tx app:17 ACK n:0 delay:0 18-1 server |
2025/04/30 10:49:07 [debug] 22#0: *6 quic frame tx app:17 STREAM id:0x44 off:0 len:32 server |
2025/04/30 10:49:07 [debug] 22#0: *6 quic frame tx app:17 STREAM id:0x44 off:32 len:0 fin:1 server |
2025/04/30 10:49:07 [debug] 22#0: *6 quic packet tx app bytes:47 need_ack:1 number:17 encoded nl:1 trunc:0x11 server |
2025/04/30 10:49:07 [debug] 22#0: *6 sendmsg: 73 of 73 server |
2025/04/30 10:49:07 [debug] 22#0: *6 quic congestion send if:2338 server |
2025/04/30 10:49:07 [debug] 22#0: *6 quic congestion send if:2338 server |
2025/04/30 10:49:07 [debug] 22#0: *6 quic congestion send if:2411 server |
2025/04/30 10:49:07 [debug] 22#0: *6 event timer: 6, old: 442375, new: 442388 server |
2025/04/30 10:49:07 [debug] 22#0: *6 event timer del: 6: 383372 server |
2025/04/30 10:49:07 [debug] 22#0: *6 quic lost timer pto:984 server |
2025/04/30 10:49:07 [debug] 22#0: *6 event timer add: 6: 984:383372 server |
2025/04/30 10:49:07 [debug] 22#0: *6 quic state: send:59987 pto:984 server |
2025/04/30 10:49:07 [debug] 22#0: worker cycle server |
2025/04/30 10:49:07 [debug] 22#0: epoll timer: 984 server |
2025/04/30 10:49:07 [debug] 22#0: epoll: fd:6 ev:0001 d:00007FC569B06108 server |
2025/04/30 10:49:07 [debug] 22#0: quic recvmsg on 0.0.0.0:443, ready: 0 server |
2025/04/30 10:49:07 [debug] 22#0: *6 quic recvmsg: fd:6 n:305 server |
2025/04/30 10:49:07 [debug] 22#0: *6 quic input handler server |
2025/04/30 10:49:07 [debug] 22#0: *6 quic packet rx long flags:df version:1 server |
2025/04/30 10:49:07 [debug] 22#0: *6 quic packet rx early len:280 server |
2025/04/30 10:49:07 [debug] 22#0: *6 quic packet rx dcid len:8 fdc52ceab08acb96 server |
2025/04/30 10:49:07 [debug] 22#0: *6 quic packet rx scid len:8 c53bc2bd132ca697 server |
2025/04/30 10:49:07 [debug] 22#0: *6 quic packet rx clearflags:d1 server |
2025/04/30 10:49:07 [debug] 22#0: *6 quic packet rx number:19 len:2 server |
2025/04/30 10:49:07 [debug] 22#0: *6 quic packet len:305 via sock seq:-1 path seq:0 server |
2025/04/30 10:49:07 [debug] 22#0: *6 quic path seq:0 status tx:2411 rx:6675 valid:0 st:0 mtu:1200 server |
2025/04/30 10:49:07 [debug] 22#0: *6 quic frame rx early:19 STREAM id:0x48 len:257 fin:1 server |
2025/04/30 10:49:07 [debug] 22#0: *6 quic stream id:0x48 is missing server |
2025/04/30 10:49:07 [debug] 22#0: *6 quic stream id:0x48 create server |
2025/04/30 10:49:07 [debug] 22#0: *6 posix_memalign: 0000560FACE01CD0:16384 @16 server |
2025/04/30 10:49:07 [debug] 22#0: *6 reusable connection: 0 server |
2025/04/30 10:49:07 [debug] 22#0: *25 add cleanup: 0000560FACE01D90 server |
2025/04/30 10:49:07 [debug] 22#0: *25 post event 0000560FACDCEAD0 server |
2025/04/30 10:49:07 [debug] 22#0: *6 quic stream id:0x48 flow control msd:257/65536 md:4883/8585216 server |
2025/04/30 10:49:07 [debug] 22#0: *6 malloc: 0000560FACE2F180:4096 server |
2025/04/30 10:49:07 [debug] 22#0: *6 posix_memalign: 0000560FACE2D790:512 @16 server |
2025/04/30 10:49:07 [debug] 22#0: *6 quic ngx_quic_ack_packet pn:19 largest 18 fr:17 nranges:0 server |
2025/04/30 10:49:07 [debug] 22#0: *6 post event 0000560FACDB4248 server |
2025/04/30 10:49:07 [debug] 22#0: *6 quic packet done rc:0 level:early decr:1 pn:19 perr:0 server |
2025/04/30 10:49:07 [debug] 22#0: *6 event timer: 6, old: 442375, new: 442390 server |
2025/04/30 10:49:07 [debug] 22#0: *6 quic state: read:59985 pto:982 server |
2025/04/30 10:49:07 [debug] 22#0: timer delta: 2 server |
2025/04/30 10:49:07 [debug] 22#0: posted event 0000560FACDCEAD0 server |
2025/04/30 10:49:07 [debug] 22#0: *25 delete posted event 0000560FACDCEAD0 server |
2025/04/30 10:49:07 [debug] 22#0: *25 quic init stream server |
2025/04/30 10:49:07 [debug] 22#0: *25 http3 init request stream server |
2025/04/30 10:49:07 [debug] 22#0: *25 add cleanup: 0000560FACE01E00 server |
2025/04/30 10:49:07 [debug] 22#0: *6 event timer del: 6: 457388 server |
2025/04/30 10:49:07 [debug] 22#0: *25 http wait request handler server |
2025/04/30 10:49:07 [debug] 22#0: *6 quic stream id:0x48 recv buf:1024 server |
2025/04/30 10:49:07 [debug] 22#0: *25 quic stream id:0x48 recv len:257 server |
2025/04/30 10:49:07 [debug] 22#0: *6 quic stream id:0x48 flow update 257 server |
