2025/04/30 10:49:07 [debug] 22#0: *6 quic congestion send if:193 server |
2025/04/30 10:49:07 [debug] 22#0: *6 quic congestion send if:436 server |
2025/04/30 10:49:07 [debug] 22#0: *6 quic congestion send if:1200 server |
2025/04/30 10:49:07 [debug] 22#0: *6 event timer: 6, old: 442375, new: 442375 server |
2025/04/30 10:49:07 [debug] 22#0: *6 quic lost timer pto:997 server |
2025/04/30 10:49:07 [debug] 22#0: *6 event timer add: 6: 997:383372 server |
2025/04/30 10:49:07 [debug] 22#0: *6 quic state: send:60000 pto:997 server |
2025/04/30 10:49:07 [debug] 22#0: worker cycle server |
2025/04/30 10:49:07 [debug] 22#0: epoll timer: 997 server |
2025/04/30 10:49:07 [debug] 22#0: epoll: fd:6 ev:0001 d:00007FC569B06108 server |
2025/04/30 10:49:07 [debug] 22#0: quic recvmsg on 0.0.0.0:443, ready: 0 server |
2025/04/30 10:49:07 [debug] 22#0: *6 quic recvmsg: fd:6 n:304 server |
2025/04/30 10:49:07 [debug] 22#0: *6 quic input handler server |
2025/04/30 10:49:07 [debug] 22#0: *6 quic packet rx long flags:d8 version:1 server |
2025/04/30 10:49:07 [debug] 22#0: *6 quic packet rx early len:279 server |
2025/04/30 10:49:07 [debug] 22#0: *6 quic packet rx dcid len:8 fdc52ceab08acb96 server |
2025/04/30 10:49:07 [debug] 22#0: *6 quic packet rx scid len:8 c53bc2bd132ca697 server |
2025/04/30 10:49:07 [debug] 22#0: *6 quic packet rx clearflags:d1 server |
2025/04/30 10:49:07 [debug] 22#0: *6 quic packet rx number:2 len:2 server |
2025/04/30 10:49:07 [debug] 22#0: *6 quic packet len:304 via sock seq:-1 path seq:0 server |
2025/04/30 10:49:07 [debug] 22#0: *6 quic path seq:0 status tx:1200 rx:1504 valid:0 st:0 mtu:1200 server |
2025/04/30 10:49:07 [debug] 22#0: *6 quic frame rx early:2 STREAM id:0x4 len:257 fin:1 server |
2025/04/30 10:49:07 [debug] 22#0: *6 quic stream id:0x4 is missing server |
2025/04/30 10:49:07 [debug] 22#0: *6 quic stream id:0x4 create server |
2025/04/30 10:49:07 [debug] 22#0: *6 posix_memalign: 0000560FACE06CF0:512 @16 server |
2025/04/30 10:49:07 [debug] 22#0: *6 posix_memalign: 0000560FACE01CD0:16384 @16 server |
2025/04/30 10:49:07 [debug] 22#0: *6 reusable connection: 0 server |
2025/04/30 10:49:07 [debug] 22#0: *8 add cleanup: 0000560FACE01D90 server |
2025/04/30 10:49:07 [debug] 22#0: *8 post event 0000560FACDCEAD0 server |
2025/04/30 10:49:07 [debug] 22#0: *6 quic stream id:0x4 flow control msd:257/65536 md:514/8585216 server |
2025/04/30 10:49:07 [debug] 22#0: *6 malloc: 0000560FACE06F00:4096 server |
2025/04/30 10:49:07 [debug] 22#0: *6 quic ngx_quic_ack_packet pn:2 largest 1 fr:0 nranges:0 server |
2025/04/30 10:49:07 [debug] 22#0: *6 post event 0000560FACDB4248 server |
2025/04/30 10:49:07 [debug] 22#0: *6 quic packet done rc:0 level:early decr:1 pn:2 perr:0 server |
2025/04/30 10:49:07 [debug] 22#0: *6 event timer: 6, old: 442375, new: 442377 server |
2025/04/30 10:49:07 [debug] 22#0: *6 quic state: read:59998 pto:995 server |
2025/04/30 10:49:07 [debug] 22#0: timer delta: 2 server |
2025/04/30 10:49:07 [debug] 22#0: posted event 0000560FACDCEAD0 server |
2025/04/30 10:49:07 [debug] 22#0: *8 delete posted event 0000560FACDCEAD0 server |
2025/04/30 10:49:07 [debug] 22#0: *8 quic init stream server |
2025/04/30 10:49:07 [debug] 22#0: *8 http3 init request stream server |
2025/04/30 10:49:07 [debug] 22#0: *8 add cleanup: 0000560FACE01E00 server |
2025/04/30 10:49:07 [debug] 22#0: *6 event timer del: 6: 457375 server |
2025/04/30 10:49:07 [debug] 22#0: *8 http wait request handler server |
2025/04/30 10:49:07 [debug] 22#0: *6 quic stream id:0x4 recv buf:1024 server |
2025/04/30 10:49:07 [debug] 22#0: *8 quic stream id:0x4 recv len:257 server |
2025/04/30 10:49:07 [debug] 22#0: *6 quic stream id:0x4 flow update 257 server |
2025/04/30 10:49:07 [debug] 22#0: *8 reusable connection: 0 server |
2025/04/30 10:49:07 [debug] 22#0: *8 posix_memalign: 0000560FACE09D20:4096 @16 server |
2025/04/30 10:49:07 [debug] 22#0: *8 http process request line server |
2025/04/30 10:49:07 [debug] 22#0: *8 http request line: "GET /cuvsubyfernsilijjjdmthcutvhqtxwkfedntpazjkhsuvgltqdixdnypnimoembgqmzerggfbdvblhregkaeomtbykmpvgdfswzcksglvbmitsnizrxprkppyzizhobswlkrrocmghckvvgpgzcvllmbiaedxyhosqjrhvoomafumfdkyeqroqnrduedilddmsltuyfzaxwwgsppucwoxedgrvpacasfulertnldxacqbyliehutgsrjx" server |
2025/04/30 10:49:07 [debug] 22#0: *8 http uri: "/cuvsubyfernsilijjjdmthcutvhqtxwkfedntpazjkhsuvgltqdixdnypnimoembgqmzerggfbdvblhregkaeomtbykmpvgdfswzcksglvbmitsnizrxprkppyzizhobswlkrrocmghckvvgpgzcvllmbiaedxyhosqjrhvoomafumfdkyeqroqnrduedilddmsltuyfzaxwwgsppucwoxedgrvpacasfulertnldxacqbyliehutgsrjx" server |
2025/04/30 10:49:07 [debug] 22#0: *8 http args: "" server |
2025/04/30 10:49:07 [debug] 22#0: *8 http exten: "" server |
2025/04/30 10:49:07 [debug] 22#0: *8 rewrite phase: 0 server |
2025/04/30 10:49:07 [debug] 22#0: *8 test location: "/" server |
2025/04/30 10:49:07 [debug] 22#0: *8 using configuration "/" server |
2025/04/30 10:49:07 [debug] 22#0: *8 http cl:-1 max:1048576 server |
2025/04/30 10:49:07 [debug] 22#0: *8 rewrite phase: 2 server |
2025/04/30 10:49:07 [debug] 22#0: *8 post rewrite phase: 3 server |
2025/04/30 10:49:07 [debug] 22#0: *8 generic phase: 4 server |
2025/04/30 10:49:07 [debug] 22#0: *8 generic phase: 5 server |
2025/04/30 10:49:07 [debug] 22#0: *8 access phase: 6 server |
2025/04/30 10:49:07 [debug] 22#0: *8 access phase: 7 server |
2025/04/30 10:49:07 [debug] 22#0: *8 post access phase: 8 server |
2025/04/30 10:49:07 [debug] 22#0: *8 generic phase: 9 server |
2025/04/30 10:49:07 [debug] 22#0: *8 generic phase: 10 server |
2025/04/30 10:49:07 [debug] 22#0: *8 content phase: 11 server |
2025/04/30 10:49:07 [debug] 22#0: *8 content phase: 12 server |
2025/04/30 10:49:07 [debug] 22#0: *8 content phase: 13 server |
2025/04/30 10:49:07 [debug] 22#0: *8 http filename: "/www/cuvsubyfernsilijjjdmthcutvhqtxwkfedntpazjkhsuvgltqdixdnypnimoembgqmzerggfbdvblhregkaeomtbykmpvgdfswzcksglvbmitsnizrxprkppyzizhobswlkrrocmghckvvgpgzcvllmbiaedxyhosqjrhvoomafumfdkyeqroqnrduedilddmsltuyfzaxwwgsppucwoxedgrvpacasfulertnldxacqbyliehutgsrjx" server |
2025/04/30 10:49:07 [debug] 22#0: *8 add cleanup: 0000560FACE0AB48 server |
2025/04/30 10:49:07 [debug] 22#0: *8 http static fd: 3 server |
2025/04/30 10:49:07 [debug] 22#0: *8 http set discard body server |
2025/04/30 10:49:07 [debug] 22#0: *8 http output filter "/cuvsubyfernsilijjjdmthcutvhqtxwkfedntpazjkhsuvgltqdixdnypnimoembgqmzerggfbdvblhregkaeomtbykmpvgdfswzcksglvbmitsnizrxprkppyzizhobswlkrrocmghckvvgpgzcvllmbiaedxyhosqjrhvoomafumfdkyeqroqnrduedilddmsltuyfzaxwwgsppucwoxedgrvpacasfulertnldxacqbyliehutgsrjx?" server |
2025/04/30 10:49:07 [debug] 22#0: *8 http copy filter: "/cuvsubyfernsilijjjdmthcutvhqtxwkfedntpazjkhsuvgltqdixdnypnimoembgqmzerggfbdvblhregkaeomtbykmpvgdfswzcksglvbmitsnizrxprkppyzizhobswlkrrocmghckvvgpgzcvllmbiaedxyhosqjrhvoomafumfdkyeqroqnrduedilddmsltuyfzaxwwgsppucwoxedgrvpacasfulertnldxacqbyliehutgsrjx?" server |
2025/04/30 10:49:07 [debug] 22#0: *8 posix_memalign: 0000560FACE0AD30:4096 @16 server |
2025/04/30 10:49:07 [debug] 22#0: *8 read: 3, 0000560FACE0ACF0, 32, 0 server |
2025/04/30 10:49:07 [debug] 22#0: *8 http postpone filter "/cuvsubyfernsilijjjdmthcutvhqtxwkfedntpazjkhsuvgltqdixdnypnimoembgqmzerggfbdvblhregkaeomtbykmpvgdfswzcksglvbmitsnizrxprkppyzizhobswlkrrocmghckvvgpgzcvllmbiaedxyhosqjrhvoomafumfdkyeqroqnrduedilddmsltuyfzaxwwgsppucwoxedgrvpacasfulertnldxacqbyliehutgsrjx?" 0000560FACE0ACE0 server |
2025/04/30 10:49:07 [debug] 22#0: *8 write new buf t:1 f:0 0000560FACE0ACF0, pos 0000560FACE0ACF0, size: 32 file: 0, size: 0 server |
2025/04/30 10:49:07 [debug] 22#0: *8 http write filter: l:1 f:0 s:32 server |
2025/04/30 10:49:07 [debug] 22#0: *8 http write filter limit 2097152 server |
2025/04/30 10:49:07 [debug] 22#0: *6 malloc: 0000560FACE0BD40:4096 server |
2025/04/30 10:49:07 [debug] 22#0: *6 posix_memalign: 0000560FACE07F10:512 @16 server |
2025/04/30 10:49:07 [debug] 22#0: *8 quic send_chain sent:32 server |
2025/04/30 10:49:07 [debug] 22#0: *6 quic stream id:0x4 flush limit:1048544 server |
2025/04/30 10:49:07 [debug] 22#0: *6 update posted event 0000560FACDB4248 server |
2025/04/30 10:49:07 [debug] 22#0: *6 quic stream id:0x4 flush len:32 last:0 server |
2025/04/30 10:49:07 [debug] 22#0: *8 http write filter 0000000000000000 server |
2025/04/30 10:49:07 [debug] 22#0: *8 http copy filter: 0 "/cuvsubyfernsilijjjdmthcutvhqtxwkfedntpazjkhsuvgltqdixdnypnimoembgqmzerggfbdvblhregkaeomtbykmpvgdfswzcksglvbmitsnizrxprkppyzizhobswlkrrocmghckvvgpgzcvllmbiaedxyhosqjrhvoomafumfdkyeqroqnrduedilddmsltuyfzaxwwgsppucwoxedgrvpacasfulertnldxacqbyliehutgsrjx?" server |
2025/04/30 10:49:07 [debug] 22#0: *8 http finalize request: 0, "/cuvsubyfernsilijjjdmthcutvhqtxwkfedntpazjkhsuvgltqdixdnypnimoembgqmzerggfbdvblhregkaeomtbykmpvgdfswzcksglvbmitsnizrxprkppyzizhobswlkrrocmghckvvgpgzcvllmbiaedxyhosqjrhvoomafumfdkyeqroqnrduedilddmsltuyfzaxwwgsppucwoxedgrvpacasfulertnldxacqbyliehutgsrjx?" a:1, c:1 server |
2025/04/30 10:49:07 [debug] 22#0: *8 http request count:1 blk:0 server |
2025/04/30 10:49:07 [debug] 22#0: *8 http close request server |
2025/04/30 10:49:07 [debug] 22#0: *8 http log handler server | 193.167.0.100 - - [30/Apr/2025:10:49:07 +0000] "GET /cuvsubyfernsilijjjdmthcutvhqtxwkfedntpazjkhsuvgltqdixdnypnimoembgqmzerggfbdvblhregkaeomtbykmpvgdfswzcksglvbmitsnizrxprkppyzizhobswlkrrocmghckvvgpgzcvllmbiaedxyhosqjrhvoomafumfdkyeqroqnrduedilddmsltuyfzaxwwgsppucwoxedgrvpacasfulertnldxacqbyliehutgsrjx" 200 32 "-" "-" server |
2025/04/30 10:49:07 [debug] 22#0: *8 run cleanup: 0000560FACE0AB48 server |
2025/04/30 10:49:07 [debug] 22#0: *8 file cleanup: fd:3 server |
2025/04/30 10:49:07 [debug] 22#0: *8 free: 0000560FACE09D20, unused: 0 server |
2025/04/30 10:49:07 [debug] 22#0: *8 free: 0000560FACE0AD30, unused: 3501 server |
2025/04/30 10:49:07 [debug] 22#0: *8 close http connection: 6 server |
2025/04/30 10:49:07 [debug] 22#0: *8 reusable connection: 0 server |
2025/04/30 10:49:07 [debug] 22#0: *8 run cleanup: 0000560FACE01E00 server |
2025/04/30 10:49:07 [debug] 22#0: *6 event timer add: 6: 75000:457377 server |
2025/04/30 10:49:07 [debug] 22#0: *8 run cleanup: 0000560FACE01D90 server |
2025/04/30 10:49:07 [debug] 22#0: *6 quic stream id:0x4 cleanup server |
2025/04/30 10:49:07 [debug] 22#0: *6 quic stream id:0x4 send shutdown server |
2025/04/30 10:49:07 [debug] 22#0: *6 quic stream id:0x4 flush limit:1048512 server |
2025/04/30 10:49:07 [debug] 22#0: *6 update posted event 0000560FACDB4248 server |
2025/04/30 10:49:07 [debug] 22#0: *6 quic stream id:0x4 flush len:0 last:1 server |
2025/04/30 10:49:07 [debug] 22#0: *8 free: 0000560FACE01CD0, unused: 14952 server |
2025/04/30 10:49:07 [debug] 22#0: posted event 0000560FACDB4248 server |
2025/04/30 10:49:07 [debug] 22#0: *6 delete posted event 0000560FACDB4248 server |
2025/04/30 10:49:07 [debug] 22#0: *6 quic push handler server |
2025/04/30 10:49:07 [debug] 22#0: *6 posix_memalign: 0000560FACE08120:512 @16 server |
2025/04/30 10:49:07 [debug] 22#0: *6 quic output app packet max:1200 min:0 server |
2025/04/30 10:49:07 [debug] 22#0: *6 quic frame tx app:1 ACK n:0 delay:0 2-1 server |
2025/04/30 10:49:07 [debug] 22#0: *6 quic frame tx app:1 STREAM id:0x4 off:0 len:32 server |
2025/04/30 10:49:07 [debug] 22#0: *6 quic frame tx app:1 STREAM id:0x4 off:32 len:0 fin:1 server |
2025/04/30 10:49:07 [debug] 22#0: *6 quic packet tx app bytes:45 need_ack:1 number:1 encoded nl:1 trunc:0x1 server |
2025/04/30 10:49:07 [debug] 22#0: *6 sendmsg: 71 of 71 server |
2025/04/30 10:49:07 [debug] 22#0: *6 quic congestion send if:1200 server |
2025/04/30 10:49:07 [debug] 22#0: *6 quic congestion send if:1200 server |
2025/04/30 10:49:07 [debug] 22#0: *6 quic congestion send if:1271 server |
2025/04/30 10:49:07 [debug] 22#0: *6 event timer: 6, old: 442375, new: 442377 server |
2025/04/30 10:49:07 [debug] 22#0: *6 event timer del: 6: 383372 server |
2025/04/30 10:49:07 [debug] 22#0: *6 quic lost timer pto:995 server |
2025/04/30 10:49:07 [debug] 22#0: *6 event timer add: 6: 995:383372 server |
2025/04/30 10:49:07 [debug] 22#0: *6 quic state: send:59998 pto:995 server |
2025/04/30 10:49:07 [debug] 22#0: worker cycle server |
2025/04/30 10:49:07 [debug] 22#0: epoll timer: 995 server |
2025/04/30 10:49:07 [debug] 22#0: epoll: fd:6 ev:0001 d:00007FC569B06108 server |
2025/04/30 10:49:07 [debug] 22#0: quic recvmsg on 0.0.0.0:443, ready: 0 server |
2025/04/30 10:49:07 [debug] 22#0: *6 quic recvmsg: fd:6 n:304 server |
2025/04/30 10:49:07 [debug] 22#0: *6 quic input handler server |
2025/04/30 10:49:07 [debug] 22#0: *6 quic packet rx long flags:d3 version:1 server |
2025/04/30 10:49:07 [debug] 22#0: *6 quic packet rx early len:279 server |
2025/04/30 10:49:07 [debug] 22#0: *6 quic packet rx dcid len:8 fdc52ceab08acb96 server |
2025/04/30 10:49:07 [debug] 22#0: *6 quic packet rx scid len:8 c53bc2bd132ca697 server |
2025/04/30 10:49:07 [debug] 22#0: *6 quic packet rx clearflags:d1 server |
2025/04/30 10:49:07 [debug] 22#0: *6 quic packet rx number:3 len:2 server |
2025/04/30 10:49:07 [debug] 22#0: *6 quic packet len:304 via sock seq:-1 path seq:0 server |
2025/04/30 10:49:07 [debug] 22#0: *6 quic path seq:0 status tx:1271 rx:1808 valid:0 st:0 mtu:1200 server |
2025/04/30 10:49:07 [debug] 22#0: *6 quic frame rx early:3 STREAM id:0x8 len:257 fin:1 server |
2025/04/30 10:49:07 [debug] 22#0: *6 quic stream id:0x8 is missing server |
2025/04/30 10:49:07 [debug] 22#0: *6 quic stream id:0x8 create server |
2025/04/30 10:49:07 [debug] 22#0: *6 posix_memalign: 0000560FACE01CD0:16384 @16 server |
2025/04/30 10:49:07 [debug] 22#0: *6 reusable connection: 0 server |
2025/04/30 10:49:07 [debug] 22#0: *9 add cleanup: 0000560FACE01D90 server |
2025/04/30 10:49:07 [debug] 22#0: *9 post event 0000560FACDCEAD0 server |
2025/04/30 10:49:07 [debug] 22#0: *6 quic stream id:0x8 flow control msd:257/65536 md:771/8585216 server |
2025/04/30 10:49:07 [debug] 22#0: *6 malloc: 0000560FACE09D20:4096 server |
2025/04/30 10:49:07 [debug] 22#0: *6 quic ngx_quic_ack_packet pn:3 largest 2 fr:1 nranges:0 server |
2025/04/30 10:49:07 [debug] 22#0: *6 post event 0000560FACDB4248 server |
2025/04/30 10:49:07 [debug] 22#0: *6 quic packet done rc:0 level:early decr:1 pn:3 perr:0 server |
2025/04/30 10:49:07 [debug] 22#0: *6 event timer: 6, old: 442375, new: 442378 server |
2025/04/30 10:49:07 [debug] 22#0: *6 quic state: read:59997 pto:994 server |
2025/04/30 10:49:07 [debug] 22#0: timer delta: 1 server |
2025/04/30 10:49:07 [debug] 22#0: posted event 0000560FACDCEAD0 server |
2025/04/30 10:49:07 [debug] 22#0: *9 delete posted event 0000560FACDCEAD0 server |
2025/04/30 10:49:07 [debug] 22#0: *9 quic init stream server |
2025/04/30 10:49:07 [debug] 22#0: *9 http3 init request stream server |
2025/04/30 10:49:07 [debug] 22#0: *9 add cleanup: 0000560FACE01E00 server |
2025/04/30 10:49:07 [debug] 22#0: *6 event timer del: 6: 457377 server |
2025/04/30 10:49:07 [debug] 22#0: *9 http wait request handler server |
2025/04/30 10:49:07 [debug] 22#0: *6 quic stream id:0x8 recv buf:1024 server |
2025/04/30 10:49:07 [debug] 22#0: *9 quic stream id:0x8 recv len:257 server |
2025/04/30 10:49:07 [debug] 22#0: *6 quic stream id:0x8 flow update 257 server |
2025/04/30 10:49:07 [debug] 22#0: *9 reusable connection: 0 server |
2025/04/30 10:49:07 [debug] 22#0: *9 posix_memalign: 0000560FACE0AD30:4096 @16 server |
2025/04/30 10:49:07 [debug] 22#0: *9 http process request line server |
2025/04/30 10:49:07 [debug] 22#0: *9 http request line: "GET /shrcbmjhwbuicdqlmmbthylbnbexxvuszagczfehobmvmatxovaymwyyuattmyngdotupdhltvqdnpmtekgdvdsrnfppkhkurzlbbamnmvaohajwsbrirkafndxvbifrdxazhfmllpsakyvfklpbrgkvdvehxnfxyrxyxyelmotjpfnosmlgrulamiogpgoobediemdvrcfrgmcwvoihllapfhrhcbhwdehvqomoayajxsgfpamvgaakwv" server |
2025/04/30 10:49:07 [debug] 22#0: *9 http uri: "/shrcbmjhwbuicdqlmmbthylbnbexxvuszagczfehobmvmatxovaymwyyuattmyngdotupdhltvqdnpmtekgdvdsrnfppkhkurzlbbamnmvaohajwsbrirkafndxvbifrdxazhfmllpsakyvfklpbrgkvdvehxnfxyrxyxyelmotjpfnosmlgrulamiogpgoobediemdvrcfrgmcwvoihllapfhrhcbhwdehvqomoayajxsgfpamvgaakwv" server |
2025/04/30 10:49:07 [debug] 22#0: *9 http args: "" server |
2025/04/30 10:49:07 [debug] 22#0: *9 http exten: "" server |
2025/04/30 10:49:07 [debug] 22#0: *9 rewrite phase: 0 server |
2025/04/30 10:49:07 [debug] 22#0: *9 test location: "/" server |
2025/04/30 10:49:07 [debug] 22#0: *9 using configuration "/" server |
2025/04/30 10:49:07 [debug] 22#0: *9 http cl:-1 max:1048576 server |
2025/04/30 10:49:07 [debug] 22#0: *9 rewrite phase: 2 server |
2025/04/30 10:49:07 [debug] 22#0: *9 post rewrite phase: 3 server |
2025/04/30 10:49:07 [debug] 22#0: *9 generic phase: 4 server |
2025/04/30 10:49:07 [debug] 22#0: *9 generic phase: 5 server |
2025/04/30 10:49:07 [debug] 22#0: *9 access phase: 6 server |
2025/04/30 10:49:07 [debug] 22#0: *9 access phase: 7 server |
2025/04/30 10:49:07 [debug] 22#0: *9 post access phase: 8 server |
2025/04/30 10:49:07 [debug] 22#0: *9 generic phase: 9 server |
2025/04/30 10:49:07 [debug] 22#0: *9 generic phase: 10 server |
2025/04/30 10:49:07 [debug] 22#0: *9 content phase: 11 server |
2025/04/30 10:49:07 [debug] 22#0: *9 content phase: 12 server |
2025/04/30 10:49:07 [debug] 22#0: *9 content phase: 13 server |
2025/04/30 10:49:07 [debug] 22#0: *9 http filename: "/www/shrcbmjhwbuicdqlmmbthylbnbexxvuszagczfehobmvmatxovaymwyyuattmyngdotupdhltvqdnpmtekgdvdsrnfppkhkurzlbbamnmvaohajwsbrirkafndxvbifrdxazhfmllpsakyvfklpbrgkvdvehxnfxyrxyxyelmotjpfnosmlgrulamiogpgoobediemdvrcfrgmcwvoihllapfhrhcbhwdehvqomoayajxsgfpamvgaakwv" server |
2025/04/30 10:49:07 [debug] 22#0: *9 add cleanup: 0000560FACE0BB58 server |
2025/04/30 10:49:07 [debug] 22#0: *9 http static fd: 3 server |
2025/04/30 10:49:07 [debug] 22#0: *9 http set discard body server |
2025/04/30 10:49:07 [debug] 22#0: *9 http output filter "/shrcbmjhwbuicdqlmmbthylbnbexxvuszagczfehobmvmatxovaymwyyuattmyngdotupdhltvqdnpmtekgdvdsrnfppkhkurzlbbamnmvaohajwsbrirkafndxvbifrdxazhfmllpsakyvfklpbrgkvdvehxnfxyrxyxyelmotjpfnosmlgrulamiogpgoobediemdvrcfrgmcwvoihllapfhrhcbhwdehvqomoayajxsgfpamvgaakwv?" server |
2025/04/30 10:49:07 [debug] 22#0: *9 http copy filter: "/shrcbmjhwbuicdqlmmbthylbnbexxvuszagczfehobmvmatxovaymwyyuattmyngdotupdhltvqdnpmtekgdvdsrnfppkhkurzlbbamnmvaohajwsbrirkafndxvbifrdxazhfmllpsakyvfklpbrgkvdvehxnfxyrxyxyelmotjpfnosmlgrulamiogpgoobediemdvrcfrgmcwvoihllapfhrhcbhwdehvqomoayajxsgfpamvgaakwv?" server |
2025/04/30 10:49:07 [debug] 22#0: *9 posix_memalign: 0000560FACE0CD50:4096 @16 server |
2025/04/30 10:49:07 [debug] 22#0: *9 read: 3, 0000560FACE0BD00, 32, 0 server |
2025/04/30 10:49:07 [debug] 22#0: *9 http postpone filter "/shrcbmjhwbuicdqlmmbthylbnbexxvuszagczfehobmvmatxovaymwyyuattmyngdotupdhltvqdnpmtekgdvdsrnfppkhkurzlbbamnmvaohajwsbrirkafndxvbifrdxazhfmllpsakyvfklpbrgkvdvehxnfxyrxyxyelmotjpfnosmlgrulamiogpgoobediemdvrcfrgmcwvoihllapfhrhcbhwdehvqomoayajxsgfpamvgaakwv?" 0000560FACE0BCF0 server |
2025/04/30 10:49:07 [debug] 22#0: *9 write new buf t:1 f:0 0000560FACE0BD00, pos 0000560FACE0BD00, size: 32 file: 0, size: 0 server |
2025/04/30 10:49:07 [debug] 22#0: *9 http write filter: l:1 f:0 s:32 server |
2025/04/30 10:49:07 [debug] 22#0: *9 http write filter limit 2097152 server |
2025/04/30 10:49:07 [debug] 22#0: *6 posix_memalign: 0000560FACE08330:512 @16 server |
2025/04/30 10:49:07 [debug] 22#0: *6 malloc: 0000560FACE0DD60:4096 server |
2025/04/30 10:49:07 [debug] 22#0: *9 quic send_chain sent:32 server |
2025/04/30 10:49:07 [debug] 22#0: *6 quic stream id:0x8 flush limit:1048512 server |
2025/04/30 10:49:07 [debug] 22#0: *6 update posted event 0000560FACDB4248 server |
2025/04/30 10:49:07 [debug] 22#0: *6 quic stream id:0x8 flush len:32 last:0 server |
2025/04/30 10:49:07 [debug] 22#0: *9 http write filter 0000000000000000 server |
2025/04/30 10:49:07 [debug] 22#0: *9 http copy filter: 0 "/shrcbmjhwbuicdqlmmbthylbnbexxvuszagczfehobmvmatxovaymwyyuattmyngdotupdhltvqdnpmtekgdvdsrnfppkhkurzlbbamnmvaohajwsbrirkafndxvbifrdxazhfmllpsakyvfklpbrgkvdvehxnfxyrxyxyelmotjpfnosmlgrulamiogpgoobediemdvrcfrgmcwvoihllapfhrhcbhwdehvqomoayajxsgfpamvgaakwv?" server |
2025/04/30 10:49:07 [debug] 22#0: *9 http finalize request: 0, "/shrcbmjhwbuicdqlmmbthylbnbexxvuszagczfehobmvmatxovaymwyyuattmyngdotupdhltvqdnpmtekgdvdsrnfppkhkurzlbbamnmvaohajwsbrirkafndxvbifrdxazhfmllpsakyvfklpbrgkvdvehxnfxyrxyxyelmotjpfnosmlgrulamiogpgoobediemdvrcfrgmcwvoihllapfhrhcbhwdehvqomoayajxsgfpamvgaakwv?" a:1, c:1 server |
2025/04/30 10:49:07 [debug] 22#0: *9 http request count:1 blk:0 server |
2025/04/30 10:49:07 [debug] 22#0: *9 http close request server |
2025/04/30 10:49:07 [debug] 22#0: *9 http log handler server | 193.167.0.100 - - [30/Apr/2025:10:49:07 +0000] "GET /shrcbmjhwbuicdqlmmbthylbnbexxvuszagczfehobmvmatxovaymwyyuattmyngdotupdhltvqdnpmtekgdvdsrnfppkhkurzlbbamnmvaohajwsbrirkafndxvbifrdxazhfmllpsakyvfklpbrgkvdvehxnfxyrxyxyelmotjpfnosmlgrulamiogpgoobediemdvrcfrgmcwvoihllapfhrhcbhwdehvqomoayajxsgfpamvgaakwv" 200 32 "-" "-" server |
2025/04/30 10:49:07 [debug] 22#0: *9 run cleanup: 0000560FACE0BB58 server |
2025/04/30 10:49:07 [debug] 22#0: *9 file cleanup: fd:3 server |
2025/04/30 10:49:07 [debug] 22#0: *9 free: 0000560FACE0AD30, unused: 0 server |
2025/04/30 10:49:07 [debug] 22#0: *9 free: 0000560FACE0CD50, unused: 3501 server |
2025/04/30 10:49:07 [debug] 22#0: *9 close http connection: 6 server |
2025/04/30 10:49:07 [debug] 22#0: *9 reusable connection: 0 server |
2025/04/30 10:49:07 [debug] 22#0: *9 run cleanup: 0000560FACE01E00 server |
2025/04/30 10:49:07 [debug] 22#0: *6 event timer add: 6: 75000:457378 server |
2025/04/30 10:49:07 [debug] 22#0: *9 run cleanup: 0000560FACE01D90 server |
2025/04/30 10:49:07 [debug] 22#0: *6 quic stream id:0x8 cleanup server |
2025/04/30 10:49:07 [debug] 22#0: *6 quic stream id:0x8 send shutdown server |
2025/04/30 10:49:07 [debug] 22#0: *6 quic stream id:0x8 flush limit:1048480 server |
2025/04/30 10:49:07 [debug] 22#0: *6 update posted event 0000560FACDB4248 server |
2025/04/30 10:49:07 [debug] 22#0: *6 quic stream id:0x8 flush len:0 last:1 server |
2025/04/30 10:49:07 [debug] 22#0: *9 free: 0000560FACE01CD0, unused: 14952 server |
2025/04/30 10:49:07 [debug] 22#0: posted event 0000560FACDB4248 server |
2025/04/30 10:49:07 [debug] 22#0: *6 delete posted event 0000560FACDB4248 server |
2025/04/30 10:49:07 [debug] 22#0: *6 quic push handler server |
2025/04/30 10:49:07 [debug] 22#0: *6 posix_memalign: 0000560FACE08540:512 @16 server |
2025/04/30 10:49:07 [debug] 22#0: *6 quic output app packet max:1200 min:0 server |
2025/04/30 10:49:07 [debug] 22#0: *6 quic frame tx app:2 ACK n:0 delay:0 3-1 server |
2025/04/30 10:49:07 [debug] 22#0: *6 quic frame tx app:2 STREAM id:0x8 off:0 len:32 server |
2025/04/30 10:49:07 [debug] 22#0: *6 quic frame tx app:2 STREAM id:0x8 off:32 len:0 fin:1 server |
2025/04/30 10:49:07 [debug] 22#0: *6 quic packet tx app bytes:45 need_ack:1 number:2 encoded nl:1 trunc:0x2 server |
2025/04/30 10:49:07 [debug] 22#0: *6 sendmsg: 71 of 71 server |
2025/04/30 10:49:07 [debug] 22#0: *6 quic congestion send if:1271 server |
2025/04/30 10:49:07 [debug] 22#0: *6 quic congestion send if:1271 server |
2025/04/30 10:49:07 [debug] 22#0: *6 quic congestion send if:1342 server |
2025/04/30 10:49:07 [debug] 22#0: *6 event timer: 6, old: 442375, new: 442378 server |
2025/04/30 10:49:07 [debug] 22#0: *6 event timer del: 6: 383372 server |
2025/04/30 10:49:07 [debug] 22#0: *6 quic lost timer pto:994 server |
2025/04/30 10:49:07 [debug] 22#0: *6 event timer add: 6: 994:383372 server |
2025/04/30 10:49:07 [debug] 22#0: *6 quic state: send:59997 pto:994 server |
2025/04/30 10:49:07 [debug] 22#0: worker cycle server |
2025/04/30 10:49:07 [debug] 22#0: epoll timer: 994 server |
2025/04/30 10:49:07 [debug] 22#0: epoll: fd:6 ev:0001 d:00007FC569B06108 server |
2025/04/30 10:49:07 [debug] 22#0: quic recvmsg on 0.0.0.0:443, ready: 0 server |
2025/04/30 10:49:07 [debug] 22#0: *6 quic recvmsg: fd:6 n:304 server |
2025/04/30 10:49:07 [debug] 22#0: *6 quic input handler server |
2025/04/30 10:49:07 [debug] 22#0: *6 quic packet rx long flags:dc version:1 server |
2025/04/30 10:49:07 [debug] 22#0: *6 quic packet rx early len:279 server |
2025/04/30 10:49:07 [debug] 22#0: *6 quic packet rx dcid len:8 fdc52ceab08acb96 server |
2025/04/30 10:49:07 [debug] 22#0: *6 quic packet rx scid len:8 c53bc2bd132ca697 server |
2025/04/30 10:49:07 [debug] 22#0: *6 quic packet rx clearflags:d1 server |
2025/04/30 10:49:07 [debug] 22#0: *6 quic packet rx number:4 len:2 server |
2025/04/30 10:49:07 [debug] 22#0: *6 quic packet len:304 via sock seq:-1 path seq:0 server |
2025/04/30 10:49:07 [debug] 22#0: *6 quic path seq:0 status tx:1342 rx:2112 valid:0 st:0 mtu:1200 server |
2025/04/30 10:49:07 [debug] 22#0: *6 quic frame rx early:4 STREAM id:0xc len:257 fin:1 server |
2025/04/30 10:49:07 [debug] 22#0: *6 quic stream id:0xc is missing server |
2025/04/30 10:49:07 [debug] 22#0: *6 quic stream id:0xc create server |
2025/04/30 10:49:07 [debug] 22#0: *6 posix_memalign: 0000560FACE01CD0:16384 @16 server |
2025/04/30 10:49:07 [debug] 22#0: *6 reusable connection: 0 server |
2025/04/30 10:49:07 [debug] 22#0: *10 add cleanup: 0000560FACE01D90 server |
2025/04/30 10:49:07 [debug] 22#0: *10 post event 0000560FACDCEAD0 server |
2025/04/30 10:49:07 [debug] 22#0: *6 quic stream id:0xc flow control msd:257/65536 md:1028/8585216 server |
2025/04/30 10:49:07 [debug] 22#0: *6 malloc: 0000560FACE0CD50:4096 server |
2025/04/30 10:49:07 [debug] 22#0: *6 posix_memalign: 0000560FACE08750:512 @16 server |
2025/04/30 10:49:07 [debug] 22#0: *6 quic ngx_quic_ack_packet pn:4 largest 3 fr:2 nranges:0 server |
2025/04/30 10:49:07 [debug] 22#0: *6 post event 0000560FACDB4248 server |
2025/04/30 10:49:07 [debug] 22#0: *6 quic packet done rc:0 level:early decr:1 pn:4 perr:0 server |
2025/04/30 10:49:07 [debug] 22#0: *6 event timer: 6, old: 442375, new: 442378 server |
2025/04/30 10:49:07 [debug] 22#0: *6 quic state: read:59997 pto:994 server |
2025/04/30 10:49:07 [debug] 22#0: timer delta: 0 server |
2025/04/30 10:49:07 [debug] 22#0: posted event 0000560FACDCEAD0 server |
2025/04/30 10:49:07 [debug] 22#0: *10 delete posted event 0000560FACDCEAD0 server |
2025/04/30 10:49:07 [debug] 22#0: *10 quic init stream server |
2025/04/30 10:49:07 [debug] 22#0: *10 http3 init request stream server |
2025/04/30 10:49:07 [debug] 22#0: *10 add cleanup: 0000560FACE01E00 server |
2025/04/30 10:49:07 [debug] 22#0: *6 event timer del: 6: 457378 server |
2025/04/30 10:49:07 [debug] 22#0: *10 http wait request handler server |
2025/04/30 10:49:07 [debug] 22#0: *6 quic stream id:0xc recv buf:1024 server |
2025/04/30 10:49:07 [debug] 22#0: *10 quic stream id:0xc recv len:257 server |
2025/04/30 10:49:07 [debug] 22#0: *6 quic stream id:0xc flow update 257 server |
2025/04/30 10:49:07 [debug] 22#0: *10 reusable connection: 0 server |
2025/04/30 10:49:07 [debug] 22#0: *10 posix_memalign: 0000560FACE0AD30:4096 @16 server |
2025/04/30 10:49:07 [debug] 22#0: *10 http process request line server |
2025/04/30 10:49:07 [debug] 22#0: *10 http request line: "GET /ujilugirxlbejrpthxxuemxcmfjpwnrjszyxguflzjhqosxasidezwyvxlnjrmauawekpvdsfwaokkpllvoiaiavyfitcrkjyiqqcnxvbvmqvhmngdweoinldamijguiyzsvrepjspdweovrqajxzwmqohndiryszgooqurwzdmdzgrpjfuuevyubgpfnlrlgyebjqryfjfmdmipfhwsgcwezbtplszgzbthgnafkrceulycwxebwnrlxp" server |
2025/04/30 10:49:07 [debug] 22#0: *10 http uri: "/ujilugirxlbejrpthxxuemxcmfjpwnrjszyxguflzjhqosxasidezwyvxlnjrmauawekpvdsfwaokkpllvoiaiavyfitcrkjyiqqcnxvbvmqvhmngdweoinldamijguiyzsvrepjspdweovrqajxzwmqohndiryszgooqurwzdmdzgrpjfuuevyubgpfnlrlgyebjqryfjfmdmipfhwsgcwezbtplszgzbthgnafkrceulycwxebwnrlxp" server |
2025/04/30 10:49:07 [debug] 22#0: *10 http args: "" server |
2025/04/30 10:49:07 [debug] 22#0: *10 http exten: "" server |
2025/04/30 10:49:07 [debug] 22#0: *10 rewrite phase: 0 server |
2025/04/30 10:49:07 [debug] 22#0: *10 test location: "/" server |
2025/04/30 10:49:07 [debug] 22#0: *10 using configuration "/" server |
2025/04/30 10:49:07 [debug] 22#0: *10 http cl:-1 max:1048576 server |
2025/04/30 10:49:07 [debug] 22#0: *10 rewrite phase: 2 server |
2025/04/30 10:49:07 [debug] 22#0: *10 post rewrite phase: 3 server |
2025/04/30 10:49:07 [debug] 22#0: *10 generic phase: 4 server |
2025/04/30 10:49:07 [debug] 22#0: *10 generic phase: 5 server |
2025/04/30 10:49:07 [debug] 22#0: *10 access phase: 6 server |
2025/04/30 10:49:07 [debug] 22#0: *10 access phase: 7 server |
2025/04/30 10:49:07 [debug] 22#0: *10 post access phase: 8 server |
2025/04/30 10:49:07 [debug] 22#0: *10 generic phase: 9 server |
2025/04/30 10:49:07 [debug] 22#0: *10 generic phase: 10 server |
2025/04/30 10:49:07 [debug] 22#0: *10 content phase: 11 server |
2025/04/30 10:49:07 [debug] 22#0: *10 content phase: 12 server |
2025/04/30 10:49:07 [debug] 22#0: *10 content phase: 13 server |
2025/04/30 10:49:07 [debug] 22#0: *10 http filename: "/www/ujilugirxlbejrpthxxuemxcmfjpwnrjszyxguflzjhqosxasidezwyvxlnjrmauawekpvdsfwaokkpllvoiaiavyfitcrkjyiqqcnxvbvmqvhmngdweoinldamijguiyzsvrepjspdweovrqajxzwmqohndiryszgooqurwzdmdzgrpjfuuevyubgpfnlrlgyebjqryfjfmdmipfhwsgcwezbtplszgzbthgnafkrceulycwxebwnrlxp" server |
2025/04/30 10:49:07 [debug] 22#0: *10 add cleanup: 0000560FACE0BB58 server |
2025/04/30 10:49:07 [debug] 22#0: *10 http static fd: 3 server |
2025/04/30 10:49:07 [debug] 22#0: *10 http set discard body server |
2025/04/30 10:49:07 [debug] 22#0: *10 http output filter "/ujilugirxlbejrpthxxuemxcmfjpwnrjszyxguflzjhqosxasidezwyvxlnjrmauawekpvdsfwaokkpllvoiaiavyfitcrkjyiqqcnxvbvmqvhmngdweoinldamijguiyzsvrepjspdweovrqajxzwmqohndiryszgooqurwzdmdzgrpjfuuevyubgpfnlrlgyebjqryfjfmdmipfhwsgcwezbtplszgzbthgnafkrceulycwxebwnrlxp?" server |
2025/04/30 10:49:07 [debug] 22#0: *10 http copy filter: "/ujilugirxlbejrpthxxuemxcmfjpwnrjszyxguflzjhqosxasidezwyvxlnjrmauawekpvdsfwaokkpllvoiaiavyfitcrkjyiqqcnxvbvmqvhmngdweoinldamijguiyzsvrepjspdweovrqajxzwmqohndiryszgooqurwzdmdzgrpjfuuevyubgpfnlrlgyebjqryfjfmdmipfhwsgcwezbtplszgzbthgnafkrceulycwxebwnrlxp?" server |
2025/04/30 10:49:07 [debug] 22#0: *10 posix_memalign: 0000560FACE0ED70:4096 @16 server |
2025/04/30 10:49:07 [debug] 22#0: *10 read: 3, 0000560FACE0BD00, 32, 0 server |
2025/04/30 10:49:07 [debug] 22#0: *10 http postpone filter "/ujilugirxlbejrpthxxuemxcmfjpwnrjszyxguflzjhqosxasidezwyvxlnjrmauawekpvdsfwaokkpllvoiaiavyfitcrkjyiqqcnxvbvmqvhmngdweoinldamijguiyzsvrepjspdweovrqajxzwmqohndiryszgooqurwzdmdzgrpjfuuevyubgpfnlrlgyebjqryfjfmdmipfhwsgcwezbtplszgzbthgnafkrceulycwxebwnrlxp?" 0000560FACE0BCF0 server |
2025/04/30 10:49:07 [debug] 22#0: *10 write new buf t:1 f:0 0000560FACE0BD00, pos 0000560FACE0BD00, size: 32 file: 0, size: 0 server |
2025/04/30 10:49:07 [debug] 22#0: *10 http write filter: l:1 f:0 s:32 server |
2025/04/30 10:49:07 [debug] 22#0: *10 http write filter limit 2097152 server |
2025/04/30 10:49:07 [debug] 22#0: *6 malloc: 0000560FACE0FD80:4096 server |
2025/04/30 10:49:07 [debug] 22#0: *10 quic send_chain sent:32 server |
2025/04/30 10:49:07 [debug] 22#0: *6 quic stream id:0xc flush limit:1048480 server |
2025/04/30 10:49:07 [debug] 22#0: *6 update posted event 0000560FACDB4248 server |
2025/04/30 10:49:07 [debug] 22#0: *6 quic stream id:0xc flush len:32 last:0 server |
2025/04/30 10:49:07 [debug] 22#0: *10 http write filter 0000000000000000 server |
2025/04/30 10:49:07 [debug] 22#0: *10 http copy filter: 0 "/ujilugirxlbejrpthxxuemxcmfjpwnrjszyxguflzjhqosxasidezwyvxlnjrmauawekpvdsfwaokkpllvoiaiavyfitcrkjyiqqcnxvbvmqvhmngdweoinldamijguiyzsvrepjspdweovrqajxzwmqohndiryszgooqurwzdmdzgrpjfuuevyubgpfnlrlgyebjqryfjfmdmipfhwsgcwezbtplszgzbthgnafkrceulycwxebwnrlxp?" server |
2025/04/30 10:49:07 [debug] 22#0: *10 http finalize request: 0, "/ujilugirxlbejrpthxxuemxcmfjpwnrjszyxguflzjhqosxasidezwyvxlnjrmauawekpvdsfwaokkpllvoiaiavyfitcrkjyiqqcnxvbvmqvhmngdweoinldamijguiyzsvrepjspdweovrqajxzwmqohndiryszgooqurwzdmdzgrpjfuuevyubgpfnlrlgyebjqryfjfmdmipfhwsgcwezbtplszgzbthgnafkrceulycwxebwnrlxp?" a:1, c:1 server |
2025/04/30 10:49:07 [debug] 22#0: *10 http request count:1 blk:0 server |
2025/04/30 10:49:07 [debug] 22#0: *10 http close request server |
2025/04/30 10:49:07 [debug] 22#0: *10 http log handler server | 193.167.0.100 - - [30/Apr/2025:10:49:07 +0000] "GET /ujilugirxlbejrpthxxuemxcmfjpwnrjszyxguflzjhqosxasidezwyvxlnjrmauawekpvdsfwaokkpllvoiaiavyfitcrkjyiqqcnxvbvmqvhmngdweoinldamijguiyzsvrepjspdweovrqajxzwmqohndiryszgooqurwzdmdzgrpjfuuevyubgpfnlrlgyebjqryfjfmdmipfhwsgcwezbtplszgzbthgnafkrceulycwxebwnrlxp" 200 32 "-" "-" server |
2025/04/30 10:49:07 [debug] 22#0: *10 run cleanup: 0000560FACE0BB58 server |
2025/04/30 10:49:07 [debug] 22#0: *10 file cleanup: fd:3 server |
2025/04/30 10:49:07 [debug] 22#0: *10 free: 0000560FACE0AD30, unused: 0 server |
2025/04/30 10:49:07 [debug] 22#0: *10 free: 0000560FACE0ED70, unused: 3501 server |
2025/04/30 10:49:07 [debug] 22#0: *10 close http connection: 6 server |
2025/04/30 10:49:07 [debug] 22#0: *10 reusable connection: 0 server |
2025/04/30 10:49:07 [debug] 22#0: *10 run cleanup: 0000560FACE01E00 server |
2025/04/30 10:49:07 [debug] 22#0: *6 event timer add: 6: 75000:457378 server |
2025/04/30 10:49:07 [debug] 22#0: *10 run cleanup: 0000560FACE01D90 server |
2025/04/30 10:49:07 [debug] 22#0: *6 quic stream id:0xc cleanup server |
2025/04/30 10:49:07 [debug] 22#0: *6 quic stream id:0xc send shutdown server |
2025/04/30 10:49:07 [debug] 22#0: *6 quic stream id:0xc flush limit:1048448 server |
2025/04/30 10:49:07 [debug] 22#0: *6 posix_memalign: 0000560FACE08960:512 @16 server |
2025/04/30 10:49:07 [debug] 22#0: *6 update posted event 0000560FACDB4248 server |
2025/04/30 10:49:07 [debug] 22#0: *6 quic stream id:0xc flush len:0 last:1 server |
2025/04/30 10:49:07 [debug] 22#0: *10 free: 0000560FACE01CD0, unused: 14952 server |
2025/04/30 10:49:07 [debug] 22#0: posted event 0000560FACDB4248 server |
2025/04/30 10:49:07 [debug] 22#0: *6 delete posted event 0000560FACDB4248 server |
2025/04/30 10:49:07 [debug] 22#0: *6 quic push handler server |
2025/04/30 10:49:07 [debug] 22#0: *6 quic output app packet max:1200 min:0 server |
2025/04/30 10:49:07 [debug] 22#0: *6 quic frame tx app:3 ACK n:0 delay:0 4-1 server |
2025/04/30 10:49:07 [debug] 22#0: *6 quic frame tx app:3 STREAM id:0xc off:0 len:32 server |
2025/04/30 10:49:07 [debug] 22#0: *6 quic frame tx app:3 STREAM id:0xc off:32 len:0 fin:1 server |
2025/04/30 10:49:07 [debug] 22#0: *6 quic packet tx app bytes:45 need_ack:1 number:3 encoded nl:1 trunc:0x3 server |
2025/04/30 10:49:07 [debug] 22#0: *6 sendmsg: 71 of 71 server |
2025/04/30 10:49:07 [debug] 22#0: *6 quic congestion send if:1342 server |
2025/04/30 10:49:07 [debug] 22#0: *6 quic congestion send if:1342 server |
2025/04/30 10:49:07 [debug] 22#0: *6 quic congestion send if:1413 server |
2025/04/30 10:49:07 [debug] 22#0: *6 event timer: 6, old: 442375, new: 442378 server |
2025/04/30 10:49:07 [debug] 22#0: *6 event timer del: 6: 383372 server |
2025/04/30 10:49:07 [debug] 22#0: *6 quic lost timer pto:994 server |
2025/04/30 10:49:07 [debug] 22#0: *6 event timer add: 6: 994:383372 server |
2025/04/30 10:49:07 [debug] 22#0: *6 quic state: send:59997 pto:994 server |
2025/04/30 10:49:07 [debug] 22#0: worker cycle server |
2025/04/30 10:49:07 [debug] 22#0: epoll timer: 994 server |
2025/04/30 10:49:07 [debug] 22#0: epoll: fd:6 ev:0001 d:00007FC569B06108 server |
2025/04/30 10:49:07 [debug] 22#0: quic recvmsg on 0.0.0.0:443, ready: 0 server |
2025/04/30 10:49:07 [debug] 22#0: *6 quic recvmsg: fd:6 n:304 server |
2025/04/30 10:49:07 [debug] 22#0: *6 quic input handler server |
2025/04/30 10:49:07 [debug] 22#0: *6 quic packet rx long flags:d4 version:1 server |
2025/04/30 10:49:07 [debug] 22#0: *6 quic packet rx early len:279 server |
2025/04/30 10:49:07 [debug] 22#0: *6 quic packet rx dcid len:8 fdc52ceab08acb96 server |
2025/04/30 10:49:07 [debug] 22#0: *6 quic packet rx scid len:8 c53bc2bd132ca697 server |
2025/04/30 10:49:07 [debug] 22#0: *6 quic packet rx clearflags:d1 server |
2025/04/30 10:49:07 [debug] 22#0: *6 quic packet rx number:5 len:2 server |
2025/04/30 10:49:07 [debug] 22#0: *6 quic packet len:304 via sock seq:-1 path seq:0 server |
2025/04/30 10:49:07 [debug] 22#0: *6 quic path seq:0 status tx:1413 rx:2416 valid:0 st:0 mtu:1200 server |
2025/04/30 10:49:07 [debug] 22#0: *6 quic frame rx early:5 STREAM id:0x10 len:257 fin:1 server |
2025/04/30 10:49:07 [debug] 22#0: *6 quic stream id:0x10 is missing server |
2025/04/30 10:49:07 [debug] 22#0: *6 quic stream id:0x10 create server |
2025/04/30 10:49:07 [debug] 22#0: *6 posix_memalign: 0000560FACE0ED70:512 @16 server |
2025/04/30 10:49:07 [debug] 22#0: *6 posix_memalign: 0000560FACE01CD0:16384 @16 server |
2025/04/30 10:49:07 [debug] 22#0: *6 reusable connection: 0 server |
2025/04/30 10:49:07 [debug] 22#0: *11 add cleanup: 0000560FACE01D90 server |
2025/04/30 10:49:07 [debug] 22#0: *11 post event 0000560FACDCEAD0 server |
2025/04/30 10:49:07 [debug] 22#0: *6 quic stream id:0x10 flow control msd:257/65536 md:1285/8585216 server |
2025/04/30 10:49:07 [debug] 22#0: *6 malloc: 0000560FACE0AD30:4096 server |
2025/04/30 10:49:07 [debug] 22#0: *6 quic ngx_quic_ack_packet pn:5 largest 4 fr:3 nranges:0 server |
2025/04/30 10:49:07 [debug] 22#0: *6 post event 0000560FACDB4248 server |
2025/04/30 10:49:07 [debug] 22#0: *6 quic packet done rc:0 level:early decr:1 pn:5 perr:0 server |
2025/04/30 10:49:07 [debug] 22#0: *6 event timer: 6, old: 442375, new: 442379 server |
2025/04/30 10:49:07 [debug] 22#0: *6 quic state: read:59996 pto:993 server |
2025/04/30 10:49:07 [debug] 22#0: timer delta: 1 server |
2025/04/30 10:49:07 [debug] 22#0: posted event 0000560FACDCEAD0 server |
2025/04/30 10:49:07 [debug] 22#0: *11 delete posted event 0000560FACDCEAD0 server |
2025/04/30 10:49:07 [debug] 22#0: *11 quic init stream server |
2025/04/30 10:49:07 [debug] 22#0: *11 http3 init request stream server |
2025/04/30 10:49:07 [debug] 22#0: *11 add cleanup: 0000560FACE01E00 server |
2025/04/30 10:49:07 [debug] 22#0: *6 event timer del: 6: 457378 server |
2025/04/30 10:49:07 [debug] 22#0: *11 http wait request handler server |
2025/04/30 10:49:07 [debug] 22#0: *6 quic stream id:0x10 recv buf:1024 server |
2025/04/30 10:49:07 [debug] 22#0: *11 quic stream id:0x10 recv len:257 server |
2025/04/30 10:49:07 [debug] 22#0: *6 quic stream id:0x10 flow update 257 server |
2025/04/30 10:49:07 [debug] 22#0: *11 reusable connection: 0 server |
2025/04/30 10:49:07 [debug] 22#0: *11 posix_memalign: 0000560FACE10D90:4096 @16 server |
2025/04/30 10:49:07 [debug] 22#0: *11 http process request line server |
2025/04/30 10:49:07 [debug] 22#0: *11 http request line: "GET /clajzxeyuthplmuhppvbuznynazlaamupbduagwczkicujfzhlzcliwhdzxtqbqodtqcmnpaliucbrnsiqirpawmqnuzkejrsffzhofjecawqeiyqjmirbcozcrxnoiasrrtiyatpdoykbovzhlcosgltbctfcbkpzqdtaturljwujnzwtzcxrwpnzckozrwmueeqwnvnzrrevqdazrbjwjgdevwgcuuzydtzkiwlirerzpvlvsnvdfulw" server |
2025/04/30 10:49:07 [debug] 22#0: *11 http uri: "/clajzxeyuthplmuhppvbuznynazlaamupbduagwczkicujfzhlzcliwhdzxtqbqodtqcmnpaliucbrnsiqirpawmqnuzkejrsffzhofjecawqeiyqjmirbcozcrxnoiasrrtiyatpdoykbovzhlcosgltbctfcbkpzqdtaturljwujnzwtzcxrwpnzckozrwmueeqwnvnzrrevqdazrbjwjgdevwgcuuzydtzkiwlirerzpvlvsnvdfulw" server |
2025/04/30 10:49:07 [debug] 22#0: *11 http args: "" server |
2025/04/30 10:49:07 [debug] 22#0: *11 http exten: "" server |
2025/04/30 10:49:07 [debug] 22#0: *11 rewrite phase: 0 server |
2025/04/30 10:49:07 [debug] 22#0: *11 test location: "/" server |
2025/04/30 10:49:07 [debug] 22#0: *11 using configuration "/" server |
2025/04/30 10:49:07 [debug] 22#0: *11 http cl:-1 max:1048576 server |
2025/04/30 10:49:07 [debug] 22#0: *11 rewrite phase: 2 server |
2025/04/30 10:49:07 [debug] 22#0: *11 post rewrite phase: 3 server |
2025/04/30 10:49:07 [debug] 22#0: *11 generic phase: 4 server |
2025/04/30 10:49:07 [debug] 22#0: *11 generic phase: 5 server |
2025/04/30 10:49:07 [debug] 22#0: *11 access phase: 6 server |
2025/04/30 10:49:07 [debug] 22#0: *11 access phase: 7 server |
2025/04/30 10:49:07 [debug] 22#0: *11 post access phase: 8 server |
2025/04/30 10:49:07 [debug] 22#0: *11 generic phase: 9 server |
2025/04/30 10:49:07 [debug] 22#0: *11 generic phase: 10 server |
2025/04/30 10:49:07 [debug] 22#0: *11 content phase: 11 server |
2025/04/30 10:49:07 [debug] 22#0: *11 content phase: 12 server |
2025/04/30 10:49:07 [debug] 22#0: *11 content phase: 13 server |
2025/04/30 10:49:07 [debug] 22#0: *11 http filename: "/www/clajzxeyuthplmuhppvbuznynazlaamupbduagwczkicujfzhlzcliwhdzxtqbqodtqcmnpaliucbrnsiqirpawmqnuzkejrsffzhofjecawqeiyqjmirbcozcrxnoiasrrtiyatpdoykbovzhlcosgltbctfcbkpzqdtaturljwujnzwtzcxrwpnzckozrwmueeqwnvnzrrevqdazrbjwjgdevwgcuuzydtzkiwlirerzpvlvsnvdfulw" server |
2025/04/30 10:49:07 [debug] 22#0: *11 add cleanup: 0000560FACE11BB8 server |
2025/04/30 10:49:07 [debug] 22#0: *11 http static fd: 3 server |
2025/04/30 10:49:07 [debug] 22#0: *11 http set discard body server |
2025/04/30 10:49:07 [debug] 22#0: *11 http output filter "/clajzxeyuthplmuhppvbuznynazlaamupbduagwczkicujfzhlzcliwhdzxtqbqodtqcmnpaliucbrnsiqirpawmqnuzkejrsffzhofjecawqeiyqjmirbcozcrxnoiasrrtiyatpdoykbovzhlcosgltbctfcbkpzqdtaturljwujnzwtzcxrwpnzckozrwmueeqwnvnzrrevqdazrbjwjgdevwgcuuzydtzkiwlirerzpvlvsnvdfulw?" server |
2025/04/30 10:49:07 [debug] 22#0: *11 http copy filter: "/clajzxeyuthplmuhppvbuznynazlaamupbduagwczkicujfzhlzcliwhdzxtqbqodtqcmnpaliucbrnsiqirpawmqnuzkejrsffzhofjecawqeiyqjmirbcozcrxnoiasrrtiyatpdoykbovzhlcosgltbctfcbkpzqdtaturljwujnzwtzcxrwpnzckozrwmueeqwnvnzrrevqdazrbjwjgdevwgcuuzydtzkiwlirerzpvlvsnvdfulw?" server |
2025/04/30 10:49:07 [debug] 22#0: *11 posix_memalign: 0000560FACE11DA0:4096 @16 server |
2025/04/30 10:49:07 [debug] 22#0: *11 read: 3, 0000560FACE11D60, 32, 0 server |
2025/04/30 10:49:07 [debug] 22#0: *11 http postpone filter "/clajzxeyuthplmuhppvbuznynazlaamupbduagwczkicujfzhlzcliwhdzxtqbqodtqcmnpaliucbrnsiqirpawmqnuzkejrsffzhofjecawqeiyqjmirbcozcrxnoiasrrtiyatpdoykbovzhlcosgltbctfcbkpzqdtaturljwujnzwtzcxrwpnzckozrwmueeqwnvnzrrevqdazrbjwjgdevwgcuuzydtzkiwlirerzpvlvsnvdfulw?" 0000560FACE11D50 server |
2025/04/30 10:49:07 [debug] 22#0: *11 write new buf t:1 f:0 0000560FACE11D60, pos 0000560FACE11D60, size: 32 file: 0, size: 0 server |
2025/04/30 10:49:07 [debug] 22#0: *11 http write filter: l:1 f:0 s:32 server |
2025/04/30 10:49:07 [debug] 22#0: *11 http write filter limit 2097152 server |
2025/04/30 10:49:07 [debug] 22#0: *6 malloc: 0000560FACE12DB0:4096 server |
2025/04/30 10:49:07 [debug] 22#0: *11 quic send_chain sent:32 server |
2025/04/30 10:49:07 [debug] 22#0: *6 quic stream id:0x10 flush limit:1048448 server |
2025/04/30 10:49:07 [debug] 22#0: *6 posix_memalign: 0000560FACE0EF80:512 @16 server |
2025/04/30 10:49:07 [debug] 22#0: *6 update posted event 0000560FACDB4248 server |
2025/04/30 10:49:07 [debug] 22#0: *6 quic stream id:0x10 flush len:32 last:0 server |
2025/04/30 10:49:07 [debug] 22#0: *11 http write filter 0000000000000000 server |
2025/04/30 10:49:07 [debug] 22#0: *11 http copy filter: 0 "/clajzxeyuthplmuhppvbuznynazlaamupbduagwczkicujfzhlzcliwhdzxtqbqodtqcmnpaliucbrnsiqirpawmqnuzkejrsffzhofjecawqeiyqjmirbcozcrxnoiasrrtiyatpdoykbovzhlcosgltbctfcbkpzqdtaturljwujnzwtzcxrwpnzckozrwmueeqwnvnzrrevqdazrbjwjgdevwgcuuzydtzkiwlirerzpvlvsnvdfulw?" server |
2025/04/30 10:49:07 [debug] 22#0: *11 http finalize request: 0, "/clajzxeyuthplmuhppvbuznynazlaamupbduagwczkicujfzhlzcliwhdzxtqbqodtqcmnpaliucbrnsiqirpawmqnuzkejrsffzhofjecawqeiyqjmirbcozcrxnoiasrrtiyatpdoykbovzhlcosgltbctfcbkpzqdtaturljwujnzwtzcxrwpnzckozrwmueeqwnvnzrrevqdazrbjwjgdevwgcuuzydtzkiwlirerzpvlvsnvdfulw?" a:1, c:1 server |
2025/04/30 10:49:07 [debug] 22#0: *11 http request count:1 blk:0 server |
2025/04/30 10:49:07 [debug] 22#0: *11 http close request server |
2025/04/30 10:49:07 [debug] 22#0: *11 http log handler server | 193.167.0.100 - - [30/Apr/2025:10:49:07 +0000] "GET /clajzxeyuthplmuhppvbuznynazlaamupbduagwczkicujfzhlzcliwhdzxtqbqodtqcmnpaliucbrnsiqirpawmqnuzkejrsffzhofjecawqeiyqjmirbcozcrxnoiasrrtiyatpdoykbovzhlcosgltbctfcbkpzqdtaturljwujnzwtzcxrwpnzckozrwmueeqwnvnzrrevqdazrbjwjgdevwgcuuzydtzkiwlirerzpvlvsnvdfulw" 200 32 "-" "-" server |
2025/04/30 10:49:07 [debug] 22#0: *11 run cleanup: 0000560FACE11BB8 server |
2025/04/30 10:49:07 [debug] 22#0: *11 file cleanup: fd:3 server |
2025/04/30 10:49:07 [debug] 22#0: *11 free: 0000560FACE10D90, unused: 0 server |
2025/04/30 10:49:07 [debug] 22#0: *11 free: 0000560FACE11DA0, unused: 3501 server |
2025/04/30 10:49:07 [debug] 22#0: *11 close http connection: 6 server |
2025/04/30 10:49:07 [debug] 22#0: *11 reusable connection: 0 server |
2025/04/30 10:49:07 [debug] 22#0: *11 run cleanup: 0000560FACE01E00 server |
2025/04/30 10:49:07 [debug] 22#0: *6 event timer add: 6: 75000:457379 server |
2025/04/30 10:49:07 [debug] 22#0: *11 run cleanup: 0000560FACE01D90 server |
2025/04/30 10:49:07 [debug] 22#0: *6 quic stream id:0x10 cleanup server |
2025/04/30 10:49:07 [debug] 22#0: *6 quic stream id:0x10 send shutdown server |
2025/04/30 10:49:07 [debug] 22#0: *6 quic stream id:0x10 flush limit:1048416 server |
2025/04/30 10:49:07 [debug] 22#0: *6 update posted event 0000560FACDB4248 server |
2025/04/30 10:49:07 [debug] 22#0: *6 quic stream id:0x10 flush len:0 last:1 server |
2025/04/30 10:49:07 [debug] 22#0: *11 free: 0000560FACE01CD0, unused: 14952 server |
2025/04/30 10:49:07 [debug] 22#0: posted event 0000560FACDB4248 server |
2025/04/30 10:49:07 [debug] 22#0: *6 delete posted event 0000560FACDB4248 server |
2025/04/30 10:49:07 [debug] 22#0: *6 quic push handler server |
2025/04/30 10:49:07 [debug] 22#0: *6 quic output app packet max:1200 min:0 server |
2025/04/30 10:49:07 [debug] 22#0: *6 quic frame tx app:4 ACK n:0 delay:0 5-1 server |
2025/04/30 10:49:07 [debug] 22#0: *6 quic frame tx app:4 STREAM id:0x10 off:0 len:32 server |
2025/04/30 10:49:07 [debug] 22#0: *6 quic frame tx app:4 STREAM id:0x10 off:32 len:0 fin:1 server |
2025/04/30 10:49:07 [debug] 22#0: *6 quic packet tx app bytes:45 need_ack:1 number:4 encoded nl:1 trunc:0x4 server |
2025/04/30 10:49:07 [debug] 22#0: *6 sendmsg: 71 of 71 server |
2025/04/30 10:49:07 [debug] 22#0: *6 quic congestion send if:1413 server |
2025/04/30 10:49:07 [debug] 22#0: *6 quic congestion send if:1413 server |
2025/04/30 10:49:07 [debug] 22#0: *6 quic congestion send if:1484 server |
2025/04/30 10:49:07 [debug] 22#0: *6 event timer: 6, old: 442375, new: 442379 server |
2025/04/30 10:49:07 [debug] 22#0: *6 event timer del: 6: 383372 server |
2025/04/30 10:49:07 [debug] 22#0: *6 quic lost timer pto:993 server |
2025/04/30 10:49:07 [debug] 22#0: *6 event timer add: 6: 993:383372 server |
2025/04/30 10:49:07 [debug] 22#0: *6 quic state: send:59996 pto:993 server |
2025/04/30 10:49:07 [debug] 22#0: worker cycle server |
2025/04/30 10:49:07 [debug] 22#0: epoll timer: 993 server |
2025/04/30 10:49:07 [debug] 22#0: epoll: fd:6 ev:0001 d:00007FC569B06108 server |
2025/04/30 10:49:07 [debug] 22#0: quic recvmsg on 0.0.0.0:443, ready: 0 server |
2025/04/30 10:49:07 [debug] 22#0: *6 quic recvmsg: fd:6 n:304 server |
2025/04/30 10:49:07 [debug] 22#0: *6 quic input handler server |
2025/04/30 10:49:07 [debug] 22#0: *6 quic packet rx long flags:d3 version:1 server |
2025/04/30 10:49:07 [debug] 22#0: *6 quic packet rx early len:279 server |
2025/04/30 10:49:07 [debug] 22#0: *6 quic packet rx dcid len:8 fdc52ceab08acb96 server |
2025/04/30 10:49:07 [debug] 22#0: *6 quic packet rx scid len:8 c53bc2bd132ca697 server |
2025/04/30 10:49:07 [debug] 22#0: *6 quic packet rx clearflags:d1 server |
2025/04/30 10:49:07 [debug] 22#0: *6 quic packet rx number:6 len:2 server |
2025/04/30 10:49:07 [debug] 22#0: *6 quic packet len:304 via sock seq:-1 path seq:0 server |
2025/04/30 10:49:07 [debug] 22#0: *6 quic path seq:0 status tx:1484 rx:2720 valid:0 st:0 mtu:1200 server |
2025/04/30 10:49:07 [debug] 22#0: *6 quic frame rx early:6 STREAM id:0x14 len:257 fin:1 server |
2025/04/30 10:49:07 [debug] 22#0: *6 quic stream id:0x14 is missing server |
2025/04/30 10:49:07 [debug] 22#0: *6 quic stream id:0x14 create server |
2025/04/30 10:49:07 [debug] 22#0: *6 posix_memalign: 0000560FACE0F190:512 @16 server |
2025/04/30 10:49:07 [debug] 22#0: *6 posix_memalign: 0000560FACE01CD0:16384 @16 server |
2025/04/30 10:49:07 [debug] 22#0: *6 reusable connection: 0 server |
2025/04/30 10:49:07 [debug] 22#0: *12 add cleanup: 0000560FACE01D90 server |
2025/04/30 10:49:07 [debug] 22#0: *12 post event 0000560FACDCEAD0 server |
2025/04/30 10:49:07 [debug] 22#0: *6 quic stream id:0x14 flow control msd:257/65536 md:1542/8585216 server |
2025/04/30 10:49:07 [debug] 22#0: *6 malloc: 0000560FACE10D90:4096 server |
2025/04/30 10:49:07 [debug] 22#0: *6 quic ngx_quic_ack_packet pn:6 largest 5 fr:4 nranges:0 server |
2025/04/30 10:49:07 [debug] 22#0: *6 post event 0000560FACDB4248 server |
2025/04/30 10:49:07 [debug] 22#0: *6 quic packet done rc:0 level:early decr:1 pn:6 perr:0 server |
2025/04/30 10:49:07 [debug] 22#0: *6 event timer: 6, old: 442375, new: 442380 server |
2025/04/30 10:49:07 [debug] 22#0: *6 quic state: read:59995 pto:992 server |
2025/04/30 10:49:07 [debug] 22#0: timer delta: 1 server |
2025/04/30 10:49:07 [debug] 22#0: posted event 0000560FACDCEAD0 server |
2025/04/30 10:49:07 [debug] 22#0: *12 delete posted event 0000560FACDCEAD0 server |
2025/04/30 10:49:07 [debug] 22#0: *12 quic init stream server |
2025/04/30 10:49:07 [debug] 22#0: *12 http3 init request stream server |
2025/04/30 10:49:07 [debug] 22#0: *12 add cleanup: 0000560FACE01E00 server |
2025/04/30 10:49:07 [debug] 22#0: *6 event timer del: 6: 457379 server |
2025/04/30 10:49:07 [debug] 22#0: *12 http wait request handler server |
2025/04/30 10:49:07 [debug] 22#0: *6 quic stream id:0x14 recv buf:1024 server |
2025/04/30 10:49:07 [debug] 22#0: *12 quic stream id:0x14 recv len:257 server |
2025/04/30 10:49:07 [debug] 22#0: *6 quic stream id:0x14 flow update 257 server |
2025/04/30 10:49:07 [debug] 22#0: *12 reusable connection: 0 server |
2025/04/30 10:49:07 [debug] 22#0: *12 posix_memalign: 0000560FACE11DA0:4096 @16 server |
2025/04/30 10:49:07 [debug] 22#0: *12 http process request line server |
