2025/04/30 10:49:07 [debug] 22#0: *29 write new buf t:1 f:0 0000560FACE381D0, pos 0000560FACE381D0, size: 32 file: 0, size: 0 server |
2025/04/30 10:49:07 [debug] 22#0: *29 http write filter: l:1 f:0 s:32 server |
2025/04/30 10:49:07 [debug] 22#0: *29 http write filter limit 2097152 server |
2025/04/30 10:49:07 [debug] 22#0: *6 malloc: 0000560FACE3C250:4096 server |
2025/04/30 10:49:07 [debug] 22#0: *29 quic send_chain sent:32 server |
2025/04/30 10:49:07 [debug] 22#0: *6 quic stream id:0x58 flush limit:1047872 server |
2025/04/30 10:49:07 [debug] 22#0: *6 update posted event 0000560FACDB4248 server |
2025/04/30 10:49:07 [debug] 22#0: *6 quic stream id:0x58 flush len:32 last:0 server |
2025/04/30 10:49:07 [debug] 22#0: *29 http write filter 0000000000000000 server |
2025/04/30 10:49:07 [debug] 22#0: *29 http copy filter: 0 "/hvrzaqaaehjmomfiltzpfntlafrtcfppenoaohmcbqxlandsneeobhxbonbmuddiqkkjxyuztnobgrjpwarhazkxkthvgjsruhyroonfhctijlcwueeutqqpcafdmbdheydkqeivzivugbaxyxpucubvdxoqqsxqafognehnhzwddgmnwjinvwqoctuqqlmaykvkqebmmmjbwcyeptprhcyfborrzjctcrgdjaxnretgizcxkvqitkwsuv?" server |
2025/04/30 10:49:07 [debug] 22#0: *29 http finalize request: 0, "/hvrzaqaaehjmomfiltzpfntlafrtcfppenoaohmcbqxlandsneeobhxbonbmuddiqkkjxyuztnobgrjpwarhazkxkthvgjsruhyroonfhctijlcwueeutqqpcafdmbdheydkqeivzivugbaxyxpucubvdxoqqsxqafognehnhzwddgmnwjinvwqoctuqqlmaykvkqebmmmjbwcyeptprhcyfborrzjctcrgdjaxnretgizcxkvqitkwsuv?" a:1, c:1 server |
2025/04/30 10:49:07 [debug] 22#0: *29 http request count:1 blk:0 server |
2025/04/30 10:49:07 [debug] 22#0: *29 http close request server |
2025/04/30 10:49:07 [debug] 22#0: *29 http log handler server | 193.167.0.100 - - [30/Apr/2025:10:49:07 +0000] "GET /hvrzaqaaehjmomfiltzpfntlafrtcfppenoaohmcbqxlandsneeobhxbonbmuddiqkkjxyuztnobgrjpwarhazkxkthvgjsruhyroonfhctijlcwueeutqqpcafdmbdheydkqeivzivugbaxyxpucubvdxoqqsxqafognehnhzwddgmnwjinvwqoctuqqlmaykvkqebmmmjbwcyeptprhcyfborrzjctcrgdjaxnretgizcxkvqitkwsuv" 200 32 "-" "-" server |
2025/04/30 10:49:07 [debug] 22#0: *29 run cleanup: 0000560FACE38028 server |
2025/04/30 10:49:07 [debug] 22#0: *29 file cleanup: fd:3 server |
2025/04/30 10:49:07 [debug] 22#0: *29 free: 0000560FACE37200, unused: 0 server |
2025/04/30 10:49:07 [debug] 22#0: *29 free: 0000560FACE3B240, unused: 3501 server |
2025/04/30 10:49:07 [debug] 22#0: *29 close http connection: 6 server |
2025/04/30 10:49:07 [debug] 22#0: *29 reusable connection: 0 server |
2025/04/30 10:49:07 [debug] 22#0: *29 run cleanup: 0000560FACE01E00 server |
2025/04/30 10:49:07 [debug] 22#0: *6 event timer add: 6: 75000:457392 server |
2025/04/30 10:49:07 [debug] 22#0: *29 run cleanup: 0000560FACE01D90 server |
2025/04/30 10:49:07 [debug] 22#0: *6 quic stream id:0x58 cleanup server |
2025/04/30 10:49:07 [debug] 22#0: *6 quic stream id:0x58 send shutdown server |
2025/04/30 10:49:07 [debug] 22#0: *6 quic stream id:0x58 flush limit:1047840 server |
2025/04/30 10:49:07 [debug] 22#0: *6 posix_memalign: 0000560FACE34E30:512 @16 server |
2025/04/30 10:49:07 [debug] 22#0: *6 update posted event 0000560FACDB4248 server |
2025/04/30 10:49:07 [debug] 22#0: *6 quic stream id:0x58 flush len:0 last:1 server |
2025/04/30 10:49:07 [debug] 22#0: *29 free: 0000560FACE01CD0, unused: 14952 server |
2025/04/30 10:49:07 [debug] 22#0: posted event 0000560FACDB4248 server |
2025/04/30 10:49:07 [debug] 22#0: *6 delete posted event 0000560FACDB4248 server |
2025/04/30 10:49:07 [debug] 22#0: *6 quic push handler server |
2025/04/30 10:49:07 [debug] 22#0: *6 quic output app packet max:1200 min:0 server |
2025/04/30 10:49:07 [debug] 22#0: *6 quic frame tx app:22 ACK n:0 delay:0 23-1 server |
2025/04/30 10:49:07 [debug] 22#0: *6 quic frame tx app:22 STREAM id:0x58 off:0 len:32 server |
2025/04/30 10:49:07 [debug] 22#0: *6 quic frame tx app:22 STREAM id:0x58 off:32 len:0 fin:1 server |
2025/04/30 10:49:07 [debug] 22#0: *6 quic packet tx app bytes:47 need_ack:1 number:22 encoded nl:1 trunc:0x16 server |
2025/04/30 10:49:07 [debug] 22#0: *6 sendmsg: 73 of 73 server |
2025/04/30 10:49:07 [debug] 22#0: *6 quic congestion send if:2703 server |
2025/04/30 10:49:07 [debug] 22#0: *6 quic congestion send if:2703 server |
2025/04/30 10:49:07 [debug] 22#0: *6 quic congestion send if:2776 server |
2025/04/30 10:49:07 [debug] 22#0: *6 event timer: 6, old: 442375, new: 442392 server |
2025/04/30 10:49:07 [debug] 22#0: *6 event timer del: 6: 383372 server |
2025/04/30 10:49:07 [debug] 22#0: *6 quic lost timer pto:980 server |
2025/04/30 10:49:07 [debug] 22#0: *6 event timer add: 6: 980:383372 server |
2025/04/30 10:49:07 [debug] 22#0: *6 quic state: send:59983 pto:980 server |
2025/04/30 10:49:07 [debug] 22#0: worker cycle server |
2025/04/30 10:49:07 [debug] 22#0: epoll timer: 980 server |
2025/04/30 10:49:07 [debug] 22#0: epoll: fd:6 ev:0001 d:00007FC569B06108 server |
2025/04/30 10:49:07 [debug] 22#0: quic recvmsg on 0.0.0.0:443, ready: 0 server |
2025/04/30 10:49:07 [debug] 22#0: *6 quic recvmsg: fd:6 n:305 server |
2025/04/30 10:49:07 [debug] 22#0: *6 quic input handler server |
2025/04/30 10:49:07 [debug] 22#0: *6 quic packet rx long flags:d8 version:1 server |
2025/04/30 10:49:07 [debug] 22#0: *6 quic packet rx early len:280 server |
2025/04/30 10:49:07 [debug] 22#0: *6 quic packet rx dcid len:8 fdc52ceab08acb96 server |
2025/04/30 10:49:07 [debug] 22#0: *6 quic packet rx scid len:8 c53bc2bd132ca697 server |
2025/04/30 10:49:07 [debug] 22#0: *6 quic packet rx clearflags:d1 server |
2025/04/30 10:49:07 [debug] 22#0: *6 quic packet rx number:24 len:2 server |
2025/04/30 10:49:07 [debug] 22#0: *6 quic packet len:305 via sock seq:-1 path seq:0 server |
2025/04/30 10:49:07 [debug] 22#0: *6 quic path seq:0 status tx:2776 rx:8200 valid:0 st:0 mtu:1200 server |
2025/04/30 10:49:07 [debug] 22#0: *6 quic frame rx early:24 STREAM id:0x5c len:257 fin:1 server |
2025/04/30 10:49:07 [debug] 22#0: *6 quic stream id:0x5c is missing server |
2025/04/30 10:49:07 [debug] 22#0: *6 quic stream id:0x5c create server |
2025/04/30 10:49:07 [debug] 22#0: *6 posix_memalign: 0000560FACE3B240:512 @16 server |
2025/04/30 10:49:07 [debug] 22#0: *6 posix_memalign: 0000560FACE01CD0:16384 @16 server |
2025/04/30 10:49:07 [debug] 22#0: *6 reusable connection: 0 server |
2025/04/30 10:49:07 [debug] 22#0: *30 add cleanup: 0000560FACE01D90 server |
2025/04/30 10:49:07 [debug] 22#0: *30 post event 0000560FACDCEAD0 server |
2025/04/30 10:49:07 [debug] 22#0: *6 quic stream id:0x5c flow control msd:257/65536 md:6168/8585216 server |
2025/04/30 10:49:07 [debug] 22#0: *6 malloc: 0000560FACE37200:4096 server |
2025/04/30 10:49:07 [debug] 22#0: *6 quic ngx_quic_ack_packet pn:24 largest 23 fr:22 nranges:0 server |
2025/04/30 10:49:07 [debug] 22#0: *6 post event 0000560FACDB4248 server |
2025/04/30 10:49:07 [debug] 22#0: *6 quic packet done rc:0 level:early decr:1 pn:24 perr:0 server |
2025/04/30 10:49:07 [debug] 22#0: *6 event timer: 6, old: 442375, new: 442393 server |
2025/04/30 10:49:07 [debug] 22#0: *6 quic state: read:59982 pto:979 server |
2025/04/30 10:49:07 [debug] 22#0: timer delta: 1 server |
2025/04/30 10:49:07 [debug] 22#0: posted event 0000560FACDCEAD0 server |
2025/04/30 10:49:07 [debug] 22#0: *30 delete posted event 0000560FACDCEAD0 server |
2025/04/30 10:49:07 [debug] 22#0: *30 quic init stream server |
2025/04/30 10:49:07 [debug] 22#0: *30 http3 init request stream server |
2025/04/30 10:49:07 [debug] 22#0: *30 add cleanup: 0000560FACE01E00 server |
2025/04/30 10:49:07 [debug] 22#0: *6 event timer del: 6: 457392 server |
2025/04/30 10:49:07 [debug] 22#0: *30 http wait request handler server |
2025/04/30 10:49:07 [debug] 22#0: *6 quic stream id:0x5c recv buf:1024 server |
2025/04/30 10:49:07 [debug] 22#0: *30 quic stream id:0x5c recv len:257 server |
2025/04/30 10:49:07 [debug] 22#0: *6 quic stream id:0x5c flow update 257 server |
2025/04/30 10:49:07 [debug] 22#0: *30 reusable connection: 0 server |
2025/04/30 10:49:07 [debug] 22#0: *30 posix_memalign: 0000560FACE3D260:4096 @16 server |
2025/04/30 10:49:07 [debug] 22#0: *30 http process request line server |
2025/04/30 10:49:07 [debug] 22#0: *30 http request line: "GET /hhycignucfawykcshwxjgcvattgnbbatwpwhnjjuaceqmzuejckkwvgtwdkkushdsvitoadapptgyrlkindwjizbdanrvineemlexwmszpbkybzimgbndmxxlrsmmtaynxlybdrzknsudhfbopohdfoqlwgirmbctvarnnxoqemeybjhvhoszhylrrlkytykrodsqbfnyyrrsbxwldjdeqjtoieaksjjlekwydjforyrduzhlzymhmxzsq" server |
2025/04/30 10:49:07 [debug] 22#0: *30 http uri: "/hhycignucfawykcshwxjgcvattgnbbatwpwhnjjuaceqmzuejckkwvgtwdkkushdsvitoadapptgyrlkindwjizbdanrvineemlexwmszpbkybzimgbndmxxlrsmmtaynxlybdrzknsudhfbopohdfoqlwgirmbctvarnnxoqemeybjhvhoszhylrrlkytykrodsqbfnyyrrsbxwldjdeqjtoieaksjjlekwydjforyrduzhlzymhmxzsq" server |
2025/04/30 10:49:07 [debug] 22#0: *30 http args: "" server |
2025/04/30 10:49:07 [debug] 22#0: *30 http exten: "" server |
2025/04/30 10:49:07 [debug] 22#0: *30 rewrite phase: 0 server |
2025/04/30 10:49:07 [debug] 22#0: *30 test location: "/" server |
2025/04/30 10:49:07 [debug] 22#0: *30 using configuration "/" server |
2025/04/30 10:49:07 [debug] 22#0: *30 http cl:-1 max:1048576 server |
2025/04/30 10:49:07 [debug] 22#0: *30 rewrite phase: 2 server |
2025/04/30 10:49:07 [debug] 22#0: *30 post rewrite phase: 3 server |
2025/04/30 10:49:07 [debug] 22#0: *30 generic phase: 4 server |
2025/04/30 10:49:07 [debug] 22#0: *30 generic phase: 5 server |
2025/04/30 10:49:07 [debug] 22#0: *30 access phase: 6 server |
2025/04/30 10:49:07 [debug] 22#0: *30 access phase: 7 server |
2025/04/30 10:49:07 [debug] 22#0: *30 post access phase: 8 server |
2025/04/30 10:49:07 [debug] 22#0: *30 generic phase: 9 server |
2025/04/30 10:49:07 [debug] 22#0: *30 generic phase: 10 server |
2025/04/30 10:49:07 [debug] 22#0: *30 content phase: 11 server |
2025/04/30 10:49:07 [debug] 22#0: *30 content phase: 12 server |
2025/04/30 10:49:07 [debug] 22#0: *30 content phase: 13 server |
2025/04/30 10:49:07 [debug] 22#0: *30 http filename: "/www/hhycignucfawykcshwxjgcvattgnbbatwpwhnjjuaceqmzuejckkwvgtwdkkushdsvitoadapptgyrlkindwjizbdanrvineemlexwmszpbkybzimgbndmxxlrsmmtaynxlybdrzknsudhfbopohdfoqlwgirmbctvarnnxoqemeybjhvhoszhylrrlkytykrodsqbfnyyrrsbxwldjdeqjtoieaksjjlekwydjforyrduzhlzymhmxzsq" server |
2025/04/30 10:49:07 [debug] 22#0: *30 add cleanup: 0000560FACE3E088 server |
2025/04/30 10:49:07 [debug] 22#0: *30 http static fd: 3 server |
2025/04/30 10:49:07 [debug] 22#0: *30 http set discard body server |
2025/04/30 10:49:07 [debug] 22#0: *30 http output filter "/hhycignucfawykcshwxjgcvattgnbbatwpwhnjjuaceqmzuejckkwvgtwdkkushdsvitoadapptgyrlkindwjizbdanrvineemlexwmszpbkybzimgbndmxxlrsmmtaynxlybdrzknsudhfbopohdfoqlwgirmbctvarnnxoqemeybjhvhoszhylrrlkytykrodsqbfnyyrrsbxwldjdeqjtoieaksjjlekwydjforyrduzhlzymhmxzsq?" server |
2025/04/30 10:49:07 [debug] 22#0: *30 http copy filter: "/hhycignucfawykcshwxjgcvattgnbbatwpwhnjjuaceqmzuejckkwvgtwdkkushdsvitoadapptgyrlkindwjizbdanrvineemlexwmszpbkybzimgbndmxxlrsmmtaynxlybdrzknsudhfbopohdfoqlwgirmbctvarnnxoqemeybjhvhoszhylrrlkytykrodsqbfnyyrrsbxwldjdeqjtoieaksjjlekwydjforyrduzhlzymhmxzsq?" server |
2025/04/30 10:49:07 [debug] 22#0: *30 posix_memalign: 0000560FACE3E270:4096 @16 server |
2025/04/30 10:49:07 [debug] 22#0: *30 read: 3, 0000560FACE3E230, 32, 0 server |
2025/04/30 10:49:07 [debug] 22#0: *30 http postpone filter "/hhycignucfawykcshwxjgcvattgnbbatwpwhnjjuaceqmzuejckkwvgtwdkkushdsvitoadapptgyrlkindwjizbdanrvineemlexwmszpbkybzimgbndmxxlrsmmtaynxlybdrzknsudhfbopohdfoqlwgirmbctvarnnxoqemeybjhvhoszhylrrlkytykrodsqbfnyyrrsbxwldjdeqjtoieaksjjlekwydjforyrduzhlzymhmxzsq?" 0000560FACE3E220 server |
2025/04/30 10:49:07 [debug] 22#0: *30 write new buf t:1 f:0 0000560FACE3E230, pos 0000560FACE3E230, size: 32 file: 0, size: 0 server |
2025/04/30 10:49:07 [debug] 22#0: *30 http write filter: l:1 f:0 s:32 server |
2025/04/30 10:49:07 [debug] 22#0: *30 http write filter limit 2097152 server |
2025/04/30 10:49:07 [debug] 22#0: *6 malloc: 0000560FACE3F280:4096 server |
2025/04/30 10:49:07 [debug] 22#0: *30 quic send_chain sent:32 server |
2025/04/30 10:49:07 [debug] 22#0: *6 quic stream id:0x5c flush limit:1047840 server |
2025/04/30 10:49:07 [debug] 22#0: *6 posix_memalign: 0000560FACE3B450:512 @16 server |
2025/04/30 10:49:07 [debug] 22#0: *6 update posted event 0000560FACDB4248 server |
2025/04/30 10:49:07 [debug] 22#0: *6 quic stream id:0x5c flush len:32 last:0 server |
2025/04/30 10:49:07 [debug] 22#0: *30 http write filter 0000000000000000 server |
2025/04/30 10:49:07 [debug] 22#0: *30 http copy filter: 0 "/hhycignucfawykcshwxjgcvattgnbbatwpwhnjjuaceqmzuejckkwvgtwdkkushdsvitoadapptgyrlkindwjizbdanrvineemlexwmszpbkybzimgbndmxxlrsmmtaynxlybdrzknsudhfbopohdfoqlwgirmbctvarnnxoqemeybjhvhoszhylrrlkytykrodsqbfnyyrrsbxwldjdeqjtoieaksjjlekwydjforyrduzhlzymhmxzsq?" server |
2025/04/30 10:49:07 [debug] 22#0: *30 http finalize request: 0, "/hhycignucfawykcshwxjgcvattgnbbatwpwhnjjuaceqmzuejckkwvgtwdkkushdsvitoadapptgyrlkindwjizbdanrvineemlexwmszpbkybzimgbndmxxlrsmmtaynxlybdrzknsudhfbopohdfoqlwgirmbctvarnnxoqemeybjhvhoszhylrrlkytykrodsqbfnyyrrsbxwldjdeqjtoieaksjjlekwydjforyrduzhlzymhmxzsq?" a:1, c:1 server |
2025/04/30 10:49:07 [debug] 22#0: *30 http request count:1 blk:0 server |
2025/04/30 10:49:07 [debug] 22#0: *30 http close request server |
2025/04/30 10:49:07 [debug] 22#0: *30 http log handler server | 193.167.0.100 - - [30/Apr/2025:10:49:07 +0000] "GET /hhycignucfawykcshwxjgcvattgnbbatwpwhnjjuaceqmzuejckkwvgtwdkkushdsvitoadapptgyrlkindwjizbdanrvineemlexwmszpbkybzimgbndmxxlrsmmtaynxlybdrzknsudhfbopohdfoqlwgirmbctvarnnxoqemeybjhvhoszhylrrlkytykrodsqbfnyyrrsbxwldjdeqjtoieaksjjlekwydjforyrduzhlzymhmxzsq" 200 32 "-" "-" server |
2025/04/30 10:49:07 [debug] 22#0: *30 run cleanup: 0000560FACE3E088 server |
2025/04/30 10:49:07 [debug] 22#0: *30 file cleanup: fd:3 server |
2025/04/30 10:49:07 [debug] 22#0: *30 free: 0000560FACE3D260, unused: 0 server |
2025/04/30 10:49:07 [debug] 22#0: *30 free: 0000560FACE3E270, unused: 3501 server |
2025/04/30 10:49:07 [debug] 22#0: *30 close http connection: 6 server |
2025/04/30 10:49:07 [debug] 22#0: *30 reusable connection: 0 server |
2025/04/30 10:49:07 [debug] 22#0: *30 run cleanup: 0000560FACE01E00 server |
2025/04/30 10:49:07 [debug] 22#0: *6 event timer add: 6: 75000:457393 server |
2025/04/30 10:49:07 [debug] 22#0: *30 run cleanup: 0000560FACE01D90 server |
2025/04/30 10:49:07 [debug] 22#0: *6 quic stream id:0x5c cleanup server |
2025/04/30 10:49:07 [debug] 22#0: *6 quic stream id:0x5c send shutdown server |
2025/04/30 10:49:07 [debug] 22#0: *6 quic stream id:0x5c flush limit:1047808 server |
2025/04/30 10:49:07 [debug] 22#0: *6 update posted event 0000560FACDB4248 server |
2025/04/30 10:49:07 [debug] 22#0: *6 quic stream id:0x5c flush len:0 last:1 server |
2025/04/30 10:49:07 [debug] 22#0: *30 free: 0000560FACE01CD0, unused: 14952 server |
2025/04/30 10:49:07 [debug] 22#0: posted event 0000560FACDB4248 server |
2025/04/30 10:49:07 [debug] 22#0: *6 delete posted event 0000560FACDB4248 server |
2025/04/30 10:49:07 [debug] 22#0: *6 quic push handler server |
2025/04/30 10:49:07 [debug] 22#0: *6 quic output app packet max:1200 min:0 server |
2025/04/30 10:49:07 [debug] 22#0: *6 quic frame tx app:23 ACK n:0 delay:0 24-1 server |
2025/04/30 10:49:07 [debug] 22#0: *6 quic frame tx app:23 STREAM id:0x5c off:0 len:32 server |
2025/04/30 10:49:07 [debug] 22#0: *6 quic frame tx app:23 STREAM id:0x5c off:32 len:0 fin:1 server |
2025/04/30 10:49:07 [debug] 22#0: *6 quic packet tx app bytes:47 need_ack:1 number:23 encoded nl:1 trunc:0x17 server |
2025/04/30 10:49:07 [debug] 22#0: *6 sendmsg: 73 of 73 server |
2025/04/30 10:49:07 [debug] 22#0: *6 quic congestion send if:2776 server |
2025/04/30 10:49:07 [debug] 22#0: *6 quic congestion send if:2776 server |
2025/04/30 10:49:07 [debug] 22#0: *6 quic congestion send if:2849 server |
2025/04/30 10:49:07 [debug] 22#0: *6 event timer: 6, old: 442375, new: 442393 server |
2025/04/30 10:49:07 [debug] 22#0: *6 event timer del: 6: 383372 server |
2025/04/30 10:49:07 [debug] 22#0: *6 quic lost timer pto:979 server |
2025/04/30 10:49:07 [debug] 22#0: *6 event timer add: 6: 979:383372 server |
2025/04/30 10:49:07 [debug] 22#0: *6 quic state: send:59982 pto:979 server |
2025/04/30 10:49:07 [debug] 22#0: worker cycle server |
2025/04/30 10:49:07 [debug] 22#0: epoll timer: 979 server |
2025/04/30 10:49:07 [debug] 22#0: epoll: fd:6 ev:0001 d:00007FC569B06108 server |
2025/04/30 10:49:07 [debug] 22#0: quic recvmsg on 0.0.0.0:443, ready: 0 server |
2025/04/30 10:49:07 [debug] 22#0: *6 quic recvmsg: fd:6 n:305 server |
2025/04/30 10:49:07 [debug] 22#0: *6 quic input handler server |
2025/04/30 10:49:07 [debug] 22#0: *6 quic packet rx long flags:d8 version:1 server |
2025/04/30 10:49:07 [debug] 22#0: *6 quic packet rx early len:280 server |
2025/04/30 10:49:07 [debug] 22#0: *6 quic packet rx dcid len:8 fdc52ceab08acb96 server |
2025/04/30 10:49:07 [debug] 22#0: *6 quic packet rx scid len:8 c53bc2bd132ca697 server |
2025/04/30 10:49:07 [debug] 22#0: *6 quic packet rx clearflags:d1 server |
2025/04/30 10:49:07 [debug] 22#0: *6 quic packet rx number:25 len:2 server |
2025/04/30 10:49:07 [debug] 22#0: *6 quic packet len:305 via sock seq:-1 path seq:0 server |
2025/04/30 10:49:07 [debug] 22#0: *6 quic path seq:0 status tx:2849 rx:8505 valid:0 st:0 mtu:1200 server |
2025/04/30 10:49:07 [debug] 22#0: *6 quic frame rx early:25 STREAM id:0x60 len:257 fin:1 server |
2025/04/30 10:49:07 [debug] 22#0: *6 quic stream id:0x60 is missing server |
2025/04/30 10:49:07 [debug] 22#0: *6 quic stream id:0x60 create server |
2025/04/30 10:49:07 [debug] 22#0: *6 posix_memalign: 0000560FACE3B660:512 @16 server |
2025/04/30 10:49:07 [debug] 22#0: *6 posix_memalign: 0000560FACE01CD0:16384 @16 server |
2025/04/30 10:49:07 [debug] 22#0: *6 reusable connection: 0 server |
2025/04/30 10:49:07 [debug] 22#0: *31 add cleanup: 0000560FACE01D90 server |
2025/04/30 10:49:07 [debug] 22#0: *31 post event 0000560FACDCEAD0 server |
2025/04/30 10:49:07 [debug] 22#0: *6 quic stream id:0x60 flow control msd:257/65536 md:6425/8585216 server |
2025/04/30 10:49:07 [debug] 22#0: *6 malloc: 0000560FACE3D260:4096 server |
2025/04/30 10:49:07 [debug] 22#0: *6 quic ngx_quic_ack_packet pn:25 largest 24 fr:23 nranges:0 server |
2025/04/30 10:49:07 [debug] 22#0: *6 post event 0000560FACDB4248 server |
2025/04/30 10:49:07 [debug] 22#0: *6 quic packet done rc:0 level:early decr:1 pn:25 perr:0 server |
2025/04/30 10:49:07 [debug] 22#0: *6 event timer: 6, old: 442375, new: 442394 server |
2025/04/30 10:49:07 [debug] 22#0: *6 quic state: read:59981 pto:978 server |
2025/04/30 10:49:07 [debug] 22#0: timer delta: 1 server |
2025/04/30 10:49:07 [debug] 22#0: posted event 0000560FACDCEAD0 server |
2025/04/30 10:49:07 [debug] 22#0: *31 delete posted event 0000560FACDCEAD0 server |
2025/04/30 10:49:07 [debug] 22#0: *31 quic init stream server |
2025/04/30 10:49:07 [debug] 22#0: *31 http3 init request stream server |
2025/04/30 10:49:07 [debug] 22#0: *31 add cleanup: 0000560FACE01E00 server |
2025/04/30 10:49:07 [debug] 22#0: *6 event timer del: 6: 457393 server |
2025/04/30 10:49:07 [debug] 22#0: *31 http wait request handler server |
2025/04/30 10:49:07 [debug] 22#0: *6 quic stream id:0x60 recv buf:1024 server |
2025/04/30 10:49:07 [debug] 22#0: *31 quic stream id:0x60 recv len:257 server |
2025/04/30 10:49:07 [debug] 22#0: *6 quic stream id:0x60 flow update 257 server |
2025/04/30 10:49:07 [debug] 22#0: *31 reusable connection: 0 server |
2025/04/30 10:49:07 [debug] 22#0: *31 posix_memalign: 0000560FACE3E270:4096 @16 server |
2025/04/30 10:49:07 [debug] 22#0: *31 http process request line server |
2025/04/30 10:49:07 [debug] 22#0: *31 http request line: "GET /vbucebyorgoeeicgbxbqabxkcbbnperbpxeelngoljpoumntptqbwgxfjeodfwhbkxvizfhwzwnxphjluklngqtfvutmiropyopbefdzrixxosojkexvzoyuqqezvqohmgpztbucandmmcooiaoyzzhaniiafmbvxfrerukokefappxjmhhmknrghhclcjzbjbdtjvajgxniwfvmhqdrsrbpdfcvtkuvtwqmmszbxagivuzitxkssrdlrl" server |
2025/04/30 10:49:07 [debug] 22#0: *31 http uri: "/vbucebyorgoeeicgbxbqabxkcbbnperbpxeelngoljpoumntptqbwgxfjeodfwhbkxvizfhwzwnxphjluklngqtfvutmiropyopbefdzrixxosojkexvzoyuqqezvqohmgpztbucandmmcooiaoyzzhaniiafmbvxfrerukokefappxjmhhmknrghhclcjzbjbdtjvajgxniwfvmhqdrsrbpdfcvtkuvtwqmmszbxagivuzitxkssrdlrl" server |
2025/04/30 10:49:07 [debug] 22#0: *31 http args: "" server |
2025/04/30 10:49:07 [debug] 22#0: *31 http exten: "" server |
2025/04/30 10:49:07 [debug] 22#0: *31 rewrite phase: 0 server |
2025/04/30 10:49:07 [debug] 22#0: *31 test location: "/" server |
2025/04/30 10:49:07 [debug] 22#0: *31 using configuration "/" server |
2025/04/30 10:49:07 [debug] 22#0: *31 http cl:-1 max:1048576 server |
2025/04/30 10:49:07 [debug] 22#0: *31 rewrite phase: 2 server |
2025/04/30 10:49:07 [debug] 22#0: *31 post rewrite phase: 3 server |
2025/04/30 10:49:07 [debug] 22#0: *31 generic phase: 4 server |
2025/04/30 10:49:07 [debug] 22#0: *31 generic phase: 5 server |
2025/04/30 10:49:07 [debug] 22#0: *31 access phase: 6 server |
2025/04/30 10:49:07 [debug] 22#0: *31 access phase: 7 server |
2025/04/30 10:49:07 [debug] 22#0: *31 post access phase: 8 server |
2025/04/30 10:49:07 [debug] 22#0: *31 generic phase: 9 server |
2025/04/30 10:49:07 [debug] 22#0: *31 generic phase: 10 server |
2025/04/30 10:49:07 [debug] 22#0: *31 content phase: 11 server |
2025/04/30 10:49:07 [debug] 22#0: *31 content phase: 12 server |
2025/04/30 10:49:07 [debug] 22#0: *31 content phase: 13 server |
2025/04/30 10:49:07 [debug] 22#0: *31 http filename: "/www/vbucebyorgoeeicgbxbqabxkcbbnperbpxeelngoljpoumntptqbwgxfjeodfwhbkxvizfhwzwnxphjluklngqtfvutmiropyopbefdzrixxosojkexvzoyuqqezvqohmgpztbucandmmcooiaoyzzhaniiafmbvxfrerukokefappxjmhhmknrghhclcjzbjbdtjvajgxniwfvmhqdrsrbpdfcvtkuvtwqmmszbxagivuzitxkssrdlrl" server |
2025/04/30 10:49:07 [debug] 22#0: *31 add cleanup: 0000560FACE3F098 server |
2025/04/30 10:49:07 [debug] 22#0: *31 http static fd: 3 server |
2025/04/30 10:49:07 [debug] 22#0: *31 http set discard body server |
2025/04/30 10:49:07 [debug] 22#0: *31 http output filter "/vbucebyorgoeeicgbxbqabxkcbbnperbpxeelngoljpoumntptqbwgxfjeodfwhbkxvizfhwzwnxphjluklngqtfvutmiropyopbefdzrixxosojkexvzoyuqqezvqohmgpztbucandmmcooiaoyzzhaniiafmbvxfrerukokefappxjmhhmknrghhclcjzbjbdtjvajgxniwfvmhqdrsrbpdfcvtkuvtwqmmszbxagivuzitxkssrdlrl?" server |
2025/04/30 10:49:07 [debug] 22#0: *31 http copy filter: "/vbucebyorgoeeicgbxbqabxkcbbnperbpxeelngoljpoumntptqbwgxfjeodfwhbkxvizfhwzwnxphjluklngqtfvutmiropyopbefdzrixxosojkexvzoyuqqezvqohmgpztbucandmmcooiaoyzzhaniiafmbvxfrerukokefappxjmhhmknrghhclcjzbjbdtjvajgxniwfvmhqdrsrbpdfcvtkuvtwqmmszbxagivuzitxkssrdlrl?" server |
2025/04/30 10:49:07 [debug] 22#0: *31 posix_memalign: 0000560FACE40290:4096 @16 server |
2025/04/30 10:49:07 [debug] 22#0: *31 read: 3, 0000560FACE3F240, 32, 0 server |
2025/04/30 10:49:07 [debug] 22#0: *31 http postpone filter "/vbucebyorgoeeicgbxbqabxkcbbnperbpxeelngoljpoumntptqbwgxfjeodfwhbkxvizfhwzwnxphjluklngqtfvutmiropyopbefdzrixxosojkexvzoyuqqezvqohmgpztbucandmmcooiaoyzzhaniiafmbvxfrerukokefappxjmhhmknrghhclcjzbjbdtjvajgxniwfvmhqdrsrbpdfcvtkuvtwqmmszbxagivuzitxkssrdlrl?" 0000560FACE3F230 server |
2025/04/30 10:49:07 [debug] 22#0: *31 write new buf t:1 f:0 0000560FACE3F240, pos 0000560FACE3F240, size: 32 file: 0, size: 0 server |
2025/04/30 10:49:07 [debug] 22#0: *31 http write filter: l:1 f:0 s:32 server |
2025/04/30 10:49:07 [debug] 22#0: *31 http write filter limit 2097152 server |
2025/04/30 10:49:07 [debug] 22#0: *6 posix_memalign: 0000560FACE3B870:512 @16 server |
2025/04/30 10:49:07 [debug] 22#0: *6 malloc: 0000560FACE412A0:4096 server |
2025/04/30 10:49:07 [debug] 22#0: *31 quic send_chain sent:32 server |
2025/04/30 10:49:07 [debug] 22#0: *6 quic stream id:0x60 flush limit:1047808 server |
2025/04/30 10:49:07 [debug] 22#0: *6 update posted event 0000560FACDB4248 server |
2025/04/30 10:49:07 [debug] 22#0: *6 quic stream id:0x60 flush len:32 last:0 server |
2025/04/30 10:49:07 [debug] 22#0: *31 http write filter 0000000000000000 server |
2025/04/30 10:49:07 [debug] 22#0: *31 http copy filter: 0 "/vbucebyorgoeeicgbxbqabxkcbbnperbpxeelngoljpoumntptqbwgxfjeodfwhbkxvizfhwzwnxphjluklngqtfvutmiropyopbefdzrixxosojkexvzoyuqqezvqohmgpztbucandmmcooiaoyzzhaniiafmbvxfrerukokefappxjmhhmknrghhclcjzbjbdtjvajgxniwfvmhqdrsrbpdfcvtkuvtwqmmszbxagivuzitxkssrdlrl?" server |
2025/04/30 10:49:07 [debug] 22#0: *31 http finalize request: 0, "/vbucebyorgoeeicgbxbqabxkcbbnperbpxeelngoljpoumntptqbwgxfjeodfwhbkxvizfhwzwnxphjluklngqtfvutmiropyopbefdzrixxosojkexvzoyuqqezvqohmgpztbucandmmcooiaoyzzhaniiafmbvxfrerukokefappxjmhhmknrghhclcjzbjbdtjvajgxniwfvmhqdrsrbpdfcvtkuvtwqmmszbxagivuzitxkssrdlrl?" a:1, c:1 server |
2025/04/30 10:49:07 [debug] 22#0: *31 http request count:1 blk:0 server |
2025/04/30 10:49:07 [debug] 22#0: *31 http close request server |
2025/04/30 10:49:07 [debug] 22#0: *31 http log handler server | 193.167.0.100 - - [30/Apr/2025:10:49:07 +0000] "GET /vbucebyorgoeeicgbxbqabxkcbbnperbpxeelngoljpoumntptqbwgxfjeodfwhbkxvizfhwzwnxphjluklngqtfvutmiropyopbefdzrixxosojkexvzoyuqqezvqohmgpztbucandmmcooiaoyzzhaniiafmbvxfrerukokefappxjmhhmknrghhclcjzbjbdtjvajgxniwfvmhqdrsrbpdfcvtkuvtwqmmszbxagivuzitxkssrdlrl" 200 32 "-" "-" server |
2025/04/30 10:49:07 [debug] 22#0: *31 run cleanup: 0000560FACE3F098 server |
2025/04/30 10:49:07 [debug] 22#0: *31 file cleanup: fd:3 server |
2025/04/30 10:49:07 [debug] 22#0: *31 free: 0000560FACE3E270, unused: 0 server |
2025/04/30 10:49:07 [debug] 22#0: *31 free: 0000560FACE40290, unused: 3501 server |
2025/04/30 10:49:07 [debug] 22#0: *31 close http connection: 6 server |
2025/04/30 10:49:07 [debug] 22#0: *31 reusable connection: 0 server |
2025/04/30 10:49:07 [debug] 22#0: *31 run cleanup: 0000560FACE01E00 server |
2025/04/30 10:49:07 [debug] 22#0: *6 event timer add: 6: 75000:457394 server |
2025/04/30 10:49:07 [debug] 22#0: *31 run cleanup: 0000560FACE01D90 server |
2025/04/30 10:49:07 [debug] 22#0: *6 quic stream id:0x60 cleanup server |
2025/04/30 10:49:07 [debug] 22#0: *6 quic stream id:0x60 send shutdown server |
2025/04/30 10:49:07 [debug] 22#0: *6 quic stream id:0x60 flush limit:1047776 server |
2025/04/30 10:49:07 [debug] 22#0: *6 update posted event 0000560FACDB4248 server |
2025/04/30 10:49:07 [debug] 22#0: *6 quic stream id:0x60 flush len:0 last:1 server |
2025/04/30 10:49:07 [debug] 22#0: *31 free: 0000560FACE01CD0, unused: 14952 server |
2025/04/30 10:49:07 [debug] 22#0: posted event 0000560FACDB4248 server |
2025/04/30 10:49:07 [debug] 22#0: *6 delete posted event 0000560FACDB4248 server |
2025/04/30 10:49:07 [debug] 22#0: *6 quic push handler server |
2025/04/30 10:49:07 [debug] 22#0: *6 posix_memalign: 0000560FACE3BA80:512 @16 server |
2025/04/30 10:49:07 [debug] 22#0: *6 quic output app packet max:1200 min:0 server |
2025/04/30 10:49:07 [debug] 22#0: *6 quic frame tx app:24 ACK n:0 delay:0 25-1 server |
2025/04/30 10:49:07 [debug] 22#0: *6 quic frame tx app:24 STREAM id:0x60 off:0 len:32 server |
2025/04/30 10:49:07 [debug] 22#0: *6 quic frame tx app:24 STREAM id:0x60 off:32 len:0 fin:1 server |
2025/04/30 10:49:07 [debug] 22#0: *6 quic packet tx app bytes:47 need_ack:1 number:24 encoded nl:1 trunc:0x18 server |
2025/04/30 10:49:07 [debug] 22#0: *6 sendmsg: 73 of 73 server |
2025/04/30 10:49:07 [debug] 22#0: *6 quic congestion send if:2849 server |
2025/04/30 10:49:07 [debug] 22#0: *6 quic congestion send if:2849 server |
2025/04/30 10:49:07 [debug] 22#0: *6 quic congestion send if:2922 server |
2025/04/30 10:49:07 [debug] 22#0: *6 event timer: 6, old: 442375, new: 442394 server |
2025/04/30 10:49:07 [debug] 22#0: *6 event timer del: 6: 383372 server |
2025/04/30 10:49:07 [debug] 22#0: *6 quic lost timer pto:978 server |
2025/04/30 10:49:07 [debug] 22#0: *6 event timer add: 6: 978:383372 server |
2025/04/30 10:49:07 [debug] 22#0: *6 quic state: send:59981 pto:978 server |
2025/04/30 10:49:07 [debug] 22#0: worker cycle server |
2025/04/30 10:49:07 [debug] 22#0: epoll timer: 978 server |
2025/04/30 10:49:07 [debug] 22#0: epoll: fd:6 ev:0001 d:00007FC569B06108 server |
2025/04/30 10:49:07 [debug] 22#0: quic recvmsg on 0.0.0.0:443, ready: 0 server |
2025/04/30 10:49:07 [debug] 22#0: *6 quic recvmsg: fd:6 n:305 server |
2025/04/30 10:49:07 [debug] 22#0: *6 quic input handler server |
2025/04/30 10:49:07 [debug] 22#0: *6 quic packet rx long flags:d4 version:1 server |
2025/04/30 10:49:07 [debug] 22#0: *6 quic packet rx early len:280 server |
2025/04/30 10:49:07 [debug] 22#0: *6 quic packet rx dcid len:8 fdc52ceab08acb96 server |
2025/04/30 10:49:07 [debug] 22#0: *6 quic packet rx scid len:8 c53bc2bd132ca697 server |
2025/04/30 10:49:07 [debug] 22#0: *6 quic packet rx clearflags:d1 server |
2025/04/30 10:49:07 [debug] 22#0: *6 quic packet rx number:26 len:2 server |
2025/04/30 10:49:07 [debug] 22#0: *6 quic packet len:305 via sock seq:-1 path seq:0 server |
2025/04/30 10:49:07 [debug] 22#0: *6 quic path seq:0 status tx:2922 rx:8810 valid:0 st:0 mtu:1200 server |
2025/04/30 10:49:07 [debug] 22#0: *6 quic frame rx early:26 STREAM id:0x64 len:257 fin:1 server |
2025/04/30 10:49:07 [debug] 22#0: *6 quic stream id:0x64 is missing server |
2025/04/30 10:49:07 [debug] 22#0: *6 quic stream id:0x64 create server |
2025/04/30 10:49:07 [debug] 22#0: *6 posix_memalign: 0000560FACE01CD0:16384 @16 server |
2025/04/30 10:49:07 [debug] 22#0: *6 reusable connection: 0 server |
2025/04/30 10:49:07 [debug] 22#0: *32 add cleanup: 0000560FACE01D90 server |
2025/04/30 10:49:07 [debug] 22#0: *32 post event 0000560FACDCEAD0 server |
2025/04/30 10:49:07 [debug] 22#0: *6 quic stream id:0x64 flow control msd:257/65536 md:6682/8585216 server |
2025/04/30 10:49:07 [debug] 22#0: *6 malloc: 0000560FACE40290:4096 server |
2025/04/30 10:49:07 [debug] 22#0: *6 posix_memalign: 0000560FACE3BC90:512 @16 server |
2025/04/30 10:49:07 [debug] 22#0: *6 quic ngx_quic_ack_packet pn:26 largest 25 fr:24 nranges:0 server |
2025/04/30 10:49:07 [debug] 22#0: *6 post event 0000560FACDB4248 server |
2025/04/30 10:49:07 [debug] 22#0: *6 quic packet done rc:0 level:early decr:1 pn:26 perr:0 server |
2025/04/30 10:49:07 [debug] 22#0: *6 event timer: 6, old: 442375, new: 442394 server |
2025/04/30 10:49:07 [debug] 22#0: *6 quic state: read:59981 pto:978 server |
2025/04/30 10:49:07 [debug] 22#0: timer delta: 0 server |
2025/04/30 10:49:07 [debug] 22#0: posted event 0000560FACDCEAD0 server |
2025/04/30 10:49:07 [debug] 22#0: *32 delete posted event 0000560FACDCEAD0 server |
2025/04/30 10:49:07 [debug] 22#0: *32 quic init stream server |
2025/04/30 10:49:07 [debug] 22#0: *32 http3 init request stream server |
2025/04/30 10:49:07 [debug] 22#0: *32 add cleanup: 0000560FACE01E00 server |
2025/04/30 10:49:07 [debug] 22#0: *6 event timer del: 6: 457394 server |
2025/04/30 10:49:07 [debug] 22#0: *32 http wait request handler server |
2025/04/30 10:49:07 [debug] 22#0: *6 quic stream id:0x64 recv buf:1024 server |
2025/04/30 10:49:07 [debug] 22#0: *32 quic stream id:0x64 recv len:257 server |
2025/04/30 10:49:07 [debug] 22#0: *6 quic stream id:0x64 flow update 257 server |
2025/04/30 10:49:07 [debug] 22#0: *32 reusable connection: 0 server |
2025/04/30 10:49:07 [debug] 22#0: *32 posix_memalign: 0000560FACE3E270:4096 @16 server |
2025/04/30 10:49:07 [debug] 22#0: *32 http process request line server |
2025/04/30 10:49:07 [debug] 22#0: *32 http request line: "GET /cvnkwujnfxkjpsgcpuzujsldkowduknweupcmeldrestofmzfajztuvaioexnpmkampcxztsgwvfplkfmkjhzntahozskxioojvbsmfndcgxlczfsjpomqbopvoeigrlkulqmbzockqurgrpblekrwbcxhbptwvufkzabmzdxixessulzucsulrbqugrzwiarhfxcmikdtyxvsmmrvftrmwlpqrhwgdehbghfltytszbohidtttrfzkxgb" server |
2025/04/30 10:49:07 [debug] 22#0: *32 http uri: "/cvnkwujnfxkjpsgcpuzujsldkowduknweupcmeldrestofmzfajztuvaioexnpmkampcxztsgwvfplkfmkjhzntahozskxioojvbsmfndcgxlczfsjpomqbopvoeigrlkulqmbzockqurgrpblekrwbcxhbptwvufkzabmzdxixessulzucsulrbqugrzwiarhfxcmikdtyxvsmmrvftrmwlpqrhwgdehbghfltytszbohidtttrfzkxgb" server |
2025/04/30 10:49:07 [debug] 22#0: *32 http args: "" server |
2025/04/30 10:49:07 [debug] 22#0: *32 http exten: "" server |
2025/04/30 10:49:07 [debug] 22#0: *32 rewrite phase: 0 server |
2025/04/30 10:49:07 [debug] 22#0: *32 test location: "/" server |
2025/04/30 10:49:07 [debug] 22#0: *32 using configuration "/" server |
2025/04/30 10:49:07 [debug] 22#0: *32 http cl:-1 max:1048576 server |
2025/04/30 10:49:07 [debug] 22#0: *32 rewrite phase: 2 server |
2025/04/30 10:49:07 [debug] 22#0: *32 post rewrite phase: 3 server |
2025/04/30 10:49:07 [debug] 22#0: *32 generic phase: 4 server |
2025/04/30 10:49:07 [debug] 22#0: *32 generic phase: 5 server |
2025/04/30 10:49:07 [debug] 22#0: *32 access phase: 6 server |
2025/04/30 10:49:07 [debug] 22#0: *32 access phase: 7 server |
2025/04/30 10:49:07 [debug] 22#0: *32 post access phase: 8 server |
2025/04/30 10:49:07 [debug] 22#0: *32 generic phase: 9 server |
2025/04/30 10:49:07 [debug] 22#0: *32 generic phase: 10 server |
2025/04/30 10:49:07 [debug] 22#0: *32 content phase: 11 server |
2025/04/30 10:49:07 [debug] 22#0: *32 content phase: 12 server |
2025/04/30 10:49:07 [debug] 22#0: *32 content phase: 13 server |
2025/04/30 10:49:07 [debug] 22#0: *32 http filename: "/www/cvnkwujnfxkjpsgcpuzujsldkowduknweupcmeldrestofmzfajztuvaioexnpmkampcxztsgwvfplkfmkjhzntahozskxioojvbsmfndcgxlczfsjpomqbopvoeigrlkulqmbzockqurgrpblekrwbcxhbptwvufkzabmzdxixessulzucsulrbqugrzwiarhfxcmikdtyxvsmmrvftrmwlpqrhwgdehbghfltytszbohidtttrfzkxgb" server |
2025/04/30 10:49:07 [debug] 22#0: *32 add cleanup: 0000560FACE3F098 server |
2025/04/30 10:49:07 [debug] 22#0: *32 http static fd: 3 server |
2025/04/30 10:49:07 [debug] 22#0: *32 http set discard body server |
2025/04/30 10:49:07 [debug] 22#0: *32 http output filter "/cvnkwujnfxkjpsgcpuzujsldkowduknweupcmeldrestofmzfajztuvaioexnpmkampcxztsgwvfplkfmkjhzntahozskxioojvbsmfndcgxlczfsjpomqbopvoeigrlkulqmbzockqurgrpblekrwbcxhbptwvufkzabmzdxixessulzucsulrbqugrzwiarhfxcmikdtyxvsmmrvftrmwlpqrhwgdehbghfltytszbohidtttrfzkxgb?" server |
2025/04/30 10:49:07 [debug] 22#0: *32 http copy filter: "/cvnkwujnfxkjpsgcpuzujsldkowduknweupcmeldrestofmzfajztuvaioexnpmkampcxztsgwvfplkfmkjhzntahozskxioojvbsmfndcgxlczfsjpomqbopvoeigrlkulqmbzockqurgrpblekrwbcxhbptwvufkzabmzdxixessulzucsulrbqugrzwiarhfxcmikdtyxvsmmrvftrmwlpqrhwgdehbghfltytszbohidtttrfzkxgb?" server |
2025/04/30 10:49:07 [debug] 22#0: *32 posix_memalign: 0000560FACE422B0:4096 @16 server |
2025/04/30 10:49:07 [debug] 22#0: *32 read: 3, 0000560FACE3F240, 32, 0 server |
2025/04/30 10:49:07 [debug] 22#0: *32 http postpone filter "/cvnkwujnfxkjpsgcpuzujsldkowduknweupcmeldrestofmzfajztuvaioexnpmkampcxztsgwvfplkfmkjhzntahozskxioojvbsmfndcgxlczfsjpomqbopvoeigrlkulqmbzockqurgrpblekrwbcxhbptwvufkzabmzdxixessulzucsulrbqugrzwiarhfxcmikdtyxvsmmrvftrmwlpqrhwgdehbghfltytszbohidtttrfzkxgb?" 0000560FACE3F230 server |
2025/04/30 10:49:07 [debug] 22#0: *32 write new buf t:1 f:0 0000560FACE3F240, pos 0000560FACE3F240, size: 32 file: 0, size: 0 server |
2025/04/30 10:49:07 [debug] 22#0: *32 http write filter: l:1 f:0 s:32 server |
2025/04/30 10:49:07 [debug] 22#0: *32 http write filter limit 2097152 server |
2025/04/30 10:49:07 [debug] 22#0: *6 malloc: 0000560FACE432C0:4096 server |
2025/04/30 10:49:07 [debug] 22#0: *32 quic send_chain sent:32 server |
2025/04/30 10:49:07 [debug] 22#0: *6 quic stream id:0x64 flush limit:1047776 server |
2025/04/30 10:49:07 [debug] 22#0: *6 update posted event 0000560FACDB4248 server |
2025/04/30 10:49:07 [debug] 22#0: *6 quic stream id:0x64 flush len:32 last:0 server |
2025/04/30 10:49:07 [debug] 22#0: *32 http write filter 0000000000000000 server |
2025/04/30 10:49:07 [debug] 22#0: *32 http copy filter: 0 "/cvnkwujnfxkjpsgcpuzujsldkowduknweupcmeldrestofmzfajztuvaioexnpmkampcxztsgwvfplkfmkjhzntahozskxioojvbsmfndcgxlczfsjpomqbopvoeigrlkulqmbzockqurgrpblekrwbcxhbptwvufkzabmzdxixessulzucsulrbqugrzwiarhfxcmikdtyxvsmmrvftrmwlpqrhwgdehbghfltytszbohidtttrfzkxgb?" server |
2025/04/30 10:49:07 [debug] 22#0: *32 http finalize request: 0, "/cvnkwujnfxkjpsgcpuzujsldkowduknweupcmeldrestofmzfajztuvaioexnpmkampcxztsgwvfplkfmkjhzntahozskxioojvbsmfndcgxlczfsjpomqbopvoeigrlkulqmbzockqurgrpblekrwbcxhbptwvufkzabmzdxixessulzucsulrbqugrzwiarhfxcmikdtyxvsmmrvftrmwlpqrhwgdehbghfltytszbohidtttrfzkxgb?" a:1, c:1 server |
2025/04/30 10:49:07 [debug] 22#0: *32 http request count:1 blk:0 server |
2025/04/30 10:49:07 [debug] 22#0: *32 http close request server |
2025/04/30 10:49:07 [debug] 22#0: *32 http log handler server | 193.167.0.100 - - [30/Apr/2025:10:49:07 +0000] "GET /cvnkwujnfxkjpsgcpuzujsldkowduknweupcmeldrestofmzfajztuvaioexnpmkampcxztsgwvfplkfmkjhzntahozskxioojvbsmfndcgxlczfsjpomqbopvoeigrlkulqmbzockqurgrpblekrwbcxhbptwvufkzabmzdxixessulzucsulrbqugrzwiarhfxcmikdtyxvsmmrvftrmwlpqrhwgdehbghfltytszbohidtttrfzkxgb" 200 32 "-" "-" server |
2025/04/30 10:49:07 [debug] 22#0: *32 run cleanup: 0000560FACE3F098 server |
2025/04/30 10:49:07 [debug] 22#0: *32 file cleanup: fd:3 server |
2025/04/30 10:49:07 [debug] 22#0: *32 free: 0000560FACE3E270, unused: 0 server |
2025/04/30 10:49:07 [debug] 22#0: *32 free: 0000560FACE422B0, unused: 3501 server |
2025/04/30 10:49:07 [debug] 22#0: *32 close http connection: 6 server |
2025/04/30 10:49:07 [debug] 22#0: *32 reusable connection: 0 server |
2025/04/30 10:49:07 [debug] 22#0: *32 run cleanup: 0000560FACE01E00 server |
2025/04/30 10:49:07 [debug] 22#0: *6 event timer add: 6: 75000:457394 server |
2025/04/30 10:49:07 [debug] 22#0: *32 run cleanup: 0000560FACE01D90 server |
2025/04/30 10:49:07 [debug] 22#0: *6 quic stream id:0x64 cleanup server |
2025/04/30 10:49:07 [debug] 22#0: *6 quic stream id:0x64 send shutdown server |
2025/04/30 10:49:07 [debug] 22#0: *6 quic stream id:0x64 flush limit:1047744 server |
2025/04/30 10:49:07 [debug] 22#0: *6 posix_memalign: 0000560FACE3BEA0:512 @16 server |
2025/04/30 10:49:07 [debug] 22#0: *6 update posted event 0000560FACDB4248 server |
2025/04/30 10:49:07 [debug] 22#0: *6 quic stream id:0x64 flush len:0 last:1 server |
2025/04/30 10:49:07 [debug] 22#0: *32 free: 0000560FACE01CD0, unused: 14952 server |
2025/04/30 10:49:07 [debug] 22#0: posted event 0000560FACDB4248 server |
2025/04/30 10:49:07 [debug] 22#0: *6 delete posted event 0000560FACDB4248 server |
2025/04/30 10:49:07 [debug] 22#0: *6 quic push handler server |
2025/04/30 10:49:07 [debug] 22#0: *6 quic output app packet max:1200 min:0 server |
2025/04/30 10:49:07 [debug] 22#0: *6 quic frame tx app:25 ACK n:0 delay:0 26-1 server |
2025/04/30 10:49:07 [debug] 22#0: *6 quic frame tx app:25 STREAM id:0x64 off:0 len:32 server |
2025/04/30 10:49:07 [debug] 22#0: *6 quic frame tx app:25 STREAM id:0x64 off:32 len:0 fin:1 server |
2025/04/30 10:49:07 [debug] 22#0: *6 quic packet tx app bytes:47 need_ack:1 number:25 encoded nl:1 trunc:0x19 server |
2025/04/30 10:49:07 [debug] 22#0: *6 sendmsg: 73 of 73 server |
2025/04/30 10:49:07 [debug] 22#0: *6 quic congestion send if:2922 server |
2025/04/30 10:49:07 [debug] 22#0: *6 quic congestion send if:2922 server |
2025/04/30 10:49:07 [debug] 22#0: *6 quic congestion send if:2995 server |
2025/04/30 10:49:07 [debug] 22#0: *6 event timer: 6, old: 442375, new: 442394 server |
2025/04/30 10:49:07 [debug] 22#0: *6 event timer del: 6: 383372 server |
2025/04/30 10:49:07 [debug] 22#0: *6 quic lost timer pto:978 server |
2025/04/30 10:49:07 [debug] 22#0: *6 event timer add: 6: 978:383372 server |
2025/04/30 10:49:07 [debug] 22#0: *6 quic state: send:59981 pto:978 server |
2025/04/30 10:49:07 [debug] 22#0: worker cycle server |
2025/04/30 10:49:07 [debug] 22#0: epoll timer: 978 server |
2025/04/30 10:49:07 [debug] 22#0: epoll: fd:6 ev:0001 d:00007FC569B06108 server |
2025/04/30 10:49:07 [debug] 22#0: quic recvmsg on 0.0.0.0:443, ready: 0 server |
2025/04/30 10:49:07 [debug] 22#0: *6 quic recvmsg: fd:6 n:305 server |
2025/04/30 10:49:07 [debug] 22#0: *6 quic input handler server |
2025/04/30 10:49:07 [debug] 22#0: *6 quic packet rx long flags:dd version:1 server |
2025/04/30 10:49:07 [debug] 22#0: *6 quic packet rx early len:280 server |
2025/04/30 10:49:07 [debug] 22#0: *6 quic packet rx dcid len:8 fdc52ceab08acb96 server |
2025/04/30 10:49:07 [debug] 22#0: *6 quic packet rx scid len:8 c53bc2bd132ca697 server |
2025/04/30 10:49:07 [debug] 22#0: *6 quic packet rx clearflags:d1 server |
2025/04/30 10:49:07 [debug] 22#0: *6 quic packet rx number:27 len:2 server |
2025/04/30 10:49:07 [debug] 22#0: *6 quic packet len:305 via sock seq:-1 path seq:0 server |
2025/04/30 10:49:07 [debug] 22#0: *6 quic path seq:0 status tx:2995 rx:9115 valid:0 st:0 mtu:1200 server |
2025/04/30 10:49:07 [debug] 22#0: *6 quic frame rx early:27 STREAM id:0x68 len:257 fin:1 server |
2025/04/30 10:49:07 [debug] 22#0: *6 quic stream id:0x68 is missing server |
2025/04/30 10:49:07 [debug] 22#0: *6 quic stream id:0x68 create server |
2025/04/30 10:49:07 [debug] 22#0: *6 posix_memalign: 0000560FACE422B0:512 @16 server |
2025/04/30 10:49:07 [debug] 22#0: *6 posix_memalign: 0000560FACE01CD0:16384 @16 server |
2025/04/30 10:49:07 [debug] 22#0: *6 reusable connection: 0 server |
2025/04/30 10:49:07 [debug] 22#0: *33 add cleanup: 0000560FACE01D90 server |
2025/04/30 10:49:07 [debug] 22#0: *33 post event 0000560FACDCEAD0 server |
2025/04/30 10:49:07 [debug] 22#0: *6 quic stream id:0x68 flow control msd:257/65536 md:6939/8585216 server |
2025/04/30 10:49:07 [debug] 22#0: *6 malloc: 0000560FACE3E270:4096 server |
2025/04/30 10:49:07 [debug] 22#0: *6 quic ngx_quic_ack_packet pn:27 largest 26 fr:25 nranges:0 server |
2025/04/30 10:49:07 [debug] 22#0: *6 post event 0000560FACDB4248 server |
2025/04/30 10:49:07 [debug] 22#0: *6 quic packet done rc:0 level:early decr:1 pn:27 perr:0 server |
2025/04/30 10:49:07 [debug] 22#0: *6 event timer: 6, old: 442375, new: 442395 server |
2025/04/30 10:49:07 [debug] 22#0: *6 quic state: read:59980 pto:977 server |
2025/04/30 10:49:07 [debug] 22#0: timer delta: 1 server |
2025/04/30 10:49:07 [debug] 22#0: posted event 0000560FACDCEAD0 server |
2025/04/30 10:49:07 [debug] 22#0: *33 delete posted event 0000560FACDCEAD0 server |
2025/04/30 10:49:07 [debug] 22#0: *33 quic init stream server |
2025/04/30 10:49:07 [debug] 22#0: *33 http3 init request stream server |
2025/04/30 10:49:07 [debug] 22#0: *33 add cleanup: 0000560FACE01E00 server |
2025/04/30 10:49:07 [debug] 22#0: *6 event timer del: 6: 457394 server |
2025/04/30 10:49:07 [debug] 22#0: *33 http wait request handler server |
2025/04/30 10:49:07 [debug] 22#0: *6 quic stream id:0x68 recv buf:1024 server |
2025/04/30 10:49:07 [debug] 22#0: *33 quic stream id:0x68 recv len:257 server |
2025/04/30 10:49:07 [debug] 22#0: *6 quic stream id:0x68 flow update 257 server |
2025/04/30 10:49:07 [debug] 22#0: *33 reusable connection: 0 server |
2025/04/30 10:49:07 [debug] 22#0: *33 posix_memalign: 0000560FACE442D0:4096 @16 server |
2025/04/30 10:49:07 [debug] 22#0: *33 http process request line server |
2025/04/30 10:49:07 [debug] 22#0: *33 http request line: "GET /oibprxvbnllsagvjiumcwemaptuecagndarvdbcbghcrhzkiewrneogpebioqfwfooysokcxjesxlhswsfwechyhfcgvyrvjvdyvhtesaaeqmuyhwivjofrqopdpnnsqrflrbjarwdfsgvnnepbfwxmtinbjadbxaljoxfqpsfencnmjhazmvkjpayhjhrthydgdixyihufnqvucvzgsypnsvmdklnoruypprqoqqvmlsqxjzvzxzzrryl" server |
2025/04/30 10:49:07 [debug] 22#0: *33 http uri: "/oibprxvbnllsagvjiumcwemaptuecagndarvdbcbghcrhzkiewrneogpebioqfwfooysokcxjesxlhswsfwechyhfcgvyrvjvdyvhtesaaeqmuyhwivjofrqopdpnnsqrflrbjarwdfsgvnnepbfwxmtinbjadbxaljoxfqpsfencnmjhazmvkjpayhjhrthydgdixyihufnqvucvzgsypnsvmdklnoruypprqoqqvmlsqxjzvzxzzrryl" server |
2025/04/30 10:49:07 [debug] 22#0: *33 http args: "" server |
2025/04/30 10:49:07 [debug] 22#0: *33 http exten: "" server |
2025/04/30 10:49:07 [debug] 22#0: *33 rewrite phase: 0 server |
2025/04/30 10:49:07 [debug] 22#0: *33 test location: "/" server |
2025/04/30 10:49:07 [debug] 22#0: *33 using configuration "/" server |
2025/04/30 10:49:07 [debug] 22#0: *33 http cl:-1 max:1048576 server |
2025/04/30 10:49:07 [debug] 22#0: *33 rewrite phase: 2 server |
2025/04/30 10:49:07 [debug] 22#0: *33 post rewrite phase: 3 server |
2025/04/30 10:49:07 [debug] 22#0: *33 generic phase: 4 server |
2025/04/30 10:49:07 [debug] 22#0: *33 generic phase: 5 server |
2025/04/30 10:49:07 [debug] 22#0: *33 access phase: 6 server |
2025/04/30 10:49:07 [debug] 22#0: *33 access phase: 7 server |
2025/04/30 10:49:07 [debug] 22#0: *33 post access phase: 8 server |
2025/04/30 10:49:07 [debug] 22#0: *33 generic phase: 9 server |
2025/04/30 10:49:07 [debug] 22#0: *33 generic phase: 10 server |
2025/04/30 10:49:07 [debug] 22#0: *33 content phase: 11 server |
2025/04/30 10:49:07 [debug] 22#0: *33 content phase: 12 server |
2025/04/30 10:49:07 [debug] 22#0: *33 content phase: 13 server |
2025/04/30 10:49:07 [debug] 22#0: *33 http filename: "/www/oibprxvbnllsagvjiumcwemaptuecagndarvdbcbghcrhzkiewrneogpebioqfwfooysokcxjesxlhswsfwechyhfcgvyrvjvdyvhtesaaeqmuyhwivjofrqopdpnnsqrflrbjarwdfsgvnnepbfwxmtinbjadbxaljoxfqpsfencnmjhazmvkjpayhjhrthydgdixyihufnqvucvzgsypnsvmdklnoruypprqoqqvmlsqxjzvzxzzrryl" server |
2025/04/30 10:49:07 [debug] 22#0: *33 add cleanup: 0000560FACE450F8 server |
2025/04/30 10:49:07 [debug] 22#0: *33 http static fd: 3 server |
2025/04/30 10:49:07 [debug] 22#0: *33 http set discard body server |
2025/04/30 10:49:07 [debug] 22#0: *33 http output filter "/oibprxvbnllsagvjiumcwemaptuecagndarvdbcbghcrhzkiewrneogpebioqfwfooysokcxjesxlhswsfwechyhfcgvyrvjvdyvhtesaaeqmuyhwivjofrqopdpnnsqrflrbjarwdfsgvnnepbfwxmtinbjadbxaljoxfqpsfencnmjhazmvkjpayhjhrthydgdixyihufnqvucvzgsypnsvmdklnoruypprqoqqvmlsqxjzvzxzzrryl?" server |
2025/04/30 10:49:07 [debug] 22#0: *33 http copy filter: "/oibprxvbnllsagvjiumcwemaptuecagndarvdbcbghcrhzkiewrneogpebioqfwfooysokcxjesxlhswsfwechyhfcgvyrvjvdyvhtesaaeqmuyhwivjofrqopdpnnsqrflrbjarwdfsgvnnepbfwxmtinbjadbxaljoxfqpsfencnmjhazmvkjpayhjhrthydgdixyihufnqvucvzgsypnsvmdklnoruypprqoqqvmlsqxjzvzxzzrryl?" server |
2025/04/30 10:49:07 [debug] 22#0: *33 posix_memalign: 0000560FACE452E0:4096 @16 server |
2025/04/30 10:49:07 [debug] 22#0: *33 read: 3, 0000560FACE452A0, 32, 0 server |
2025/04/30 10:49:07 [debug] 22#0: *33 http postpone filter "/oibprxvbnllsagvjiumcwemaptuecagndarvdbcbghcrhzkiewrneogpebioqfwfooysokcxjesxlhswsfwechyhfcgvyrvjvdyvhtesaaeqmuyhwivjofrqopdpnnsqrflrbjarwdfsgvnnepbfwxmtinbjadbxaljoxfqpsfencnmjhazmvkjpayhjhrthydgdixyihufnqvucvzgsypnsvmdklnoruypprqoqqvmlsqxjzvzxzzrryl?" 0000560FACE45290 server |
2025/04/30 10:49:07 [debug] 22#0: *33 write new buf t:1 f:0 0000560FACE452A0, pos 0000560FACE452A0, size: 32 file: 0, size: 0 server |
2025/04/30 10:49:07 [debug] 22#0: *33 http write filter: l:1 f:0 s:32 server |
2025/04/30 10:49:07 [debug] 22#0: *33 http write filter limit 2097152 server |
2025/04/30 10:49:07 [debug] 22#0: *6 malloc: 0000560FACE462F0:4096 server |
2025/04/30 10:49:07 [debug] 22#0: *33 quic send_chain sent:32 server |
2025/04/30 10:49:07 [debug] 22#0: *6 quic stream id:0x68 flush limit:1047744 server |
2025/04/30 10:49:07 [debug] 22#0: *6 update posted event 0000560FACDB4248 server |
2025/04/30 10:49:07 [debug] 22#0: *6 quic stream id:0x68 flush len:32 last:0 server |
2025/04/30 10:49:07 [debug] 22#0: *33 http write filter 0000000000000000 server |
2025/04/30 10:49:07 [debug] 22#0: *33 http copy filter: 0 "/oibprxvbnllsagvjiumcwemaptuecagndarvdbcbghcrhzkiewrneogpebioqfwfooysokcxjesxlhswsfwechyhfcgvyrvjvdyvhtesaaeqmuyhwivjofrqopdpnnsqrflrbjarwdfsgvnnepbfwxmtinbjadbxaljoxfqpsfencnmjhazmvkjpayhjhrthydgdixyihufnqvucvzgsypnsvmdklnoruypprqoqqvmlsqxjzvzxzzrryl?" server |
2025/04/30 10:49:07 [debug] 22#0: *33 http finalize request: 0, "/oibprxvbnllsagvjiumcwemaptuecagndarvdbcbghcrhzkiewrneogpebioqfwfooysokcxjesxlhswsfwechyhfcgvyrvjvdyvhtesaaeqmuyhwivjofrqopdpnnsqrflrbjarwdfsgvnnepbfwxmtinbjadbxaljoxfqpsfencnmjhazmvkjpayhjhrthydgdixyihufnqvucvzgsypnsvmdklnoruypprqoqqvmlsqxjzvzxzzrryl?" a:1, c:1 server |
2025/04/30 10:49:07 [debug] 22#0: *33 http request count:1 blk:0 server |
2025/04/30 10:49:07 [debug] 22#0: *33 http close request server |
2025/04/30 10:49:07 [debug] 22#0: *33 http log handler server | 193.167.0.100 - - [30/Apr/2025:10:49:07 +0000] "GET /oibprxvbnllsagvjiumcwemaptuecagndarvdbcbghcrhzkiewrneogpebioqfwfooysokcxjesxlhswsfwechyhfcgvyrvjvdyvhtesaaeqmuyhwivjofrqopdpnnsqrflrbjarwdfsgvnnepbfwxmtinbjadbxaljoxfqpsfencnmjhazmvkjpayhjhrthydgdixyihufnqvucvzgsypnsvmdklnoruypprqoqqvmlsqxjzvzxzzrryl" 200 32 "-" "-" server |
2025/04/30 10:49:07 [debug] 22#0: *33 run cleanup: 0000560FACE450F8 server |
2025/04/30 10:49:07 [debug] 22#0: *33 file cleanup: fd:3 server |
2025/04/30 10:49:07 [debug] 22#0: *33 free: 0000560FACE442D0, unused: 0 server |
2025/04/30 10:49:07 [debug] 22#0: *33 free: 0000560FACE452E0, unused: 3501 server |
2025/04/30 10:49:07 [debug] 22#0: *33 close http connection: 6 server |
2025/04/30 10:49:07 [debug] 22#0: *33 reusable connection: 0 server |
2025/04/30 10:49:07 [debug] 22#0: *33 run cleanup: 0000560FACE01E00 server |
2025/04/30 10:49:07 [debug] 22#0: *6 event timer add: 6: 75000:457395 server |
2025/04/30 10:49:07 [debug] 22#0: *33 run cleanup: 0000560FACE01D90 server |
2025/04/30 10:49:07 [debug] 22#0: *6 quic stream id:0x68 cleanup server |
2025/04/30 10:49:07 [debug] 22#0: *6 quic stream id:0x68 send shutdown server |
2025/04/30 10:49:07 [debug] 22#0: *6 quic stream id:0x68 flush limit:1047712 server |
2025/04/30 10:49:07 [debug] 22#0: *6 posix_memalign: 0000560FACE424C0:512 @16 server |
2025/04/30 10:49:07 [debug] 22#0: *6 update posted event 0000560FACDB4248 server |
2025/04/30 10:49:07 [debug] 22#0: *6 quic stream id:0x68 flush len:0 last:1 server |
2025/04/30 10:49:07 [debug] 22#0: *33 free: 0000560FACE01CD0, unused: 14952 server |
2025/04/30 10:49:07 [debug] 22#0: posted event 0000560FACDB4248 server |
2025/04/30 10:49:07 [debug] 22#0: *6 delete posted event 0000560FACDB4248 server |
2025/04/30 10:49:07 [debug] 22#0: *6 quic push handler server |
2025/04/30 10:49:07 [debug] 22#0: *6 quic output app packet max:1200 min:0 server |
2025/04/30 10:49:07 [debug] 22#0: *6 quic frame tx app:26 ACK n:0 delay:0 27-1 server |
2025/04/30 10:49:07 [debug] 22#0: *6 quic frame tx app:26 STREAM id:0x68 off:0 len:32 server |
