2025/04/30 10:07:51 [debug] 22#0: *37 access phase: 6 server |
2025/04/30 10:07:51 [debug] 22#0: *37 access phase: 7 server |
2025/04/30 10:07:51 [debug] 22#0: *37 post access phase: 8 server |
2025/04/30 10:07:51 [debug] 22#0: *37 generic phase: 9 server |
2025/04/30 10:07:51 [debug] 22#0: *37 generic phase: 10 server |
2025/04/30 10:07:51 [debug] 22#0: *37 content phase: 11 server |
2025/04/30 10:07:51 [debug] 22#0: *37 content phase: 12 server |
2025/04/30 10:07:51 [debug] 22#0: *37 content phase: 13 server |
2025/04/30 10:07:51 [debug] 22#0: *37 http filename: "/www/dlhwkfaesqezaafgrfjhwidohnofpcfijwtxguqfrsmcywiqhgcgtursojznljmssoflcqlqpiexhcphpspmjidzyrdnviaeuoceeelnvhfklrksucdbsaumozqnkludrvlukqppcvulgkpulfpinwauunhpjopchblmofhhlevavjmyefottvjfewuogypokmxgkycinheyanfbkqarnvkfytmhilmyoelckqrbppqykvffdobdzifdzr" server |
2025/04/30 10:07:51 [debug] 22#0: *37 add cleanup: 00005594EBC4FF58 server |
2025/04/30 10:07:51 [debug] 22#0: *37 http static fd: 3 server |
2025/04/30 10:07:51 [debug] 22#0: *37 http set discard body server |
2025/04/30 10:07:51 [debug] 22#0: *37 http output filter "/dlhwkfaesqezaafgrfjhwidohnofpcfijwtxguqfrsmcywiqhgcgtursojznljmssoflcqlqpiexhcphpspmjidzyrdnviaeuoceeelnvhfklrksucdbsaumozqnkludrvlukqppcvulgkpulfpinwauunhpjopchblmofhhlevavjmyefottvjfewuogypokmxgkycinheyanfbkqarnvkfytmhilmyoelckqrbppqykvffdobdzifdzr?" server |
2025/04/30 10:07:51 [debug] 22#0: *37 http copy filter: "/dlhwkfaesqezaafgrfjhwidohnofpcfijwtxguqfrsmcywiqhgcgtursojznljmssoflcqlqpiexhcphpspmjidzyrdnviaeuoceeelnvhfklrksucdbsaumozqnkludrvlukqppcvulgkpulfpinwauunhpjopchblmofhhlevavjmyefottvjfewuogypokmxgkycinheyanfbkqarnvkfytmhilmyoelckqrbppqykvffdobdzifdzr?" server |
2025/04/30 10:07:51 [debug] 22#0: *37 posix_memalign: 00005594EBC50140:4096 @16 server |
2025/04/30 10:07:51 [debug] 22#0: *37 read: 3, 00005594EBC50100, 32, 0 server |
2025/04/30 10:07:51 [debug] 22#0: *37 http postpone filter "/dlhwkfaesqezaafgrfjhwidohnofpcfijwtxguqfrsmcywiqhgcgtursojznljmssoflcqlqpiexhcphpspmjidzyrdnviaeuoceeelnvhfklrksucdbsaumozqnkludrvlukqppcvulgkpulfpinwauunhpjopchblmofhhlevavjmyefottvjfewuogypokmxgkycinheyanfbkqarnvkfytmhilmyoelckqrbppqykvffdobdzifdzr?" 00005594EBC500F0 server |
2025/04/30 10:07:51 [debug] 22#0: *37 write new buf t:1 f:0 00005594EBC50100, pos 00005594EBC50100, size: 32 file: 0, size: 0 server |
2025/04/30 10:07:51 [debug] 22#0: *37 http write filter: l:1 f:0 s:32 server |
2025/04/30 10:07:51 [debug] 22#0: *37 http write filter limit 2097152 server |
2025/04/30 10:07:51 [debug] 22#0: *6 malloc: 00005594EBC450F0:4096 server |
2025/04/30 10:07:51 [debug] 22#0: *37 quic send_chain sent:32 server |
2025/04/30 10:07:51 [debug] 22#0: *6 quic stream id:0x78 flush limit:524288 server |
2025/04/30 10:07:51 [debug] 22#0: *6 posix_memalign: 00005594EBC3BB00:512 @16 server |
2025/04/30 10:07:51 [debug] 22#0: *6 update posted event 00005594EBBFC8A8 server |
2025/04/30 10:07:51 [debug] 22#0: *6 quic stream id:0x78 flush len:32 last:0 server |
2025/04/30 10:07:51 [debug] 22#0: *37 http write filter 0000000000000000 server |
2025/04/30 10:07:51 [debug] 22#0: *37 http copy filter: 0 "/dlhwkfaesqezaafgrfjhwidohnofpcfijwtxguqfrsmcywiqhgcgtursojznljmssoflcqlqpiexhcphpspmjidzyrdnviaeuoceeelnvhfklrksucdbsaumozqnkludrvlukqppcvulgkpulfpinwauunhpjopchblmofhhlevavjmyefottvjfewuogypokmxgkycinheyanfbkqarnvkfytmhilmyoelckqrbppqykvffdobdzifdzr?" server |
2025/04/30 10:07:51 [debug] 22#0: *37 http finalize request: 0, "/dlhwkfaesqezaafgrfjhwidohnofpcfijwtxguqfrsmcywiqhgcgtursojznljmssoflcqlqpiexhcphpspmjidzyrdnviaeuoceeelnvhfklrksucdbsaumozqnkludrvlukqppcvulgkpulfpinwauunhpjopchblmofhhlevavjmyefottvjfewuogypokmxgkycinheyanfbkqarnvkfytmhilmyoelckqrbppqykvffdobdzifdzr?" a:1, c:1 server |
2025/04/30 10:07:51 [debug] 22#0: *37 http request count:1 blk:0 server |
2025/04/30 10:07:51 [debug] 22#0: *37 http close request server |
2025/04/30 10:07:51 [debug] 22#0: *37 http log handler server | 193.167.0.100 - - [30/Apr/2025:10:07:51 +0000] "GET /dlhwkfaesqezaafgrfjhwidohnofpcfijwtxguqfrsmcywiqhgcgtursojznljmssoflcqlqpiexhcphpspmjidzyrdnviaeuoceeelnvhfklrksucdbsaumozqnkludrvlukqppcvulgkpulfpinwauunhpjopchblmofhhlevavjmyefottvjfewuogypokmxgkycinheyanfbkqarnvkfytmhilmyoelckqrbppqykvffdobdzifdzr" 200 32 "-" "-" server |
2025/04/30 10:07:51 [debug] 22#0: *37 run cleanup: 00005594EBC4FF58 server |
2025/04/30 10:07:51 [debug] 22#0: *37 file cleanup: fd:3 server |
2025/04/30 10:07:51 [debug] 22#0: *37 free: 00005594EBC4F130, unused: 0 server |
2025/04/30 10:07:51 [debug] 22#0: *37 free: 00005594EBC50140, unused: 3501 server |
2025/04/30 10:07:51 [debug] 22#0: *37 close http connection: 6 server |
2025/04/30 10:07:51 [debug] 22#0: *37 reusable connection: 0 server |
2025/04/30 10:07:51 [debug] 22#0: *37 run cleanup: 00005594EBC4B250 server |
2025/04/30 10:07:51 [debug] 22#0: *6 event timer add: 6: 75000:568257 server |
2025/04/30 10:07:51 [debug] 22#0: *37 run cleanup: 00005594EBC4B1E0 server |
2025/04/30 10:07:51 [debug] 22#0: *6 quic stream id:0x78 cleanup server |
2025/04/30 10:07:51 [debug] 22#0: *6 quic stream id:0x78 send shutdown server |
2025/04/30 10:07:51 [debug] 22#0: *6 quic stream id:0x78 flush limit:524256 server |
2025/04/30 10:07:51 [debug] 22#0: *6 update posted event 00005594EBBFC8A8 server |
2025/04/30 10:07:51 [debug] 22#0: *6 quic stream id:0x78 flush len:0 last:1 server |
2025/04/30 10:07:51 [debug] 22#0: *37 free: 00005594EBC4B120, unused: 14952 server |
2025/04/30 10:07:51 [debug] 22#0: posted event 00005594EBBFC8A8 server |
2025/04/30 10:07:51 [debug] 22#0: *6 delete posted event 00005594EBBFC8A8 server |
2025/04/30 10:07:51 [debug] 22#0: *6 quic push handler server |
2025/04/30 10:07:51 [debug] 22#0: *6 quic output app packet max:1200 min:0 server |
2025/04/30 10:07:51 [debug] 22#0: *6 quic frame tx app:17 ACK n:0 delay:0 16-0 server |
2025/04/30 10:07:51 [debug] 22#0: *6 quic frame tx app:17 STREAM id:0x6c off:0 len:32 server |
2025/04/30 10:07:51 [debug] 22#0: *6 quic frame tx app:17 STREAM id:0x6c off:32 len:0 fin:1 server |
2025/04/30 10:07:51 [debug] 22#0: *6 quic frame tx app:17 STREAM id:0x78 off:0 len:32 server |
2025/04/30 10:07:51 [debug] 22#0: *6 quic frame tx app:17 STREAM id:0x78 off:32 len:0 fin:1 server |
2025/04/30 10:07:51 [debug] 22#0: *6 quic packet tx app bytes:89 need_ack:1 number:17 encoded nl:1 trunc:0x11 server |
2025/04/30 10:07:51 [debug] 22#0: *6 sendmsg: 107 of 107 server |
2025/04/30 10:07:51 [debug] 22#0: *6 quic congestion send if:2754 server |
2025/04/30 10:07:51 [debug] 22#0: *6 quic congestion send if:2754 server |
2025/04/30 10:07:51 [debug] 22#0: *6 quic congestion send if:2861 server |
2025/04/30 10:07:51 [debug] 22#0: *6 event timer: 6, old: 523237, new: 523257 server |
2025/04/30 10:07:51 [debug] 22#0: *6 event timer del: 6: 494234 server |
2025/04/30 10:07:51 [debug] 22#0: *6 quic lost timer pto:977 server |
2025/04/30 10:07:51 [debug] 22#0: *6 event timer add: 6: 977:494234 server |
2025/04/30 10:07:51 [debug] 22#0: *6 quic state: send:29980 pto:977 server |
2025/04/30 10:07:51 [debug] 22#0: worker cycle server |
2025/04/30 10:07:51 [debug] 22#0: epoll timer: 315 server |
2025/04/30 10:07:51 [debug] 22#0: epoll: fd:6 ev:0001 d:00007FD5C3975108 server |
2025/04/30 10:07:51 [debug] 22#0: quic recvmsg on 0.0.0.0:443, ready: 0 server |
2025/04/30 10:07:51 [debug] 22#0: *6 quic recvmsg: fd:6 n:300 server |
2025/04/30 10:07:51 [debug] 22#0: *6 quic input handler server |
2025/04/30 10:07:51 [debug] 22#0: *6 quic packet rx long flags:d2 version:1 server |
2025/04/30 10:07:51 [debug] 22#0: *6 quic packet rx early len:278 server |
2025/04/30 10:07:51 [debug] 22#0: *6 quic packet rx dcid len:13 1c74e613eb39281e1567e27b4b server |
2025/04/30 10:07:51 [debug] 22#0: *6 quic packet rx scid len:0 server |
2025/04/30 10:07:51 [debug] 22#0: *6 quic packet rx clearflags:d1 server |
2025/04/30 10:07:51 [debug] 22#0: *6 quic packet rx number:17 len:2 server |
2025/04/30 10:07:51 [debug] 22#0: *6 quic packet len:300 via sock seq:-1 path seq:0 server |
2025/04/30 10:07:51 [debug] 22#0: *6 quic path seq:0 status tx:2861 rx:10332 valid:0 st:0 mtu:1200 server |
2025/04/30 10:07:51 [debug] 22#0: *6 quic frame rx early:17 STREAM id:0x7c fin:1 server |
2025/04/30 10:07:51 [debug] 22#0: *6 quic stream id:0x7c is missing server |
2025/04/30 10:07:51 [debug] 22#0: *6 quic stream id:0x7c create server |
2025/04/30 10:07:51 [debug] 22#0: *6 posix_memalign: 00005594EBC3BD10:512 @16 server |
2025/04/30 10:07:51 [debug] 22#0: *6 posix_memalign: 00005594EBC4B120:16384 @16 server |
2025/04/30 10:07:51 [debug] 22#0: *6 reusable connection: 0 server |
2025/04/30 10:07:51 [debug] 22#0: *38 add cleanup: 00005594EBC4B1E0 server |
2025/04/30 10:07:51 [debug] 22#0: *38 post event 00005594EBBC6B30 server |
2025/04/30 10:07:51 [debug] 22#0: *6 quic stream id:0x7c flow control msd:257/65536 md:8224/8585216 server |
2025/04/30 10:07:51 [debug] 22#0: *6 malloc: 00005594EBC4F130:4096 server |
2025/04/30 10:07:51 [debug] 22#0: *6 quic ngx_quic_ack_packet pn:17 largest 16 fr:16 nranges:0 server |
2025/04/30 10:07:51 [debug] 22#0: *6 post event 00005594EBBFC8A8 server |
2025/04/30 10:07:51 [debug] 22#0: *6 quic packet done rc:0 level:early decr:1 pn:17 perr:0 server |
2025/04/30 10:07:51 [debug] 22#0: *6 event timer: 6, old: 523237, new: 523258 server |
2025/04/30 10:07:51 [debug] 22#0: *6 quic state: read:29979 pto:976 server |
2025/04/30 10:07:51 [debug] 22#0: timer delta: 1 server |
2025/04/30 10:07:51 [debug] 22#0: posted event 00005594EBBC6B30 server |
2025/04/30 10:07:51 [debug] 22#0: *38 delete posted event 00005594EBBC6B30 server |
2025/04/30 10:07:51 [debug] 22#0: *38 quic init stream server |
2025/04/30 10:07:51 [debug] 22#0: *38 http3 init request stream server |
2025/04/30 10:07:51 [debug] 22#0: *38 add cleanup: 00005594EBC4B250 server |
2025/04/30 10:07:51 [debug] 22#0: *6 event timer del: 6: 568257 server |
2025/04/30 10:07:51 [debug] 22#0: *38 http wait request handler server |
2025/04/30 10:07:51 [debug] 22#0: *6 quic stream id:0x7c recv buf:1024 server |
2025/04/30 10:07:51 [debug] 22#0: *38 quic stream id:0x7c recv len:257 server |
2025/04/30 10:07:51 [debug] 22#0: *6 quic stream id:0x7c flow update 257 server |
2025/04/30 10:07:51 [debug] 22#0: *38 reusable connection: 0 server |
2025/04/30 10:07:51 [debug] 22#0: *38 posix_memalign: 00005594EBC50140:4096 @16 server |
2025/04/30 10:07:51 [debug] 22#0: *38 http process request line server |
2025/04/30 10:07:51 [debug] 22#0: *38 http request line: "GET /dtsavmdycmogwnlnmovzewwzwliqoksyjvkbimdbkhyjklqusejkrufxhvhhvhlwnyiuvlyquhfdogyponaewojwbahkxuzhyenovxxnuvzjnnqttmbqxvohrrckpyfwafovkohivuuwnytyltlxafmmrpxpmiscgjhxqhfqrtwedbzdptdzdqvgimsdasbrgqjiquhjqfydawydlawamikxkeyjqsxrkpbnywejsjelgpvoyihjawnwep" server |
2025/04/30 10:07:51 [debug] 22#0: *38 http uri: "/dtsavmdycmogwnlnmovzewwzwliqoksyjvkbimdbkhyjklqusejkrufxhvhhvhlwnyiuvlyquhfdogyponaewojwbahkxuzhyenovxxnuvzjnnqttmbqxvohrrckpyfwafovkohivuuwnytyltlxafmmrpxpmiscgjhxqhfqrtwedbzdptdzdqvgimsdasbrgqjiquhjqfydawydlawamikxkeyjqsxrkpbnywejsjelgpvoyihjawnwep" server |
2025/04/30 10:07:51 [debug] 22#0: *38 http args: "" server |
2025/04/30 10:07:51 [debug] 22#0: *38 http exten: "" server |
2025/04/30 10:07:51 [debug] 22#0: *38 rewrite phase: 0 server |
2025/04/30 10:07:51 [debug] 22#0: *38 test location: "/" server |
2025/04/30 10:07:51 [debug] 22#0: *38 using configuration "/" server |
2025/04/30 10:07:51 [debug] 22#0: *38 http cl:-1 max:1048576 server |
2025/04/30 10:07:51 [debug] 22#0: *38 rewrite phase: 2 server |
2025/04/30 10:07:51 [debug] 22#0: *38 post rewrite phase: 3 server |
2025/04/30 10:07:51 [debug] 22#0: *38 generic phase: 4 server |
2025/04/30 10:07:51 [debug] 22#0: *38 generic phase: 5 server |
2025/04/30 10:07:51 [debug] 22#0: *38 access phase: 6 server |
2025/04/30 10:07:51 [debug] 22#0: *38 access phase: 7 server |
2025/04/30 10:07:51 [debug] 22#0: *38 post access phase: 8 server |
2025/04/30 10:07:51 [debug] 22#0: *38 generic phase: 9 server |
2025/04/30 10:07:51 [debug] 22#0: *38 generic phase: 10 server |
2025/04/30 10:07:51 [debug] 22#0: *38 content phase: 11 server |
2025/04/30 10:07:51 [debug] 22#0: *38 content phase: 12 server |
2025/04/30 10:07:51 [debug] 22#0: *38 content phase: 13 server |
2025/04/30 10:07:51 [debug] 22#0: *38 http filename: "/www/dtsavmdycmogwnlnmovzewwzwliqoksyjvkbimdbkhyjklqusejkrufxhvhhvhlwnyiuvlyquhfdogyponaewojwbahkxuzhyenovxxnuvzjnnqttmbqxvohrrckpyfwafovkohivuuwnytyltlxafmmrpxpmiscgjhxqhfqrtwedbzdptdzdqvgimsdasbrgqjiquhjqfydawydlawamikxkeyjqsxrkpbnywejsjelgpvoyihjawnwep" server |
2025/04/30 10:07:51 [debug] 22#0: *38 add cleanup: 00005594EBC50F68 server |
2025/04/30 10:07:51 [debug] 22#0: *38 http static fd: 3 server |
2025/04/30 10:07:51 [debug] 22#0: *38 http set discard body server |
2025/04/30 10:07:51 [debug] 22#0: *38 http output filter "/dtsavmdycmogwnlnmovzewwzwliqoksyjvkbimdbkhyjklqusejkrufxhvhhvhlwnyiuvlyquhfdogyponaewojwbahkxuzhyenovxxnuvzjnnqttmbqxvohrrckpyfwafovkohivuuwnytyltlxafmmrpxpmiscgjhxqhfqrtwedbzdptdzdqvgimsdasbrgqjiquhjqfydawydlawamikxkeyjqsxrkpbnywejsjelgpvoyihjawnwep?" server |
2025/04/30 10:07:51 [debug] 22#0: *38 http copy filter: "/dtsavmdycmogwnlnmovzewwzwliqoksyjvkbimdbkhyjklqusejkrufxhvhhvhlwnyiuvlyquhfdogyponaewojwbahkxuzhyenovxxnuvzjnnqttmbqxvohrrckpyfwafovkohivuuwnytyltlxafmmrpxpmiscgjhxqhfqrtwedbzdptdzdqvgimsdasbrgqjiquhjqfydawydlawamikxkeyjqsxrkpbnywejsjelgpvoyihjawnwep?" server |
2025/04/30 10:07:51 [debug] 22#0: *38 posix_memalign: 00005594EBC46100:4096 @16 server |
2025/04/30 10:07:51 [debug] 22#0: *38 read: 3, 00005594EBC51110, 32, 0 server |
2025/04/30 10:07:51 [debug] 22#0: *38 http postpone filter "/dtsavmdycmogwnlnmovzewwzwliqoksyjvkbimdbkhyjklqusejkrufxhvhhvhlwnyiuvlyquhfdogyponaewojwbahkxuzhyenovxxnuvzjnnqttmbqxvohrrckpyfwafovkohivuuwnytyltlxafmmrpxpmiscgjhxqhfqrtwedbzdptdzdqvgimsdasbrgqjiquhjqfydawydlawamikxkeyjqsxrkpbnywejsjelgpvoyihjawnwep?" 00005594EBC51100 server |
2025/04/30 10:07:51 [debug] 22#0: *38 write new buf t:1 f:0 00005594EBC51110, pos 00005594EBC51110, size: 32 file: 0, size: 0 server |
2025/04/30 10:07:51 [debug] 22#0: *38 http write filter: l:1 f:0 s:32 server |
2025/04/30 10:07:51 [debug] 22#0: *38 http write filter limit 2097152 server |
2025/04/30 10:07:51 [debug] 22#0: *6 malloc: 00005594EBC47110:4096 server |
2025/04/30 10:07:51 [debug] 22#0: *6 posix_memalign: 00005594EBC43100:512 @16 server |
2025/04/30 10:07:51 [debug] 22#0: *38 quic send_chain sent:32 server |
2025/04/30 10:07:51 [debug] 22#0: *6 quic stream id:0x7c flush limit:524288 server |
2025/04/30 10:07:51 [debug] 22#0: *6 update posted event 00005594EBBFC8A8 server |
2025/04/30 10:07:51 [debug] 22#0: *6 quic stream id:0x7c flush len:32 last:0 server |
2025/04/30 10:07:51 [debug] 22#0: *38 http write filter 0000000000000000 server |
2025/04/30 10:07:51 [debug] 22#0: *38 http copy filter: 0 "/dtsavmdycmogwnlnmovzewwzwliqoksyjvkbimdbkhyjklqusejkrufxhvhhvhlwnyiuvlyquhfdogyponaewojwbahkxuzhyenovxxnuvzjnnqttmbqxvohrrckpyfwafovkohivuuwnytyltlxafmmrpxpmiscgjhxqhfqrtwedbzdptdzdqvgimsdasbrgqjiquhjqfydawydlawamikxkeyjqsxrkpbnywejsjelgpvoyihjawnwep?" server |
2025/04/30 10:07:51 [debug] 22#0: *38 http finalize request: 0, "/dtsavmdycmogwnlnmovzewwzwliqoksyjvkbimdbkhyjklqusejkrufxhvhhvhlwnyiuvlyquhfdogyponaewojwbahkxuzhyenovxxnuvzjnnqttmbqxvohrrckpyfwafovkohivuuwnytyltlxafmmrpxpmiscgjhxqhfqrtwedbzdptdzdqvgimsdasbrgqjiquhjqfydawydlawamikxkeyjqsxrkpbnywejsjelgpvoyihjawnwep?" a:1, c:1 server |
2025/04/30 10:07:51 [debug] 22#0: *38 http request count:1 blk:0 server |
2025/04/30 10:07:51 [debug] 22#0: *38 http close request server |
2025/04/30 10:07:51 [debug] 22#0: *38 http log handler server | 193.167.0.100 - - [30/Apr/2025:10:07:51 +0000] "GET /dtsavmdycmogwnlnmovzewwzwliqoksyjvkbimdbkhyjklqusejkrufxhvhhvhlwnyiuvlyquhfdogyponaewojwbahkxuzhyenovxxnuvzjnnqttmbqxvohrrckpyfwafovkohivuuwnytyltlxafmmrpxpmiscgjhxqhfqrtwedbzdptdzdqvgimsdasbrgqjiquhjqfydawydlawamikxkeyjqsxrkpbnywejsjelgpvoyihjawnwep" 200 32 "-" "-" server |
2025/04/30 10:07:51 [debug] 22#0: *38 run cleanup: 00005594EBC50F68 server |
2025/04/30 10:07:51 [debug] 22#0: *38 file cleanup: fd:3 server |
2025/04/30 10:07:51 [debug] 22#0: *38 free: 00005594EBC50140, unused: 0 server |
2025/04/30 10:07:51 [debug] 22#0: *38 free: 00005594EBC46100, unused: 3501 server |
2025/04/30 10:07:51 [debug] 22#0: *38 close http connection: 6 server |
2025/04/30 10:07:51 [debug] 22#0: *38 reusable connection: 0 server |
2025/04/30 10:07:51 [debug] 22#0: *38 run cleanup: 00005594EBC4B250 server |
2025/04/30 10:07:51 [debug] 22#0: *6 event timer add: 6: 75000:568258 server |
2025/04/30 10:07:51 [debug] 22#0: *38 run cleanup: 00005594EBC4B1E0 server |
2025/04/30 10:07:51 [debug] 22#0: *6 quic stream id:0x7c cleanup server |
2025/04/30 10:07:51 [debug] 22#0: *6 quic stream id:0x7c send shutdown server |
2025/04/30 10:07:51 [debug] 22#0: *6 quic stream id:0x7c flush limit:524256 server |
2025/04/30 10:07:51 [debug] 22#0: *6 update posted event 00005594EBBFC8A8 server |
2025/04/30 10:07:51 [debug] 22#0: *6 quic stream id:0x7c flush len:0 last:1 server |
2025/04/30 10:07:51 [debug] 22#0: *38 free: 00005594EBC4B120, unused: 14952 server |
2025/04/30 10:07:51 [debug] 22#0: posted event 00005594EBBFC8A8 server |
2025/04/30 10:07:51 [debug] 22#0: *6 delete posted event 00005594EBBFC8A8 server |
2025/04/30 10:07:51 [debug] 22#0: *6 quic push handler server |
2025/04/30 10:07:51 [debug] 22#0: *6 posix_memalign: 00005594EBC43310:512 @16 server |
2025/04/30 10:07:51 [debug] 22#0: *6 quic output app packet max:1200 min:0 server |
2025/04/30 10:07:51 [debug] 22#0: *6 quic frame tx app:18 ACK n:0 delay:0 17-0 server |
2025/04/30 10:07:51 [debug] 22#0: *6 quic frame tx app:18 STREAM id:0x7c off:0 len:32 server |
2025/04/30 10:07:51 [debug] 22#0: *6 quic frame tx app:18 STREAM id:0x7c off:32 len:0 fin:1 server |
2025/04/30 10:07:51 [debug] 22#0: *6 quic packet tx app bytes:47 need_ack:1 number:18 encoded nl:1 trunc:0x12 server |
2025/04/30 10:07:51 [debug] 22#0: *6 sendmsg: 65 of 65 server |
2025/04/30 10:07:51 [debug] 22#0: *6 quic congestion send if:2861 server |
2025/04/30 10:07:51 [debug] 22#0: *6 quic congestion send if:2861 server |
2025/04/30 10:07:51 [debug] 22#0: *6 quic congestion send if:2926 server |
2025/04/30 10:07:51 [debug] 22#0: *6 event timer: 6, old: 523237, new: 523258 server |
2025/04/30 10:07:51 [debug] 22#0: *6 event timer del: 6: 494234 server |
2025/04/30 10:07:51 [debug] 22#0: *6 quic lost timer pto:976 server |
2025/04/30 10:07:51 [debug] 22#0: *6 event timer add: 6: 976:494234 server |
2025/04/30 10:07:51 [debug] 22#0: *6 quic state: send:29979 pto:976 server |
2025/04/30 10:07:51 [debug] 22#0: worker cycle server |
2025/04/30 10:07:51 [debug] 22#0: epoll timer: 314 server |
2025/04/30 10:07:51 [debug] 22#0: epoll: fd:6 ev:0001 d:00007FD5C3975108 server |
2025/04/30 10:07:51 [debug] 22#0: quic recvmsg on 0.0.0.0:443, ready: 0 server |
2025/04/30 10:07:51 [debug] 22#0: *6 quic recvmsg: fd:6 n:824 server |
2025/04/30 10:07:51 [debug] 22#0: *6 quic input handler server |
2025/04/30 10:07:51 [debug] 22#0: *6 quic packet rx long flags:d8 version:1 server |
2025/04/30 10:07:51 [debug] 22#0: *6 quic packet rx early len:802 server |
2025/04/30 10:07:51 [debug] 22#0: *6 quic packet rx dcid len:13 1c74e613eb39281e1567e27b4b server |
2025/04/30 10:07:51 [debug] 22#0: *6 quic packet rx scid len:0 server |
2025/04/30 10:07:51 [debug] 22#0: *6 quic packet rx clearflags:d1 server |
2025/04/30 10:07:51 [debug] 22#0: *6 quic packet rx number:18 len:2 server |
2025/04/30 10:07:51 [debug] 22#0: *6 quic packet len:824 via sock seq:-1 path seq:0 server |
2025/04/30 10:07:51 [debug] 22#0: *6 quic path seq:0 status tx:2926 rx:11156 valid:0 st:0 mtu:1200 server |
2025/04/30 10:07:51 [debug] 22#0: *6 quic frame rx early:18 STREAM id:0x80 len:257 fin:1 server |
2025/04/30 10:07:51 [debug] 22#0: *6 quic stream id:0x80 is missing server |
2025/04/30 10:07:51 [debug] 22#0: *6 quic stream id:0x80 create server |
2025/04/30 10:07:51 [debug] 22#0: *6 posix_memalign: 00005594EBC4B120:16384 @16 server |
2025/04/30 10:07:51 [debug] 22#0: *6 reusable connection: 0 server |
2025/04/30 10:07:51 [debug] 22#0: *39 add cleanup: 00005594EBC4B1E0 server |
2025/04/30 10:07:51 [debug] 22#0: *39 post event 00005594EBBC6B30 server |
2025/04/30 10:07:51 [debug] 22#0: *6 quic stream id:0x80 flow control msd:257/65536 md:8481/8585216 server |
2025/04/30 10:07:51 [debug] 22#0: *6 malloc: 00005594EBC46100:4096 server |
2025/04/30 10:07:51 [debug] 22#0: *6 quic frame rx early:18 STREAM id:0x84 len:257 fin:1 server |
2025/04/30 10:07:51 [debug] 22#0: *6 quic stream id:0x84 is missing server |
2025/04/30 10:07:51 [debug] 22#0: *6 quic stream id:0x84 create server |
2025/04/30 10:07:51 [debug] 22#0: *6 posix_memalign: 00005594EBC43520:512 @16 server |
2025/04/30 10:07:51 [debug] 22#0: *6 posix_memalign: 00005594EBC54150:16384 @16 server |
2025/04/30 10:07:51 [debug] 22#0: *6 reusable connection: 0 server |
2025/04/30 10:07:51 [debug] 22#0: *40 add cleanup: 00005594EBC54210 server |
2025/04/30 10:07:51 [debug] 22#0: *40 post event 00005594EBBC6B90 server |
2025/04/30 10:07:51 [debug] 22#0: *6 quic stream id:0x84 flow control msd:257/65536 md:8738/8585216 server |
2025/04/30 10:07:51 [debug] 22#0: *6 malloc: 00005594EBC50140:4096 server |
2025/04/30 10:07:51 [debug] 22#0: *6 quic frame rx early:18 STREAM id:0x88 fin:1 server |
2025/04/30 10:07:51 [debug] 22#0: *6 quic stream id:0x88 is missing server |
2025/04/30 10:07:51 [debug] 22#0: *6 quic stream id:0x88 create server |
2025/04/30 10:07:51 [debug] 22#0: *6 posix_memalign: 00005594EBC43730:512 @16 server |
2025/04/30 10:07:51 [debug] 22#0: *6 posix_memalign: 00005594EBC58160:16384 @16 server |
2025/04/30 10:07:51 [debug] 22#0: *6 reusable connection: 0 server |
2025/04/30 10:07:51 [debug] 22#0: *41 add cleanup: 00005594EBC58220 server |
2025/04/30 10:07:51 [debug] 22#0: *41 post event 00005594EBBC6C50 server |
2025/04/30 10:07:51 [debug] 22#0: *6 quic stream id:0x88 flow control msd:257/65536 md:8995/8585216 server |
2025/04/30 10:07:51 [debug] 22#0: *6 malloc: 00005594EBC5C170:4096 server |
2025/04/30 10:07:51 [debug] 22#0: *6 quic ngx_quic_ack_packet pn:18 largest 17 fr:17 nranges:0 server |
2025/04/30 10:07:51 [debug] 22#0: *6 post event 00005594EBBFC8A8 server |
2025/04/30 10:07:51 [debug] 22#0: *6 quic packet done rc:0 level:early decr:1 pn:18 perr:0 server |
2025/04/30 10:07:51 [debug] 22#0: *6 event timer: 6, old: 523237, new: 523258 server |
2025/04/30 10:07:51 [debug] 22#0: *6 quic state: read:29979 pto:976 server |
2025/04/30 10:07:51 [debug] 22#0: timer delta: 0 server |
2025/04/30 10:07:51 [debug] 22#0: posted event 00005594EBBC6B30 server |
2025/04/30 10:07:51 [debug] 22#0: *39 delete posted event 00005594EBBC6B30 server |
2025/04/30 10:07:51 [debug] 22#0: *39 quic init stream server |
2025/04/30 10:07:51 [debug] 22#0: *39 http3 init request stream server |
2025/04/30 10:07:51 [debug] 22#0: *39 add cleanup: 00005594EBC4B250 server |
2025/04/30 10:07:51 [debug] 22#0: *6 event timer del: 6: 568258 server |
2025/04/30 10:07:51 [debug] 22#0: *39 http wait request handler server |
2025/04/30 10:07:51 [debug] 22#0: *6 quic stream id:0x80 recv buf:1024 server |
2025/04/30 10:07:51 [debug] 22#0: *39 quic stream id:0x80 recv len:257 server |
2025/04/30 10:07:51 [debug] 22#0: *6 quic stream id:0x80 flow update 257 server |
2025/04/30 10:07:51 [debug] 22#0: *39 reusable connection: 0 server |
2025/04/30 10:07:51 [debug] 22#0: *39 posix_memalign: 00005594EBC5D180:4096 @16 server |
2025/04/30 10:07:51 [debug] 22#0: *39 http process request line server |
2025/04/30 10:07:51 [debug] 22#0: *39 http request line: "GET /yxonkefaqbxydljhorbjsiyjubpqhpzgkaofxzhuatvcmmdpkmysrdjckdfxtmxqlewobacxugcpgtlvwtyzflnpsmrchafdfoyieudhdctjdlbljrhzmyxezvxshynvdqmbsqoqavxenldakvkicttkaaclbfvhwligxeajhvfvwqmltdnyxgnonloazpslxoiszvdinymwomuchbmatqawlmnaqtyaiwwgccgummflbdkzskjvahcfvk" server |
2025/04/30 10:07:51 [debug] 22#0: *39 http uri: "/yxonkefaqbxydljhorbjsiyjubpqhpzgkaofxzhuatvcmmdpkmysrdjckdfxtmxqlewobacxugcpgtlvwtyzflnpsmrchafdfoyieudhdctjdlbljrhzmyxezvxshynvdqmbsqoqavxenldakvkicttkaaclbfvhwligxeajhvfvwqmltdnyxgnonloazpslxoiszvdinymwomuchbmatqawlmnaqtyaiwwgccgummflbdkzskjvahcfvk" server |
2025/04/30 10:07:51 [debug] 22#0: *39 http args: "" server |
2025/04/30 10:07:51 [debug] 22#0: *39 http exten: "" server |
2025/04/30 10:07:51 [debug] 22#0: *39 rewrite phase: 0 server |
2025/04/30 10:07:51 [debug] 22#0: *39 test location: "/" server |
2025/04/30 10:07:51 [debug] 22#0: *39 using configuration "/" server |
2025/04/30 10:07:51 [debug] 22#0: *39 http cl:-1 max:1048576 server |
2025/04/30 10:07:51 [debug] 22#0: *39 rewrite phase: 2 server |
2025/04/30 10:07:51 [debug] 22#0: *39 post rewrite phase: 3 server |
2025/04/30 10:07:51 [debug] 22#0: *39 generic phase: 4 server |
2025/04/30 10:07:51 [debug] 22#0: *39 generic phase: 5 server |
2025/04/30 10:07:51 [debug] 22#0: *39 access phase: 6 server |
2025/04/30 10:07:51 [debug] 22#0: *39 access phase: 7 server |
2025/04/30 10:07:51 [debug] 22#0: *39 post access phase: 8 server |
2025/04/30 10:07:51 [debug] 22#0: *39 generic phase: 9 server |
2025/04/30 10:07:51 [debug] 22#0: *39 generic phase: 10 server |
2025/04/30 10:07:51 [debug] 22#0: *39 content phase: 11 server |
2025/04/30 10:07:51 [debug] 22#0: *39 content phase: 12 server |
2025/04/30 10:07:51 [debug] 22#0: *39 content phase: 13 server |
2025/04/30 10:07:51 [debug] 22#0: *39 http filename: "/www/yxonkefaqbxydljhorbjsiyjubpqhpzgkaofxzhuatvcmmdpkmysrdjckdfxtmxqlewobacxugcpgtlvwtyzflnpsmrchafdfoyieudhdctjdlbljrhzmyxezvxshynvdqmbsqoqavxenldakvkicttkaaclbfvhwligxeajhvfvwqmltdnyxgnonloazpslxoiszvdinymwomuchbmatqawlmnaqtyaiwwgccgummflbdkzskjvahcfvk" server |
2025/04/30 10:07:51 [debug] 22#0: *39 add cleanup: 00005594EBC5DFA8 server |
2025/04/30 10:07:51 [debug] 22#0: *39 http static fd: 3 server |
2025/04/30 10:07:51 [debug] 22#0: *39 http set discard body server |
2025/04/30 10:07:51 [debug] 22#0: *39 http output filter "/yxonkefaqbxydljhorbjsiyjubpqhpzgkaofxzhuatvcmmdpkmysrdjckdfxtmxqlewobacxugcpgtlvwtyzflnpsmrchafdfoyieudhdctjdlbljrhzmyxezvxshynvdqmbsqoqavxenldakvkicttkaaclbfvhwligxeajhvfvwqmltdnyxgnonloazpslxoiszvdinymwomuchbmatqawlmnaqtyaiwwgccgummflbdkzskjvahcfvk?" server |
2025/04/30 10:07:51 [debug] 22#0: *39 http copy filter: "/yxonkefaqbxydljhorbjsiyjubpqhpzgkaofxzhuatvcmmdpkmysrdjckdfxtmxqlewobacxugcpgtlvwtyzflnpsmrchafdfoyieudhdctjdlbljrhzmyxezvxshynvdqmbsqoqavxenldakvkicttkaaclbfvhwligxeajhvfvwqmltdnyxgnonloazpslxoiszvdinymwomuchbmatqawlmnaqtyaiwwgccgummflbdkzskjvahcfvk?" server |
2025/04/30 10:07:51 [debug] 22#0: *39 posix_memalign: 00005594EBC5E190:4096 @16 server |
2025/04/30 10:07:51 [debug] 22#0: *39 read: 3, 00005594EBC5E150, 32, 0 server |
2025/04/30 10:07:51 [debug] 22#0: *39 http postpone filter "/yxonkefaqbxydljhorbjsiyjubpqhpzgkaofxzhuatvcmmdpkmysrdjckdfxtmxqlewobacxugcpgtlvwtyzflnpsmrchafdfoyieudhdctjdlbljrhzmyxezvxshynvdqmbsqoqavxenldakvkicttkaaclbfvhwligxeajhvfvwqmltdnyxgnonloazpslxoiszvdinymwomuchbmatqawlmnaqtyaiwwgccgummflbdkzskjvahcfvk?" 00005594EBC5E140 server |
2025/04/30 10:07:51 [debug] 22#0: *39 write new buf t:1 f:0 00005594EBC5E150, pos 00005594EBC5E150, size: 32 file: 0, size: 0 server |
2025/04/30 10:07:51 [debug] 22#0: *39 http write filter: l:1 f:0 s:32 server |
2025/04/30 10:07:51 [debug] 22#0: *39 http write filter limit 2097152 server |
2025/04/30 10:07:51 [debug] 22#0: *6 posix_memalign: 00005594EBC43940:512 @16 server |
2025/04/30 10:07:51 [debug] 22#0: *6 malloc: 00005594EBC5F1A0:4096 server |
2025/04/30 10:07:51 [debug] 22#0: *39 quic send_chain sent:32 server |
2025/04/30 10:07:51 [debug] 22#0: *6 quic stream id:0x80 flush limit:524288 server |
2025/04/30 10:07:51 [debug] 22#0: *6 update posted event 00005594EBBFC8A8 server |
2025/04/30 10:07:51 [debug] 22#0: *6 quic stream id:0x80 flush len:32 last:0 server |
2025/04/30 10:07:51 [debug] 22#0: *39 http write filter 0000000000000000 server |
2025/04/30 10:07:51 [debug] 22#0: *39 http copy filter: 0 "/yxonkefaqbxydljhorbjsiyjubpqhpzgkaofxzhuatvcmmdpkmysrdjckdfxtmxqlewobacxugcpgtlvwtyzflnpsmrchafdfoyieudhdctjdlbljrhzmyxezvxshynvdqmbsqoqavxenldakvkicttkaaclbfvhwligxeajhvfvwqmltdnyxgnonloazpslxoiszvdinymwomuchbmatqawlmnaqtyaiwwgccgummflbdkzskjvahcfvk?" server |
2025/04/30 10:07:51 [debug] 22#0: *39 http finalize request: 0, "/yxonkefaqbxydljhorbjsiyjubpqhpzgkaofxzhuatvcmmdpkmysrdjckdfxtmxqlewobacxugcpgtlvwtyzflnpsmrchafdfoyieudhdctjdlbljrhzmyxezvxshynvdqmbsqoqavxenldakvkicttkaaclbfvhwligxeajhvfvwqmltdnyxgnonloazpslxoiszvdinymwomuchbmatqawlmnaqtyaiwwgccgummflbdkzskjvahcfvk?" a:1, c:1 server |
2025/04/30 10:07:51 [debug] 22#0: *39 http request count:1 blk:0 server |
2025/04/30 10:07:51 [debug] 22#0: *39 http close request server |
2025/04/30 10:07:51 [debug] 22#0: *39 http log handler server | 193.167.0.100 - - [30/Apr/2025:10:07:51 +0000] "GET /yxonkefaqbxydljhorbjsiyjubpqhpzgkaofxzhuatvcmmdpkmysrdjckdfxtmxqlewobacxugcpgtlvwtyzflnpsmrchafdfoyieudhdctjdlbljrhzmyxezvxshynvdqmbsqoqavxenldakvkicttkaaclbfvhwligxeajhvfvwqmltdnyxgnonloazpslxoiszvdinymwomuchbmatqawlmnaqtyaiwwgccgummflbdkzskjvahcfvk" 200 32 "-" "-" server |
2025/04/30 10:07:51 [debug] 22#0: *39 run cleanup: 00005594EBC5DFA8 server |
2025/04/30 10:07:51 [debug] 22#0: *39 file cleanup: fd:3 server |
2025/04/30 10:07:51 [debug] 22#0: *39 free: 00005594EBC5D180, unused: 0 server |
2025/04/30 10:07:51 [debug] 22#0: *39 free: 00005594EBC5E190, unused: 3501 server |
2025/04/30 10:07:51 [debug] 22#0: *39 close http connection: 6 server |
2025/04/30 10:07:51 [debug] 22#0: *39 reusable connection: 0 server |
2025/04/30 10:07:51 [debug] 22#0: *39 run cleanup: 00005594EBC4B250 server |
2025/04/30 10:07:51 [debug] 22#0: *6 event timer add: 6: 75000:568258 server |
2025/04/30 10:07:51 [debug] 22#0: *39 run cleanup: 00005594EBC4B1E0 server |
2025/04/30 10:07:51 [debug] 22#0: *6 quic stream id:0x80 cleanup server |
2025/04/30 10:07:51 [debug] 22#0: *6 quic stream id:0x80 send shutdown server |
2025/04/30 10:07:51 [debug] 22#0: *6 quic stream id:0x80 flush limit:524256 server |
2025/04/30 10:07:51 [debug] 22#0: *6 update posted event 00005594EBBFC8A8 server |
2025/04/30 10:07:51 [debug] 22#0: *6 quic stream id:0x80 flush len:0 last:1 server |
2025/04/30 10:07:51 [debug] 22#0: *39 free: 00005594EBC4B120, unused: 14952 server |
2025/04/30 10:07:51 [debug] 22#0: posted event 00005594EBBC6B90 server |
2025/04/30 10:07:51 [debug] 22#0: *40 delete posted event 00005594EBBC6B90 server |
2025/04/30 10:07:51 [debug] 22#0: *40 quic init stream server |
2025/04/30 10:07:51 [debug] 22#0: *40 http3 init request stream server |
2025/04/30 10:07:51 [debug] 22#0: *40 add cleanup: 00005594EBC54280 server |
2025/04/30 10:07:51 [debug] 22#0: *6 event timer del: 6: 568258 server |
2025/04/30 10:07:51 [debug] 22#0: *40 http wait request handler server |
2025/04/30 10:07:51 [debug] 22#0: *6 quic stream id:0x84 recv buf:1024 server |
2025/04/30 10:07:51 [debug] 22#0: *40 quic stream id:0x84 recv len:257 server |
2025/04/30 10:07:51 [debug] 22#0: *6 quic stream id:0x84 flow update 257 server |
2025/04/30 10:07:51 [debug] 22#0: *40 reusable connection: 0 server |
2025/04/30 10:07:51 [debug] 22#0: *40 posix_memalign: 00005594EBC5D180:4096 @16 server |
2025/04/30 10:07:51 [debug] 22#0: *40 http process request line server |
2025/04/30 10:07:51 [debug] 22#0: *40 http request line: "GET /muhfgjvaihyfxmgklalnnmddzsdnksiqgflaetipsdwcvahymnumyivyqhgaodrfuzjnbgumneltinfxuriwjcuosbxkeaubgfwibvqrlhxzrhzzdvjwxawadfjwjspxbltidwztaygybveznwrqedaybkewsoinkqjhlijalresxetudaltchylzwzjykvrprrkcxchhhzevprzfwilatbwykcvybntzrvgdzchxjptvyzcgratveuxxp" server |
2025/04/30 10:07:51 [debug] 22#0: *40 http uri: "/muhfgjvaihyfxmgklalnnmddzsdnksiqgflaetipsdwcvahymnumyivyqhgaodrfuzjnbgumneltinfxuriwjcuosbxkeaubgfwibvqrlhxzrhzzdvjwxawadfjwjspxbltidwztaygybveznwrqedaybkewsoinkqjhlijalresxetudaltchylzwzjykvrprrkcxchhhzevprzfwilatbwykcvybntzrvgdzchxjptvyzcgratveuxxp" server |
2025/04/30 10:07:51 [debug] 22#0: *40 http args: "" server |
2025/04/30 10:07:51 [debug] 22#0: *40 http exten: "" server |
2025/04/30 10:07:51 [debug] 22#0: *40 rewrite phase: 0 server |
2025/04/30 10:07:51 [debug] 22#0: *40 test location: "/" server |
2025/04/30 10:07:51 [debug] 22#0: *40 using configuration "/" server |
2025/04/30 10:07:51 [debug] 22#0: *40 http cl:-1 max:1048576 server |
2025/04/30 10:07:51 [debug] 22#0: *40 rewrite phase: 2 server |
2025/04/30 10:07:51 [debug] 22#0: *40 post rewrite phase: 3 server |
2025/04/30 10:07:51 [debug] 22#0: *40 generic phase: 4 server |
2025/04/30 10:07:51 [debug] 22#0: *40 generic phase: 5 server |
2025/04/30 10:07:51 [debug] 22#0: *40 access phase: 6 server |
2025/04/30 10:07:51 [debug] 22#0: *40 access phase: 7 server |
2025/04/30 10:07:51 [debug] 22#0: *40 post access phase: 8 server |
2025/04/30 10:07:51 [debug] 22#0: *40 generic phase: 9 server |
2025/04/30 10:07:51 [debug] 22#0: *40 generic phase: 10 server |
2025/04/30 10:07:51 [debug] 22#0: *40 content phase: 11 server |
2025/04/30 10:07:51 [debug] 22#0: *40 content phase: 12 server |
2025/04/30 10:07:51 [debug] 22#0: *40 content phase: 13 server |
2025/04/30 10:07:51 [debug] 22#0: *40 http filename: "/www/muhfgjvaihyfxmgklalnnmddzsdnksiqgflaetipsdwcvahymnumyivyqhgaodrfuzjnbgumneltinfxuriwjcuosbxkeaubgfwibvqrlhxzrhzzdvjwxawadfjwjspxbltidwztaygybveznwrqedaybkewsoinkqjhlijalresxetudaltchylzwzjykvrprrkcxchhhzevprzfwilatbwykcvybntzrvgdzchxjptvyzcgratveuxxp" server |
2025/04/30 10:07:51 [debug] 22#0: *40 add cleanup: 00005594EBC5DFA8 server |
2025/04/30 10:07:51 [debug] 22#0: *40 http static fd: 3 server |
2025/04/30 10:07:51 [debug] 22#0: *40 http set discard body server |
2025/04/30 10:07:51 [debug] 22#0: *40 http output filter "/muhfgjvaihyfxmgklalnnmddzsdnksiqgflaetipsdwcvahymnumyivyqhgaodrfuzjnbgumneltinfxuriwjcuosbxkeaubgfwibvqrlhxzrhzzdvjwxawadfjwjspxbltidwztaygybveznwrqedaybkewsoinkqjhlijalresxetudaltchylzwzjykvrprrkcxchhhzevprzfwilatbwykcvybntzrvgdzchxjptvyzcgratveuxxp?" server |
2025/04/30 10:07:51 [debug] 22#0: *40 http copy filter: "/muhfgjvaihyfxmgklalnnmddzsdnksiqgflaetipsdwcvahymnumyivyqhgaodrfuzjnbgumneltinfxuriwjcuosbxkeaubgfwibvqrlhxzrhzzdvjwxawadfjwjspxbltidwztaygybveznwrqedaybkewsoinkqjhlijalresxetudaltchylzwzjykvrprrkcxchhhzevprzfwilatbwykcvybntzrvgdzchxjptvyzcgratveuxxp?" server |
2025/04/30 10:07:51 [debug] 22#0: *40 posix_memalign: 00005594EBC5E190:4096 @16 server |
2025/04/30 10:07:51 [debug] 22#0: *40 read: 3, 00005594EBC5E150, 32, 0 server |
2025/04/30 10:07:51 [debug] 22#0: *40 http postpone filter "/muhfgjvaihyfxmgklalnnmddzsdnksiqgflaetipsdwcvahymnumyivyqhgaodrfuzjnbgumneltinfxuriwjcuosbxkeaubgfwibvqrlhxzrhzzdvjwxawadfjwjspxbltidwztaygybveznwrqedaybkewsoinkqjhlijalresxetudaltchylzwzjykvrprrkcxchhhzevprzfwilatbwykcvybntzrvgdzchxjptvyzcgratveuxxp?" 00005594EBC5E140 server |
2025/04/30 10:07:51 [debug] 22#0: *40 write new buf t:1 f:0 00005594EBC5E150, pos 00005594EBC5E150, size: 32 file: 0, size: 0 server |
2025/04/30 10:07:51 [debug] 22#0: *40 http write filter: l:1 f:0 s:32 server |
2025/04/30 10:07:51 [debug] 22#0: *40 http write filter limit 2097152 server |
2025/04/30 10:07:51 [debug] 22#0: *6 posix_memalign: 00005594EBC43B50:512 @16 server |
2025/04/30 10:07:51 [debug] 22#0: *6 malloc: 00005594EBC4B120:4096 server |
2025/04/30 10:07:51 [debug] 22#0: *40 quic send_chain sent:32 server |
2025/04/30 10:07:51 [debug] 22#0: *6 quic stream id:0x84 flush limit:524288 server |
2025/04/30 10:07:51 [debug] 22#0: *6 update posted event 00005594EBBFC8A8 server |
2025/04/30 10:07:51 [debug] 22#0: *6 quic stream id:0x84 flush len:32 last:0 server |
2025/04/30 10:07:51 [debug] 22#0: *40 http write filter 0000000000000000 server |
2025/04/30 10:07:51 [debug] 22#0: *40 http copy filter: 0 "/muhfgjvaihyfxmgklalnnmddzsdnksiqgflaetipsdwcvahymnumyivyqhgaodrfuzjnbgumneltinfxuriwjcuosbxkeaubgfwibvqrlhxzrhzzdvjwxawadfjwjspxbltidwztaygybveznwrqedaybkewsoinkqjhlijalresxetudaltchylzwzjykvrprrkcxchhhzevprzfwilatbwykcvybntzrvgdzchxjptvyzcgratveuxxp?" server |
2025/04/30 10:07:51 [debug] 22#0: *40 http finalize request: 0, "/muhfgjvaihyfxmgklalnnmddzsdnksiqgflaetipsdwcvahymnumyivyqhgaodrfuzjnbgumneltinfxuriwjcuosbxkeaubgfwibvqrlhxzrhzzdvjwxawadfjwjspxbltidwztaygybveznwrqedaybkewsoinkqjhlijalresxetudaltchylzwzjykvrprrkcxchhhzevprzfwilatbwykcvybntzrvgdzchxjptvyzcgratveuxxp?" a:1, c:1 server |
2025/04/30 10:07:51 [debug] 22#0: *40 http request count:1 blk:0 server |
2025/04/30 10:07:51 [debug] 22#0: *40 http close request server |
2025/04/30 10:07:51 [debug] 22#0: *40 http log handler server | 193.167.0.100 - - [30/Apr/2025:10:07:51 +0000] "GET /muhfgjvaihyfxmgklalnnmddzsdnksiqgflaetipsdwcvahymnumyivyqhgaodrfuzjnbgumneltinfxuriwjcuosbxkeaubgfwibvqrlhxzrhzzdvjwxawadfjwjspxbltidwztaygybveznwrqedaybkewsoinkqjhlijalresxetudaltchylzwzjykvrprrkcxchhhzevprzfwilatbwykcvybntzrvgdzchxjptvyzcgratveuxxp" 200 32 "-" "-" server |
2025/04/30 10:07:51 [debug] 22#0: *40 run cleanup: 00005594EBC5DFA8 server |
2025/04/30 10:07:51 [debug] 22#0: *40 file cleanup: fd:3 server |
2025/04/30 10:07:51 [debug] 22#0: *40 free: 00005594EBC5D180, unused: 0 server |
2025/04/30 10:07:51 [debug] 22#0: *40 free: 00005594EBC5E190, unused: 3501 server |
2025/04/30 10:07:51 [debug] 22#0: *40 close http connection: 6 server |
2025/04/30 10:07:51 [debug] 22#0: *40 reusable connection: 0 server |
2025/04/30 10:07:51 [debug] 22#0: *40 run cleanup: 00005594EBC54280 server |
2025/04/30 10:07:51 [debug] 22#0: *6 event timer add: 6: 75000:568258 server |
2025/04/30 10:07:51 [debug] 22#0: *40 run cleanup: 00005594EBC54210 server |
2025/04/30 10:07:51 [debug] 22#0: *6 quic stream id:0x84 cleanup server |
2025/04/30 10:07:51 [debug] 22#0: *6 quic stream id:0x84 send shutdown server |
2025/04/30 10:07:51 [debug] 22#0: *6 quic stream id:0x84 flush limit:524256 server |
2025/04/30 10:07:51 [debug] 22#0: *6 update posted event 00005594EBBFC8A8 server |
2025/04/30 10:07:51 [debug] 22#0: *6 quic stream id:0x84 flush len:0 last:1 server |
2025/04/30 10:07:51 [debug] 22#0: *40 free: 00005594EBC54150, unused: 14952 server |
2025/04/30 10:07:51 [debug] 22#0: posted event 00005594EBBC6C50 server |
2025/04/30 10:07:51 [debug] 22#0: *41 delete posted event 00005594EBBC6C50 server |
2025/04/30 10:07:51 [debug] 22#0: *41 quic init stream server |
2025/04/30 10:07:51 [debug] 22#0: *41 http3 init request stream server |
2025/04/30 10:07:51 [debug] 22#0: *41 add cleanup: 00005594EBC58290 server |
2025/04/30 10:07:51 [debug] 22#0: *6 event timer del: 6: 568258 server |
2025/04/30 10:07:51 [debug] 22#0: *41 http wait request handler server |
2025/04/30 10:07:51 [debug] 22#0: *6 quic stream id:0x88 recv buf:1024 server |
2025/04/30 10:07:51 [debug] 22#0: *41 quic stream id:0x88 recv len:257 server |
2025/04/30 10:07:51 [debug] 22#0: *6 quic stream id:0x88 flow update 257 server |
2025/04/30 10:07:51 [debug] 22#0: *41 reusable connection: 0 server |
2025/04/30 10:07:51 [debug] 22#0: *41 posix_memalign: 00005594EBC5D180:4096 @16 server |
2025/04/30 10:07:51 [debug] 22#0: *41 http process request line server |
2025/04/30 10:07:51 [debug] 22#0: *41 http request line: "GET /qdharvsyiwegkbbptuvgmulpsjegsccmvlgqldsnqsozkqzivajpvtegoaelbppitenshsjjhksbhnbnoioyqlvpyfrznautqzdgotxfgelilwsrjjylsoddqceeatokcjtgzdoelgtkdpxowezprcscxtntcvxxeqrnpwhuitywjxuindvkbjeeshdritjeyrlqqscmrmjxpjodbstsbemshjleqzoxzidymucbicqphqbfhgctmhbtxn" server |
2025/04/30 10:07:51 [debug] 22#0: *41 http uri: "/qdharvsyiwegkbbptuvgmulpsjegsccmvlgqldsnqsozkqzivajpvtegoaelbppitenshsjjhksbhnbnoioyqlvpyfrznautqzdgotxfgelilwsrjjylsoddqceeatokcjtgzdoelgtkdpxowezprcscxtntcvxxeqrnpwhuitywjxuindvkbjeeshdritjeyrlqqscmrmjxpjodbstsbemshjleqzoxzidymucbicqphqbfhgctmhbtxn" server |
2025/04/30 10:07:51 [debug] 22#0: *41 http args: "" server |
2025/04/30 10:07:51 [debug] 22#0: *41 http exten: "" server |
2025/04/30 10:07:51 [debug] 22#0: *41 rewrite phase: 0 server |
2025/04/30 10:07:51 [debug] 22#0: *41 test location: "/" server |
2025/04/30 10:07:51 [debug] 22#0: *41 using configuration "/" server |
2025/04/30 10:07:51 [debug] 22#0: *41 http cl:-1 max:1048576 server |
2025/04/30 10:07:51 [debug] 22#0: *41 rewrite phase: 2 server |
2025/04/30 10:07:51 [debug] 22#0: *41 post rewrite phase: 3 server |
2025/04/30 10:07:51 [debug] 22#0: *41 generic phase: 4 server |
2025/04/30 10:07:51 [debug] 22#0: *41 generic phase: 5 server |
2025/04/30 10:07:51 [debug] 22#0: *41 access phase: 6 server |
2025/04/30 10:07:51 [debug] 22#0: *41 access phase: 7 server |
2025/04/30 10:07:51 [debug] 22#0: *41 post access phase: 8 server |
2025/04/30 10:07:51 [debug] 22#0: *41 generic phase: 9 server |
2025/04/30 10:07:51 [debug] 22#0: *41 generic phase: 10 server |
2025/04/30 10:07:51 [debug] 22#0: *41 content phase: 11 server |
2025/04/30 10:07:51 [debug] 22#0: *41 content phase: 12 server |
2025/04/30 10:07:51 [debug] 22#0: *41 content phase: 13 server |
2025/04/30 10:07:51 [debug] 22#0: *41 http filename: "/www/qdharvsyiwegkbbptuvgmulpsjegsccmvlgqldsnqsozkqzivajpvtegoaelbppitenshsjjhksbhnbnoioyqlvpyfrznautqzdgotxfgelilwsrjjylsoddqceeatokcjtgzdoelgtkdpxowezprcscxtntcvxxeqrnpwhuitywjxuindvkbjeeshdritjeyrlqqscmrmjxpjodbstsbemshjleqzoxzidymucbicqphqbfhgctmhbtxn" server |
2025/04/30 10:07:51 [debug] 22#0: *41 add cleanup: 00005594EBC5DFA8 server |
2025/04/30 10:07:51 [debug] 22#0: *41 http static fd: 3 server |
2025/04/30 10:07:51 [debug] 22#0: *41 http set discard body server |
2025/04/30 10:07:51 [debug] 22#0: *41 http output filter "/qdharvsyiwegkbbptuvgmulpsjegsccmvlgqldsnqsozkqzivajpvtegoaelbppitenshsjjhksbhnbnoioyqlvpyfrznautqzdgotxfgelilwsrjjylsoddqceeatokcjtgzdoelgtkdpxowezprcscxtntcvxxeqrnpwhuitywjxuindvkbjeeshdritjeyrlqqscmrmjxpjodbstsbemshjleqzoxzidymucbicqphqbfhgctmhbtxn?" server |
2025/04/30 10:07:51 [debug] 22#0: *41 http copy filter: "/qdharvsyiwegkbbptuvgmulpsjegsccmvlgqldsnqsozkqzivajpvtegoaelbppitenshsjjhksbhnbnoioyqlvpyfrznautqzdgotxfgelilwsrjjylsoddqceeatokcjtgzdoelgtkdpxowezprcscxtntcvxxeqrnpwhuitywjxuindvkbjeeshdritjeyrlqqscmrmjxpjodbstsbemshjleqzoxzidymucbicqphqbfhgctmhbtxn?" server |
2025/04/30 10:07:51 [debug] 22#0: *41 posix_memalign: 00005594EBC5E190:4096 @16 server |
2025/04/30 10:07:51 [debug] 22#0: *41 read: 3, 00005594EBC5E150, 32, 0 server |
2025/04/30 10:07:51 [debug] 22#0: *41 http postpone filter "/qdharvsyiwegkbbptuvgmulpsjegsccmvlgqldsnqsozkqzivajpvtegoaelbppitenshsjjhksbhnbnoioyqlvpyfrznautqzdgotxfgelilwsrjjylsoddqceeatokcjtgzdoelgtkdpxowezprcscxtntcvxxeqrnpwhuitywjxuindvkbjeeshdritjeyrlqqscmrmjxpjodbstsbemshjleqzoxzidymucbicqphqbfhgctmhbtxn?" 00005594EBC5E140 server |
2025/04/30 10:07:51 [debug] 22#0: *41 write new buf t:1 f:0 00005594EBC5E150, pos 00005594EBC5E150, size: 32 file: 0, size: 0 server |
2025/04/30 10:07:51 [debug] 22#0: *41 http write filter: l:1 f:0 s:32 server |
2025/04/30 10:07:51 [debug] 22#0: *41 http write filter limit 2097152 server |
2025/04/30 10:07:51 [debug] 22#0: *6 posix_memalign: 00005594EBC43D60:512 @16 server |
2025/04/30 10:07:51 [debug] 22#0: *6 malloc: 00005594EBC4C130:4096 server |
2025/04/30 10:07:51 [debug] 22#0: *41 quic send_chain sent:32 server |
2025/04/30 10:07:51 [debug] 22#0: *6 quic stream id:0x88 flush limit:524288 server |
2025/04/30 10:07:51 [debug] 22#0: *6 update posted event 00005594EBBFC8A8 server |
2025/04/30 10:07:51 [debug] 22#0: *6 quic stream id:0x88 flush len:32 last:0 server |
2025/04/30 10:07:51 [debug] 22#0: *41 http write filter 0000000000000000 server |
2025/04/30 10:07:51 [debug] 22#0: *41 http copy filter: 0 "/qdharvsyiwegkbbptuvgmulpsjegsccmvlgqldsnqsozkqzivajpvtegoaelbppitenshsjjhksbhnbnoioyqlvpyfrznautqzdgotxfgelilwsrjjylsoddqceeatokcjtgzdoelgtkdpxowezprcscxtntcvxxeqrnpwhuitywjxuindvkbjeeshdritjeyrlqqscmrmjxpjodbstsbemshjleqzoxzidymucbicqphqbfhgctmhbtxn?" server |
2025/04/30 10:07:51 [debug] 22#0: *41 http finalize request: 0, "/qdharvsyiwegkbbptuvgmulpsjegsccmvlgqldsnqsozkqzivajpvtegoaelbppitenshsjjhksbhnbnoioyqlvpyfrznautqzdgotxfgelilwsrjjylsoddqceeatokcjtgzdoelgtkdpxowezprcscxtntcvxxeqrnpwhuitywjxuindvkbjeeshdritjeyrlqqscmrmjxpjodbstsbemshjleqzoxzidymucbicqphqbfhgctmhbtxn?" a:1, c:1 server |
2025/04/30 10:07:51 [debug] 22#0: *41 http request count:1 blk:0 server |
2025/04/30 10:07:51 [debug] 22#0: *41 http close request server |
2025/04/30 10:07:51 [debug] 22#0: *41 http log handler server | 193.167.0.100 - - [30/Apr/2025:10:07:51 +0000] "GET /qdharvsyiwegkbbptuvgmulpsjegsccmvlgqldsnqsozkqzivajpvtegoaelbppitenshsjjhksbhnbnoioyqlvpyfrznautqzdgotxfgelilwsrjjylsoddqceeatokcjtgzdoelgtkdpxowezprcscxtntcvxxeqrnpwhuitywjxuindvkbjeeshdritjeyrlqqscmrmjxpjodbstsbemshjleqzoxzidymucbicqphqbfhgctmhbtxn" 200 32 "-" "-" server |
2025/04/30 10:07:51 [debug] 22#0: *41 run cleanup: 00005594EBC5DFA8 server |
2025/04/30 10:07:51 [debug] 22#0: *41 file cleanup: fd:3 server |
2025/04/30 10:07:51 [debug] 22#0: *41 free: 00005594EBC5D180, unused: 0 server |
2025/04/30 10:07:51 [debug] 22#0: *41 free: 00005594EBC5E190, unused: 3501 server |
2025/04/30 10:07:51 [debug] 22#0: *41 close http connection: 6 server |
2025/04/30 10:07:51 [debug] 22#0: *41 reusable connection: 0 server |
2025/04/30 10:07:51 [debug] 22#0: *41 run cleanup: 00005594EBC58290 server |
2025/04/30 10:07:51 [debug] 22#0: *6 event timer add: 6: 75000:568258 server |
2025/04/30 10:07:51 [debug] 22#0: *41 run cleanup: 00005594EBC58220 server |
2025/04/30 10:07:51 [debug] 22#0: *6 quic stream id:0x88 cleanup server |
2025/04/30 10:07:51 [debug] 22#0: *6 quic stream id:0x88 send shutdown server |
2025/04/30 10:07:51 [debug] 22#0: *6 quic stream id:0x88 flush limit:524256 server |
2025/04/30 10:07:51 [debug] 22#0: *6 update posted event 00005594EBBFC8A8 server |
2025/04/30 10:07:51 [debug] 22#0: *6 quic stream id:0x88 flush len:0 last:1 server |
2025/04/30 10:07:51 [debug] 22#0: *41 free: 00005594EBC58160, unused: 14952 server |
2025/04/30 10:07:51 [debug] 22#0: posted event 00005594EBBFC8A8 server |
2025/04/30 10:07:51 [debug] 22#0: *6 delete posted event 00005594EBBFC8A8 server |
2025/04/30 10:07:51 [debug] 22#0: *6 quic push handler server |
2025/04/30 10:07:51 [debug] 22#0: *6 posix_memalign: 00005594EBC48120:512 @16 server |
2025/04/30 10:07:51 [debug] 22#0: *6 quic output app packet max:1200 min:0 server |
2025/04/30 10:07:51 [debug] 22#0: *6 quic frame tx app:19 ACK n:0 delay:0 18-0 server |
2025/04/30 10:07:51 [debug] 22#0: *6 quic frame tx app:19 STREAM id:0x80 off:0 len:32 server |
2025/04/30 10:07:51 [debug] 22#0: *6 quic frame tx app:19 STREAM id:0x80 off:32 len:0 fin:1 server |
2025/04/30 10:07:51 [debug] 22#0: *6 quic frame tx app:19 STREAM id:0x84 off:0 len:32 server |
2025/04/30 10:07:51 [debug] 22#0: *6 quic frame tx app:19 STREAM id:0x84 off:32 len:0 fin:1 server |
2025/04/30 10:07:51 [debug] 22#0: *6 quic frame tx app:19 STREAM id:0x88 off:0 len:32 server |
2025/04/30 10:07:51 [debug] 22#0: *6 quic frame tx app:19 STREAM id:0x88 off:32 len:0 fin:1 server |
2025/04/30 10:07:51 [debug] 22#0: *6 quic packet tx app bytes:131 need_ack:1 number:19 encoded nl:1 trunc:0x13 server |
2025/04/30 10:07:51 [debug] 22#0: *6 sendmsg: 149 of 149 server |
2025/04/30 10:07:51 [debug] 22#0: *6 quic congestion send if:2926 server |
2025/04/30 10:07:51 [debug] 22#0: *6 quic congestion send if:2926 server |
2025/04/30 10:07:51 [debug] 22#0: *6 quic congestion send if:3075 server |
2025/04/30 10:07:51 [debug] 22#0: *6 event timer: 6, old: 523237, new: 523258 server |
2025/04/30 10:07:51 [debug] 22#0: *6 event timer del: 6: 494234 server |
2025/04/30 10:07:51 [debug] 22#0: *6 quic lost timer pto:976 server |
2025/04/30 10:07:51 [debug] 22#0: *6 event timer add: 6: 976:494234 server |
2025/04/30 10:07:51 [debug] 22#0: *6 quic state: send:29979 pto:976 server |
2025/04/30 10:07:51 [debug] 22#0: worker cycle server |
2025/04/30 10:07:51 [debug] 22#0: epoll timer: 314 server |
2025/04/30 10:07:51 [debug] 22#0: epoll: fd:6 ev:0001 d:00007FD5C3975108 server |
2025/04/30 10:07:51 [debug] 22#0: quic recvmsg on 0.0.0.0:443, ready: 0 server |
2025/04/30 10:07:51 [debug] 22#0: *6 quic recvmsg: fd:6 n:300 server |
2025/04/30 10:07:51 [debug] 22#0: *6 quic input handler server |
2025/04/30 10:07:51 [debug] 22#0: *6 quic packet rx long flags:d0 version:1 server |
2025/04/30 10:07:51 [debug] 22#0: *6 quic packet rx early len:278 server |
2025/04/30 10:07:51 [debug] 22#0: *6 quic packet rx dcid len:13 1c74e613eb39281e1567e27b4b server |
2025/04/30 10:07:51 [debug] 22#0: *6 quic packet rx scid len:0 server |
2025/04/30 10:07:51 [debug] 22#0: *6 quic packet rx clearflags:d1 server |
2025/04/30 10:07:51 [debug] 22#0: *6 quic packet rx number:19 len:2 server |
2025/04/30 10:07:51 [debug] 22#0: *6 quic packet len:300 via sock seq:-1 path seq:0 server |
2025/04/30 10:07:51 [debug] 22#0: *6 quic path seq:0 status tx:3075 rx:11456 valid:0 st:0 mtu:1200 server |
2025/04/30 10:07:51 [debug] 22#0: *6 quic frame rx early:19 STREAM id:0x8c fin:1 server |
2025/04/30 10:07:51 [debug] 22#0: *6 quic stream id:0x8c is missing server |
2025/04/30 10:07:51 [debug] 22#0: *6 quic stream id:0x8c create server |
2025/04/30 10:07:51 [debug] 22#0: *6 posix_memalign: 00005594EBC54150:16384 @16 server |
2025/04/30 10:07:51 [debug] 22#0: *6 reusable connection: 0 server |
2025/04/30 10:07:51 [debug] 22#0: *42 add cleanup: 00005594EBC54210 server |
2025/04/30 10:07:51 [debug] 22#0: *42 post event 00005594EBBC6C50 server |
2025/04/30 10:07:51 [debug] 22#0: *6 quic stream id:0x8c flow control msd:257/65536 md:9252/8585216 server |
2025/04/30 10:07:51 [debug] 22#0: *6 malloc: 00005594EBC4D140:4096 server |
2025/04/30 10:07:51 [debug] 22#0: *6 posix_memalign: 00005594EBC48330:512 @16 server |
2025/04/30 10:07:51 [debug] 22#0: *6 quic ngx_quic_ack_packet pn:19 largest 18 fr:18 nranges:0 server |
2025/04/30 10:07:51 [debug] 22#0: *6 post event 00005594EBBFC8A8 server |
2025/04/30 10:07:51 [debug] 22#0: *6 quic packet done rc:0 level:early decr:1 pn:19 perr:0 server |
2025/04/30 10:07:51 [debug] 22#0: *6 event timer: 6, old: 523237, new: 523260 server |
2025/04/30 10:07:51 [debug] 22#0: *6 quic state: read:29977 pto:974 server |
