2025/04/30 10:07:51 [debug] 22#0: *6 posix_memalign: 00005594EBC08D00:512 @16 server |
2025/04/30 10:07:51 [debug] 22#0: *6 update posted event 00005594EBBFC8A8 server |
2025/04/30 10:07:51 [debug] 22#0: *6 quic stream id:0x14 flush len:0 last:1 server |
2025/04/30 10:07:51 [debug] 22#0: *12 free: 00005594EBC0ACF0, unused: 14952 server |
2025/04/30 10:07:51 [debug] 22#0: posted event 00005594EBBFC8A8 server |
2025/04/30 10:07:51 [debug] 22#0: *6 delete posted event 00005594EBBFC8A8 server |
2025/04/30 10:07:51 [debug] 22#0: *6 quic push handler server |
2025/04/30 10:07:51 [debug] 22#0: *6 quic output app packet max:1200 min:0 server |
2025/04/30 10:07:51 [debug] 22#0: *6 quic frame tx app:4 ACK n:0 delay:0 3-0 server |
2025/04/30 10:07:51 [debug] 22#0: *6 quic frame tx app:4 STREAM id:0x14 off:0 len:32 server |
2025/04/30 10:07:51 [debug] 22#0: *6 quic frame tx app:4 STREAM id:0x14 off:32 len:0 fin:1 server |
2025/04/30 10:07:51 [debug] 22#0: *6 quic packet tx app bytes:45 need_ack:1 number:4 encoded nl:1 trunc:0x4 server |
2025/04/30 10:07:51 [debug] 22#0: *6 sendmsg: 63 of 63 server |
2025/04/30 10:07:51 [debug] 22#0: *6 quic congestion send if:1469 server |
2025/04/30 10:07:51 [debug] 22#0: *6 quic congestion send if:1469 server |
2025/04/30 10:07:51 [debug] 22#0: *6 quic congestion send if:1532 server |
2025/04/30 10:07:51 [debug] 22#0: *6 event timer: 6, old: 523237, new: 523242 server |
2025/04/30 10:07:51 [debug] 22#0: *6 event timer del: 6: 494234 server |
2025/04/30 10:07:51 [debug] 22#0: *6 quic lost timer pto:992 server |
2025/04/30 10:07:51 [debug] 22#0: *6 event timer add: 6: 992:494234 server |
2025/04/30 10:07:51 [debug] 22#0: *6 quic state: send:29995 pto:992 server |
2025/04/30 10:07:51 [debug] 22#0: worker cycle server |
2025/04/30 10:07:51 [debug] 22#0: epoll timer: 330 server |
2025/04/30 10:07:51 [debug] 22#0: epoll: fd:6 ev:0001 d:00007FD5C3975108 server |
2025/04/30 10:07:51 [debug] 22#0: quic recvmsg on 0.0.0.0:443, ready: 0 server |
2025/04/30 10:07:51 [debug] 22#0: *6 quic recvmsg: fd:6 n:560 server |
2025/04/30 10:07:51 [debug] 22#0: *6 quic input handler server |
2025/04/30 10:07:51 [debug] 22#0: *6 quic packet rx long flags:d2 version:1 server |
2025/04/30 10:07:51 [debug] 22#0: *6 quic packet rx early len:538 server |
2025/04/30 10:07:51 [debug] 22#0: *6 quic packet rx dcid len:13 1c74e613eb39281e1567e27b4b server |
2025/04/30 10:07:51 [debug] 22#0: *6 quic packet rx scid len:0 server |
2025/04/30 10:07:51 [debug] 22#0: *6 quic packet rx clearflags:d1 server |
2025/04/30 10:07:51 [debug] 22#0: *6 quic packet rx number:4 len:2 server |
2025/04/30 10:07:51 [debug] 22#0: *6 quic packet len:560 via sock seq:-1 path seq:0 server |
2025/04/30 10:07:51 [debug] 22#0: *6 quic path seq:0 status tx:1532 rx:3558 valid:0 st:0 mtu:1200 server |
2025/04/30 10:07:51 [debug] 22#0: *6 quic frame rx early:4 STREAM id:0x18 len:257 fin:1 server |
2025/04/30 10:07:51 [debug] 22#0: *6 quic stream id:0x18 is missing server |
2025/04/30 10:07:51 [debug] 22#0: *6 quic stream id:0x18 create server |
2025/04/30 10:07:51 [debug] 22#0: *6 posix_memalign: 00005594EBC08F10:512 @16 server |
2025/04/30 10:07:51 [debug] 22#0: *6 posix_memalign: 00005594EBC0ACF0:16384 @16 server |
2025/04/30 10:07:51 [debug] 22#0: *6 reusable connection: 0 server |
2025/04/30 10:07:51 [debug] 22#0: *13 add cleanup: 00005594EBC0ADB0 server |
2025/04/30 10:07:51 [debug] 22#0: *13 post event 00005594EBBC6BF0 server |
2025/04/30 10:07:51 [debug] 22#0: *6 quic stream id:0x18 flow control msd:257/65536 md:1799/8585216 server |
2025/04/30 10:07:51 [debug] 22#0: *6 malloc: 00005594EBC12F50:4096 server |
2025/04/30 10:07:51 [debug] 22#0: *6 quic frame rx early:4 STREAM id:0x1c fin:1 server |
2025/04/30 10:07:51 [debug] 22#0: *6 quic stream id:0x1c is missing server |
2025/04/30 10:07:51 [debug] 22#0: *6 quic stream id:0x1c create server |
2025/04/30 10:07:51 [debug] 22#0: *6 posix_memalign: 00005594EBC09120:512 @16 server |
2025/04/30 10:07:51 [debug] 22#0: *6 posix_memalign: 00005594EBC14F70:16384 @16 server |
2025/04/30 10:07:51 [debug] 22#0: *6 reusable connection: 0 server |
2025/04/30 10:07:51 [debug] 22#0: *14 add cleanup: 00005594EBC15030 server |
2025/04/30 10:07:51 [debug] 22#0: *14 post event 00005594EBBC6B90 server |
2025/04/30 10:07:51 [debug] 22#0: *6 quic stream id:0x1c flow control msd:257/65536 md:2056/8585216 server |
2025/04/30 10:07:51 [debug] 22#0: *6 malloc: 00005594EBC10D20:4096 server |
2025/04/30 10:07:51 [debug] 22#0: *6 quic ngx_quic_ack_packet pn:4 largest 3 fr:3 nranges:0 server |
2025/04/30 10:07:51 [debug] 22#0: *6 post event 00005594EBBFC8A8 server |
2025/04/30 10:07:51 [debug] 22#0: *6 quic packet done rc:0 level:early decr:1 pn:4 perr:0 server |
2025/04/30 10:07:51 [debug] 22#0: *6 event timer: 6, old: 523237, new: 523242 server |
2025/04/30 10:07:51 [debug] 22#0: *6 quic state: read:29995 pto:992 server |
2025/04/30 10:07:51 [debug] 22#0: timer delta: 0 server |
2025/04/30 10:07:51 [debug] 22#0: posted event 00005594EBBC6BF0 server |
2025/04/30 10:07:51 [debug] 22#0: *13 delete posted event 00005594EBBC6BF0 server |
2025/04/30 10:07:51 [debug] 22#0: *13 quic init stream server |
2025/04/30 10:07:51 [debug] 22#0: *13 http3 init request stream server |
2025/04/30 10:07:51 [debug] 22#0: *13 add cleanup: 00005594EBC0AE20 server |
2025/04/30 10:07:51 [debug] 22#0: *6 event timer del: 6: 568242 server |
2025/04/30 10:07:51 [debug] 22#0: *13 http wait request handler server |
2025/04/30 10:07:51 [debug] 22#0: *6 quic stream id:0x18 recv buf:1024 server |
2025/04/30 10:07:51 [debug] 22#0: *13 quic stream id:0x18 recv len:257 server |
2025/04/30 10:07:51 [debug] 22#0: *6 quic stream id:0x18 flow update 257 server |
2025/04/30 10:07:51 [debug] 22#0: *13 reusable connection: 0 server |
2025/04/30 10:07:51 [debug] 22#0: *13 posix_memalign: 00005594EBC18F80:4096 @16 server |
2025/04/30 10:07:51 [debug] 22#0: *13 http process request line server |
2025/04/30 10:07:51 [debug] 22#0: *13 http request line: "GET /efunsdhdrkadwwehxnsgzmkuxibsgrsfyiapedzmpomxqhzryjtwcsmgjhnnbixuggvemokjbnhffmucgthhfjvefhmjxihwwnrkiqqfohrhgxiadclpqjhybwbdyfhlqzqxubtigdhyaetunuuuwrqxxpwylqhgsekpldzuuwbejobsukfwvizoqmmriospijhvreeqnnxokmbrnppjwpqfzpuoynbwpetkorwslcdebnuyztlmhconcz" server |
2025/04/30 10:07:51 [debug] 22#0: *13 http uri: "/efunsdhdrkadwwehxnsgzmkuxibsgrsfyiapedzmpomxqhzryjtwcsmgjhnnbixuggvemokjbnhffmucgthhfjvefhmjxihwwnrkiqqfohrhgxiadclpqjhybwbdyfhlqzqxubtigdhyaetunuuuwrqxxpwylqhgsekpldzuuwbejobsukfwvizoqmmriospijhvreeqnnxokmbrnppjwpqfzpuoynbwpetkorwslcdebnuyztlmhconcz" server |
2025/04/30 10:07:51 [debug] 22#0: *13 http args: "" server |
2025/04/30 10:07:51 [debug] 22#0: *13 http exten: "" server |
2025/04/30 10:07:51 [debug] 22#0: *13 rewrite phase: 0 server |
2025/04/30 10:07:51 [debug] 22#0: *13 test location: "/" server |
2025/04/30 10:07:51 [debug] 22#0: *13 using configuration "/" server |
2025/04/30 10:07:51 [debug] 22#0: *13 http cl:-1 max:1048576 server |
2025/04/30 10:07:51 [debug] 22#0: *13 rewrite phase: 2 server |
2025/04/30 10:07:51 [debug] 22#0: *13 post rewrite phase: 3 server |
2025/04/30 10:07:51 [debug] 22#0: *13 generic phase: 4 server |
2025/04/30 10:07:51 [debug] 22#0: *13 generic phase: 5 server |
2025/04/30 10:07:51 [debug] 22#0: *13 access phase: 6 server |
2025/04/30 10:07:51 [debug] 22#0: *13 access phase: 7 server |
2025/04/30 10:07:51 [debug] 22#0: *13 post access phase: 8 server |
2025/04/30 10:07:51 [debug] 22#0: *13 generic phase: 9 server |
2025/04/30 10:07:51 [debug] 22#0: *13 generic phase: 10 server |
2025/04/30 10:07:51 [debug] 22#0: *13 content phase: 11 server |
2025/04/30 10:07:51 [debug] 22#0: *13 content phase: 12 server |
2025/04/30 10:07:51 [debug] 22#0: *13 content phase: 13 server |
2025/04/30 10:07:51 [debug] 22#0: *13 http filename: "/www/efunsdhdrkadwwehxnsgzmkuxibsgrsfyiapedzmpomxqhzryjtwcsmgjhnnbixuggvemokjbnhffmucgthhfjvefhmjxihwwnrkiqqfohrhgxiadclpqjhybwbdyfhlqzqxubtigdhyaetunuuuwrqxxpwylqhgsekpldzuuwbejobsukfwvizoqmmriospijhvreeqnnxokmbrnppjwpqfzpuoynbwpetkorwslcdebnuyztlmhconcz" server |
2025/04/30 10:07:51 [debug] 22#0: *13 add cleanup: 00005594EBC19DA8 server |
2025/04/30 10:07:51 [debug] 22#0: *13 http static fd: 3 server |
2025/04/30 10:07:51 [debug] 22#0: *13 http set discard body server |
2025/04/30 10:07:51 [debug] 22#0: *13 http output filter "/efunsdhdrkadwwehxnsgzmkuxibsgrsfyiapedzmpomxqhzryjtwcsmgjhnnbixuggvemokjbnhffmucgthhfjvefhmjxihwwnrkiqqfohrhgxiadclpqjhybwbdyfhlqzqxubtigdhyaetunuuuwrqxxpwylqhgsekpldzuuwbejobsukfwvizoqmmriospijhvreeqnnxokmbrnppjwpqfzpuoynbwpetkorwslcdebnuyztlmhconcz?" server |
2025/04/30 10:07:51 [debug] 22#0: *13 http copy filter: "/efunsdhdrkadwwehxnsgzmkuxibsgrsfyiapedzmpomxqhzryjtwcsmgjhnnbixuggvemokjbnhffmucgthhfjvefhmjxihwwnrkiqqfohrhgxiadclpqjhybwbdyfhlqzqxubtigdhyaetunuuuwrqxxpwylqhgsekpldzuuwbejobsukfwvizoqmmriospijhvreeqnnxokmbrnppjwpqfzpuoynbwpetkorwslcdebnuyztlmhconcz?" server |
2025/04/30 10:07:51 [debug] 22#0: *13 posix_memalign: 00005594EBC19F90:4096 @16 server |
2025/04/30 10:07:51 [debug] 22#0: *13 read: 3, 00005594EBC19F50, 32, 0 server |
2025/04/30 10:07:51 [debug] 22#0: *13 http postpone filter "/efunsdhdrkadwwehxnsgzmkuxibsgrsfyiapedzmpomxqhzryjtwcsmgjhnnbixuggvemokjbnhffmucgthhfjvefhmjxihwwnrkiqqfohrhgxiadclpqjhybwbdyfhlqzqxubtigdhyaetunuuuwrqxxpwylqhgsekpldzuuwbejobsukfwvizoqmmriospijhvreeqnnxokmbrnppjwpqfzpuoynbwpetkorwslcdebnuyztlmhconcz?" 00005594EBC19F40 server |
2025/04/30 10:07:51 [debug] 22#0: *13 write new buf t:1 f:0 00005594EBC19F50, pos 00005594EBC19F50, size: 32 file: 0, size: 0 server |
2025/04/30 10:07:51 [debug] 22#0: *13 http write filter: l:1 f:0 s:32 server |
2025/04/30 10:07:51 [debug] 22#0: *13 http write filter limit 2097152 server |
2025/04/30 10:07:51 [debug] 22#0: *6 malloc: 00005594EBC1AFA0:4096 server |
2025/04/30 10:07:51 [debug] 22#0: *13 quic send_chain sent:32 server |
2025/04/30 10:07:51 [debug] 22#0: *6 quic stream id:0x18 flush limit:524288 server |
2025/04/30 10:07:51 [debug] 22#0: *6 posix_memalign: 00005594EBC09330:512 @16 server |
2025/04/30 10:07:51 [debug] 22#0: *6 update posted event 00005594EBBFC8A8 server |
2025/04/30 10:07:51 [debug] 22#0: *6 quic stream id:0x18 flush len:32 last:0 server |
2025/04/30 10:07:51 [debug] 22#0: *13 http write filter 0000000000000000 server |
2025/04/30 10:07:51 [debug] 22#0: *13 http copy filter: 0 "/efunsdhdrkadwwehxnsgzmkuxibsgrsfyiapedzmpomxqhzryjtwcsmgjhnnbixuggvemokjbnhffmucgthhfjvefhmjxihwwnrkiqqfohrhgxiadclpqjhybwbdyfhlqzqxubtigdhyaetunuuuwrqxxpwylqhgsekpldzuuwbejobsukfwvizoqmmriospijhvreeqnnxokmbrnppjwpqfzpuoynbwpetkorwslcdebnuyztlmhconcz?" server |
2025/04/30 10:07:51 [debug] 22#0: *13 http finalize request: 0, "/efunsdhdrkadwwehxnsgzmkuxibsgrsfyiapedzmpomxqhzryjtwcsmgjhnnbixuggvemokjbnhffmucgthhfjvefhmjxihwwnrkiqqfohrhgxiadclpqjhybwbdyfhlqzqxubtigdhyaetunuuuwrqxxpwylqhgsekpldzuuwbejobsukfwvizoqmmriospijhvreeqnnxokmbrnppjwpqfzpuoynbwpetkorwslcdebnuyztlmhconcz?" a:1, c:1 server |
2025/04/30 10:07:51 [debug] 22#0: *13 http request count:1 blk:0 server |
2025/04/30 10:07:51 [debug] 22#0: *13 http close request server |
2025/04/30 10:07:51 [debug] 22#0: *13 http log handler server | 193.167.0.100 - - [30/Apr/2025:10:07:51 +0000] "GET /efunsdhdrkadwwehxnsgzmkuxibsgrsfyiapedzmpomxqhzryjtwcsmgjhnnbixuggvemokjbnhffmucgthhfjvefhmjxihwwnrkiqqfohrhgxiadclpqjhybwbdyfhlqzqxubtigdhyaetunuuuwrqxxpwylqhgsekpldzuuwbejobsukfwvizoqmmriospijhvreeqnnxokmbrnppjwpqfzpuoynbwpetkorwslcdebnuyztlmhconcz" 200 32 "-" "-" server |
2025/04/30 10:07:51 [debug] 22#0: *13 run cleanup: 00005594EBC19DA8 server |
2025/04/30 10:07:51 [debug] 22#0: *13 file cleanup: fd:3 server |
2025/04/30 10:07:51 [debug] 22#0: *13 free: 00005594EBC18F80, unused: 0 server |
2025/04/30 10:07:51 [debug] 22#0: *13 free: 00005594EBC19F90, unused: 3501 server |
2025/04/30 10:07:51 [debug] 22#0: *13 close http connection: 6 server |
2025/04/30 10:07:51 [debug] 22#0: *13 reusable connection: 0 server |
2025/04/30 10:07:51 [debug] 22#0: *13 run cleanup: 00005594EBC0AE20 server |
2025/04/30 10:07:51 [debug] 22#0: *6 event timer add: 6: 75000:568242 server |
2025/04/30 10:07:51 [debug] 22#0: *13 run cleanup: 00005594EBC0ADB0 server |
2025/04/30 10:07:51 [debug] 22#0: *6 quic stream id:0x18 cleanup server |
2025/04/30 10:07:51 [debug] 22#0: *6 quic stream id:0x18 send shutdown server |
2025/04/30 10:07:51 [debug] 22#0: *6 quic stream id:0x18 flush limit:524256 server |
2025/04/30 10:07:51 [debug] 22#0: *6 update posted event 00005594EBBFC8A8 server |
2025/04/30 10:07:51 [debug] 22#0: *6 quic stream id:0x18 flush len:0 last:1 server |
2025/04/30 10:07:51 [debug] 22#0: *13 free: 00005594EBC0ACF0, unused: 14952 server |
2025/04/30 10:07:51 [debug] 22#0: posted event 00005594EBBC6B90 server |
2025/04/30 10:07:51 [debug] 22#0: *14 delete posted event 00005594EBBC6B90 server |
2025/04/30 10:07:51 [debug] 22#0: *14 quic init stream server |
2025/04/30 10:07:51 [debug] 22#0: *14 http3 init request stream server |
2025/04/30 10:07:51 [debug] 22#0: *14 add cleanup: 00005594EBC150A0 server |
2025/04/30 10:07:51 [debug] 22#0: *6 event timer del: 6: 568242 server |
2025/04/30 10:07:51 [debug] 22#0: *14 http wait request handler server |
2025/04/30 10:07:51 [debug] 22#0: *6 quic stream id:0x1c recv buf:1024 server |
2025/04/30 10:07:51 [debug] 22#0: *14 quic stream id:0x1c recv len:257 server |
2025/04/30 10:07:51 [debug] 22#0: *6 quic stream id:0x1c flow update 257 server |
2025/04/30 10:07:51 [debug] 22#0: *14 reusable connection: 0 server |
2025/04/30 10:07:51 [debug] 22#0: *14 posix_memalign: 00005594EBC18F80:4096 @16 server |
2025/04/30 10:07:51 [debug] 22#0: *14 http process request line server |
2025/04/30 10:07:51 [debug] 22#0: *14 http request line: "GET /arsyndexugmnwrktarjjrlswyxzdevzgfdbipzeroiyqpfdpqxvtwlcdldoxvmhvvjdawhtleptiyednogoxoiwwyvqqwutztspfibiyodmlbqcvzokllunvbxvaehvdowcofpgozmcvpslncvogomkohdpugugsnngdwlboysqcgrfxceyawdffehbcigyurxumppxfoholhpjzuzmpuycdfjxxjrmtultkphqogqlxgcrpdihrvtujfr" server |
2025/04/30 10:07:51 [debug] 22#0: *14 http uri: "/arsyndexugmnwrktarjjrlswyxzdevzgfdbipzeroiyqpfdpqxvtwlcdldoxvmhvvjdawhtleptiyednogoxoiwwyvqqwutztspfibiyodmlbqcvzokllunvbxvaehvdowcofpgozmcvpslncvogomkohdpugugsnngdwlboysqcgrfxceyawdffehbcigyurxumppxfoholhpjzuzmpuycdfjxxjrmtultkphqogqlxgcrpdihrvtujfr" server |
2025/04/30 10:07:51 [debug] 22#0: *14 http args: "" server |
2025/04/30 10:07:51 [debug] 22#0: *14 http exten: "" server |
2025/04/30 10:07:51 [debug] 22#0: *14 rewrite phase: 0 server |
2025/04/30 10:07:51 [debug] 22#0: *14 test location: "/" server |
2025/04/30 10:07:51 [debug] 22#0: *14 using configuration "/" server |
2025/04/30 10:07:51 [debug] 22#0: *14 http cl:-1 max:1048576 server |
2025/04/30 10:07:51 [debug] 22#0: *14 rewrite phase: 2 server |
2025/04/30 10:07:51 [debug] 22#0: *14 post rewrite phase: 3 server |
2025/04/30 10:07:51 [debug] 22#0: *14 generic phase: 4 server |
2025/04/30 10:07:51 [debug] 22#0: *14 generic phase: 5 server |
2025/04/30 10:07:51 [debug] 22#0: *14 access phase: 6 server |
2025/04/30 10:07:51 [debug] 22#0: *14 access phase: 7 server |
2025/04/30 10:07:51 [debug] 22#0: *14 post access phase: 8 server |
2025/04/30 10:07:51 [debug] 22#0: *14 generic phase: 9 server |
2025/04/30 10:07:51 [debug] 22#0: *14 generic phase: 10 server |
2025/04/30 10:07:51 [debug] 22#0: *14 content phase: 11 server |
2025/04/30 10:07:51 [debug] 22#0: *14 content phase: 12 server |
2025/04/30 10:07:51 [debug] 22#0: *14 content phase: 13 server |
2025/04/30 10:07:51 [debug] 22#0: *14 http filename: "/www/arsyndexugmnwrktarjjrlswyxzdevzgfdbipzeroiyqpfdpqxvtwlcdldoxvmhvvjdawhtleptiyednogoxoiwwyvqqwutztspfibiyodmlbqcvzokllunvbxvaehvdowcofpgozmcvpslncvogomkohdpugugsnngdwlboysqcgrfxceyawdffehbcigyurxumppxfoholhpjzuzmpuycdfjxxjrmtultkphqogqlxgcrpdihrvtujfr" server |
2025/04/30 10:07:51 [debug] 22#0: *14 add cleanup: 00005594EBC19DA8 server |
2025/04/30 10:07:51 [debug] 22#0: *14 http static fd: 3 server |
2025/04/30 10:07:51 [debug] 22#0: *14 http set discard body server |
2025/04/30 10:07:51 [debug] 22#0: *14 http output filter "/arsyndexugmnwrktarjjrlswyxzdevzgfdbipzeroiyqpfdpqxvtwlcdldoxvmhvvjdawhtleptiyednogoxoiwwyvqqwutztspfibiyodmlbqcvzokllunvbxvaehvdowcofpgozmcvpslncvogomkohdpugugsnngdwlboysqcgrfxceyawdffehbcigyurxumppxfoholhpjzuzmpuycdfjxxjrmtultkphqogqlxgcrpdihrvtujfr?" server |
2025/04/30 10:07:51 [debug] 22#0: *14 http copy filter: "/arsyndexugmnwrktarjjrlswyxzdevzgfdbipzeroiyqpfdpqxvtwlcdldoxvmhvvjdawhtleptiyednogoxoiwwyvqqwutztspfibiyodmlbqcvzokllunvbxvaehvdowcofpgozmcvpslncvogomkohdpugugsnngdwlboysqcgrfxceyawdffehbcigyurxumppxfoholhpjzuzmpuycdfjxxjrmtultkphqogqlxgcrpdihrvtujfr?" server |
2025/04/30 10:07:51 [debug] 22#0: *14 posix_memalign: 00005594EBC19F90:4096 @16 server |
2025/04/30 10:07:51 [debug] 22#0: *14 read: 3, 00005594EBC19F50, 32, 0 server |
2025/04/30 10:07:51 [debug] 22#0: *14 http postpone filter "/arsyndexugmnwrktarjjrlswyxzdevzgfdbipzeroiyqpfdpqxvtwlcdldoxvmhvvjdawhtleptiyednogoxoiwwyvqqwutztspfibiyodmlbqcvzokllunvbxvaehvdowcofpgozmcvpslncvogomkohdpugugsnngdwlboysqcgrfxceyawdffehbcigyurxumppxfoholhpjzuzmpuycdfjxxjrmtultkphqogqlxgcrpdihrvtujfr?" 00005594EBC19F40 server |
2025/04/30 10:07:51 [debug] 22#0: *14 write new buf t:1 f:0 00005594EBC19F50, pos 00005594EBC19F50, size: 32 file: 0, size: 0 server |
2025/04/30 10:07:51 [debug] 22#0: *14 http write filter: l:1 f:0 s:32 server |
2025/04/30 10:07:51 [debug] 22#0: *14 http write filter limit 2097152 server |
2025/04/30 10:07:51 [debug] 22#0: *6 malloc: 00005594EBC0ACF0:4096 server |
2025/04/30 10:07:51 [debug] 22#0: *14 quic send_chain sent:32 server |
2025/04/30 10:07:51 [debug] 22#0: *6 quic stream id:0x1c flush limit:524288 server |
2025/04/30 10:07:51 [debug] 22#0: *6 posix_memalign: 00005594EBC09540:512 @16 server |
2025/04/30 10:07:51 [debug] 22#0: *6 update posted event 00005594EBBFC8A8 server |
2025/04/30 10:07:51 [debug] 22#0: *6 quic stream id:0x1c flush len:32 last:0 server |
2025/04/30 10:07:51 [debug] 22#0: *14 http write filter 0000000000000000 server |
2025/04/30 10:07:51 [debug] 22#0: *14 http copy filter: 0 "/arsyndexugmnwrktarjjrlswyxzdevzgfdbipzeroiyqpfdpqxvtwlcdldoxvmhvvjdawhtleptiyednogoxoiwwyvqqwutztspfibiyodmlbqcvzokllunvbxvaehvdowcofpgozmcvpslncvogomkohdpugugsnngdwlboysqcgrfxceyawdffehbcigyurxumppxfoholhpjzuzmpuycdfjxxjrmtultkphqogqlxgcrpdihrvtujfr?" server |
2025/04/30 10:07:51 [debug] 22#0: *14 http finalize request: 0, "/arsyndexugmnwrktarjjrlswyxzdevzgfdbipzeroiyqpfdpqxvtwlcdldoxvmhvvjdawhtleptiyednogoxoiwwyvqqwutztspfibiyodmlbqcvzokllunvbxvaehvdowcofpgozmcvpslncvogomkohdpugugsnngdwlboysqcgrfxceyawdffehbcigyurxumppxfoholhpjzuzmpuycdfjxxjrmtultkphqogqlxgcrpdihrvtujfr?" a:1, c:1 server |
2025/04/30 10:07:51 [debug] 22#0: *14 http request count:1 blk:0 server |
2025/04/30 10:07:51 [debug] 22#0: *14 http close request server |
2025/04/30 10:07:51 [debug] 22#0: *14 http log handler server | 193.167.0.100 - - [30/Apr/2025:10:07:51 +0000] "GET /arsyndexugmnwrktarjjrlswyxzdevzgfdbipzeroiyqpfdpqxvtwlcdldoxvmhvvjdawhtleptiyednogoxoiwwyvqqwutztspfibiyodmlbqcvzokllunvbxvaehvdowcofpgozmcvpslncvogomkohdpugugsnngdwlboysqcgrfxceyawdffehbcigyurxumppxfoholhpjzuzmpuycdfjxxjrmtultkphqogqlxgcrpdihrvtujfr" 200 32 "-" "-" server |
2025/04/30 10:07:51 [debug] 22#0: *14 run cleanup: 00005594EBC19DA8 server |
2025/04/30 10:07:51 [debug] 22#0: *14 file cleanup: fd:3 server |
2025/04/30 10:07:51 [debug] 22#0: *14 free: 00005594EBC18F80, unused: 0 server |
2025/04/30 10:07:51 [debug] 22#0: *14 free: 00005594EBC19F90, unused: 3501 server |
2025/04/30 10:07:51 [debug] 22#0: *14 close http connection: 6 server |
2025/04/30 10:07:51 [debug] 22#0: *14 reusable connection: 0 server |
2025/04/30 10:07:51 [debug] 22#0: *14 run cleanup: 00005594EBC150A0 server |
2025/04/30 10:07:51 [debug] 22#0: *6 event timer add: 6: 75000:568242 server |
2025/04/30 10:07:51 [debug] 22#0: *14 run cleanup: 00005594EBC15030 server |
2025/04/30 10:07:51 [debug] 22#0: *6 quic stream id:0x1c cleanup server |
2025/04/30 10:07:51 [debug] 22#0: *6 quic stream id:0x1c send shutdown server |
2025/04/30 10:07:51 [debug] 22#0: *6 quic stream id:0x1c flush limit:524256 server |
2025/04/30 10:07:51 [debug] 22#0: *6 update posted event 00005594EBBFC8A8 server |
2025/04/30 10:07:51 [debug] 22#0: *6 quic stream id:0x1c flush len:0 last:1 server |
2025/04/30 10:07:51 [debug] 22#0: *14 free: 00005594EBC14F70, unused: 14952 server |
2025/04/30 10:07:51 [debug] 22#0: posted event 00005594EBBFC8A8 server |
2025/04/30 10:07:51 [debug] 22#0: *6 delete posted event 00005594EBBFC8A8 server |
2025/04/30 10:07:51 [debug] 22#0: *6 quic push handler server |
2025/04/30 10:07:51 [debug] 22#0: *6 quic output app packet max:1200 min:0 server |
2025/04/30 10:07:51 [debug] 22#0: *6 quic frame tx app:5 ACK n:0 delay:0 4-0 server |
2025/04/30 10:07:51 [debug] 22#0: *6 quic frame tx app:5 STREAM id:0x18 off:0 len:32 server |
2025/04/30 10:07:51 [debug] 22#0: *6 quic frame tx app:5 STREAM id:0x18 off:32 len:0 fin:1 server |
2025/04/30 10:07:51 [debug] 22#0: *6 quic frame tx app:5 STREAM id:0x1c off:0 len:32 server |
2025/04/30 10:07:51 [debug] 22#0: *6 quic frame tx app:5 STREAM id:0x1c off:32 len:0 fin:1 server |
2025/04/30 10:07:51 [debug] 22#0: *6 quic packet tx app bytes:85 need_ack:1 number:5 encoded nl:1 trunc:0x5 server |
2025/04/30 10:07:51 [debug] 22#0: *6 sendmsg: 103 of 103 server |
2025/04/30 10:07:51 [debug] 22#0: *6 quic congestion send if:1532 server |
2025/04/30 10:07:51 [debug] 22#0: *6 quic congestion send if:1532 server |
2025/04/30 10:07:51 [debug] 22#0: *6 quic congestion send if:1635 server |
2025/04/30 10:07:51 [debug] 22#0: *6 event timer: 6, old: 523237, new: 523242 server |
2025/04/30 10:07:51 [debug] 22#0: *6 event timer del: 6: 494234 server |
2025/04/30 10:07:51 [debug] 22#0: *6 quic lost timer pto:992 server |
2025/04/30 10:07:51 [debug] 22#0: *6 event timer add: 6: 992:494234 server |
2025/04/30 10:07:51 [debug] 22#0: *6 quic state: send:29995 pto:992 server |
2025/04/30 10:07:51 [debug] 22#0: worker cycle server |
2025/04/30 10:07:51 [debug] 22#0: epoll timer: 330 server |
2025/04/30 10:07:51 [debug] 22#0: epoll: fd:6 ev:0001 d:00007FD5C3975108 server |
2025/04/30 10:07:51 [debug] 22#0: quic recvmsg on 0.0.0.0:443, ready: 0 server |
2025/04/30 10:07:51 [debug] 22#0: *6 quic recvmsg: fd:6 n:299 server |
2025/04/30 10:07:51 [debug] 22#0: *6 quic input handler server |
2025/04/30 10:07:51 [debug] 22#0: *6 quic packet rx long flags:da version:1 server |
2025/04/30 10:07:51 [debug] 22#0: *6 quic packet rx early len:277 server |
2025/04/30 10:07:51 [debug] 22#0: *6 quic packet rx dcid len:13 1c74e613eb39281e1567e27b4b server |
2025/04/30 10:07:51 [debug] 22#0: *6 quic packet rx scid len:0 server |
2025/04/30 10:07:51 [debug] 22#0: *6 quic packet rx clearflags:d1 server |
2025/04/30 10:07:51 [debug] 22#0: *6 quic packet rx number:5 len:2 server |
2025/04/30 10:07:51 [debug] 22#0: *6 quic packet len:299 via sock seq:-1 path seq:0 server |
2025/04/30 10:07:51 [debug] 22#0: *6 quic path seq:0 status tx:1635 rx:3857 valid:0 st:0 mtu:1200 server |
2025/04/30 10:07:51 [debug] 22#0: *6 quic frame rx early:5 STREAM id:0x20 fin:1 server |
2025/04/30 10:07:51 [debug] 22#0: *6 quic stream id:0x20 is missing server |
2025/04/30 10:07:51 [debug] 22#0: *6 quic stream id:0x20 create server |
2025/04/30 10:07:51 [debug] 22#0: *6 posix_memalign: 00005594EBC09750:512 @16 server |
2025/04/30 10:07:51 [debug] 22#0: *6 posix_memalign: 00005594EBC14F70:16384 @16 server |
2025/04/30 10:07:51 [debug] 22#0: *6 reusable connection: 0 server |
2025/04/30 10:07:51 [debug] 22#0: *15 add cleanup: 00005594EBC15030 server |
2025/04/30 10:07:51 [debug] 22#0: *15 post event 00005594EBBC6B90 server |
2025/04/30 10:07:51 [debug] 22#0: *6 quic stream id:0x20 flow control msd:257/65536 md:2313/8585216 server |
2025/04/30 10:07:51 [debug] 22#0: *6 malloc: 00005594EBC18F80:4096 server |
2025/04/30 10:07:51 [debug] 22#0: *6 quic ngx_quic_ack_packet pn:5 largest 4 fr:4 nranges:0 server |
2025/04/30 10:07:51 [debug] 22#0: *6 post event 00005594EBBFC8A8 server |
2025/04/30 10:07:51 [debug] 22#0: *6 quic packet done rc:0 level:early decr:1 pn:5 perr:0 server |
2025/04/30 10:07:51 [debug] 22#0: *6 event timer: 6, old: 523237, new: 523244 server |
2025/04/30 10:07:51 [debug] 22#0: *6 quic state: read:29993 pto:990 server |
2025/04/30 10:07:51 [debug] 22#0: timer delta: 2 server |
2025/04/30 10:07:51 [debug] 22#0: posted event 00005594EBBC6B90 server |
2025/04/30 10:07:51 [debug] 22#0: *15 delete posted event 00005594EBBC6B90 server |
2025/04/30 10:07:51 [debug] 22#0: *15 quic init stream server |
2025/04/30 10:07:51 [debug] 22#0: *15 http3 init request stream server |
2025/04/30 10:07:51 [debug] 22#0: *15 add cleanup: 00005594EBC150A0 server |
2025/04/30 10:07:51 [debug] 22#0: *6 event timer del: 6: 568242 server |
2025/04/30 10:07:51 [debug] 22#0: *15 http wait request handler server |
2025/04/30 10:07:51 [debug] 22#0: *6 quic stream id:0x20 recv buf:1024 server |
2025/04/30 10:07:51 [debug] 22#0: *15 quic stream id:0x20 recv len:257 server |
2025/04/30 10:07:51 [debug] 22#0: *6 quic stream id:0x20 flow update 257 server |
2025/04/30 10:07:51 [debug] 22#0: *15 reusable connection: 0 server |
2025/04/30 10:07:51 [debug] 22#0: *15 posix_memalign: 00005594EBC19F90:4096 @16 server |
2025/04/30 10:07:51 [debug] 22#0: *15 http process request line server |
2025/04/30 10:07:51 [debug] 22#0: *15 http request line: "GET /ovxgsqycievhlhndpxnlvwoyuaqaxaqkuhanesfhgsiktkdtjqeruxjdqkoyljhkgojmntapbkierljmxkiyulkcobpkupvvhuvhoxmfimghtcemvulsswdriqcqbssvqxomkftsugzbivbtwdqceiiuoqhmxlpcksbyudsmbeaxbqwoozsxcvydukhkfnxjagodipffxeeodregwlqicwocqhsleeqcpnjvpemqphibgbcadlxwvdhtjt" server |
2025/04/30 10:07:51 [debug] 22#0: *15 http uri: "/ovxgsqycievhlhndpxnlvwoyuaqaxaqkuhanesfhgsiktkdtjqeruxjdqkoyljhkgojmntapbkierljmxkiyulkcobpkupvvhuvhoxmfimghtcemvulsswdriqcqbssvqxomkftsugzbivbtwdqceiiuoqhmxlpcksbyudsmbeaxbqwoozsxcvydukhkfnxjagodipffxeeodregwlqicwocqhsleeqcpnjvpemqphibgbcadlxwvdhtjt" server |
2025/04/30 10:07:51 [debug] 22#0: *15 http args: "" server |
2025/04/30 10:07:51 [debug] 22#0: *15 http exten: "" server |
2025/04/30 10:07:51 [debug] 22#0: *15 rewrite phase: 0 server |
2025/04/30 10:07:51 [debug] 22#0: *15 test location: "/" server |
2025/04/30 10:07:51 [debug] 22#0: *15 using configuration "/" server |
2025/04/30 10:07:51 [debug] 22#0: *15 http cl:-1 max:1048576 server |
2025/04/30 10:07:51 [debug] 22#0: *15 rewrite phase: 2 server |
2025/04/30 10:07:51 [debug] 22#0: *15 post rewrite phase: 3 server |
2025/04/30 10:07:51 [debug] 22#0: *15 generic phase: 4 server |
2025/04/30 10:07:51 [debug] 22#0: *15 generic phase: 5 server |
2025/04/30 10:07:51 [debug] 22#0: *15 access phase: 6 server |
2025/04/30 10:07:51 [debug] 22#0: *15 access phase: 7 server |
2025/04/30 10:07:51 [debug] 22#0: *15 post access phase: 8 server |
2025/04/30 10:07:51 [debug] 22#0: *15 generic phase: 9 server |
2025/04/30 10:07:51 [debug] 22#0: *15 generic phase: 10 server |
2025/04/30 10:07:51 [debug] 22#0: *15 content phase: 11 server |
2025/04/30 10:07:51 [debug] 22#0: *15 content phase: 12 server |
2025/04/30 10:07:51 [debug] 22#0: *15 content phase: 13 server |
2025/04/30 10:07:51 [debug] 22#0: *15 http filename: "/www/ovxgsqycievhlhndpxnlvwoyuaqaxaqkuhanesfhgsiktkdtjqeruxjdqkoyljhkgojmntapbkierljmxkiyulkcobpkupvvhuvhoxmfimghtcemvulsswdriqcqbssvqxomkftsugzbivbtwdqceiiuoqhmxlpcksbyudsmbeaxbqwoozsxcvydukhkfnxjagodipffxeeodregwlqicwocqhsleeqcpnjvpemqphibgbcadlxwvdhtjt" server |
2025/04/30 10:07:51 [debug] 22#0: *15 add cleanup: 00005594EBC1ADB8 server |
2025/04/30 10:07:51 [debug] 22#0: *15 http static fd: 3 server |
2025/04/30 10:07:51 [debug] 22#0: *15 http set discard body server |
2025/04/30 10:07:51 [debug] 22#0: *15 http output filter "/ovxgsqycievhlhndpxnlvwoyuaqaxaqkuhanesfhgsiktkdtjqeruxjdqkoyljhkgojmntapbkierljmxkiyulkcobpkupvvhuvhoxmfimghtcemvulsswdriqcqbssvqxomkftsugzbivbtwdqceiiuoqhmxlpcksbyudsmbeaxbqwoozsxcvydukhkfnxjagodipffxeeodregwlqicwocqhsleeqcpnjvpemqphibgbcadlxwvdhtjt?" server |
2025/04/30 10:07:51 [debug] 22#0: *15 http copy filter: "/ovxgsqycievhlhndpxnlvwoyuaqaxaqkuhanesfhgsiktkdtjqeruxjdqkoyljhkgojmntapbkierljmxkiyulkcobpkupvvhuvhoxmfimghtcemvulsswdriqcqbssvqxomkftsugzbivbtwdqceiiuoqhmxlpcksbyudsmbeaxbqwoozsxcvydukhkfnxjagodipffxeeodregwlqicwocqhsleeqcpnjvpemqphibgbcadlxwvdhtjt?" server |
2025/04/30 10:07:51 [debug] 22#0: *15 posix_memalign: 00005594EBC0BD00:4096 @16 server |
2025/04/30 10:07:51 [debug] 22#0: *15 read: 3, 00005594EBC1AF60, 32, 0 server |
2025/04/30 10:07:51 [debug] 22#0: *15 http postpone filter "/ovxgsqycievhlhndpxnlvwoyuaqaxaqkuhanesfhgsiktkdtjqeruxjdqkoyljhkgojmntapbkierljmxkiyulkcobpkupvvhuvhoxmfimghtcemvulsswdriqcqbssvqxomkftsugzbivbtwdqceiiuoqhmxlpcksbyudsmbeaxbqwoozsxcvydukhkfnxjagodipffxeeodregwlqicwocqhsleeqcpnjvpemqphibgbcadlxwvdhtjt?" 00005594EBC1AF50 server |
2025/04/30 10:07:51 [debug] 22#0: *15 write new buf t:1 f:0 00005594EBC1AF60, pos 00005594EBC1AF60, size: 32 file: 0, size: 0 server |
2025/04/30 10:07:51 [debug] 22#0: *15 http write filter: l:1 f:0 s:32 server |
2025/04/30 10:07:51 [debug] 22#0: *15 http write filter limit 2097152 server |
2025/04/30 10:07:51 [debug] 22#0: *6 posix_memalign: 00005594EBC0CD10:512 @16 server |
2025/04/30 10:07:51 [debug] 22#0: *6 malloc: 00005594EBC0CF20:4096 server |
2025/04/30 10:07:51 [debug] 22#0: *15 quic send_chain sent:32 server |
2025/04/30 10:07:51 [debug] 22#0: *6 quic stream id:0x20 flush limit:524288 server |
2025/04/30 10:07:51 [debug] 22#0: *6 update posted event 00005594EBBFC8A8 server |
2025/04/30 10:07:51 [debug] 22#0: *6 quic stream id:0x20 flush len:32 last:0 server |
2025/04/30 10:07:51 [debug] 22#0: *15 http write filter 0000000000000000 server |
2025/04/30 10:07:51 [debug] 22#0: *15 http copy filter: 0 "/ovxgsqycievhlhndpxnlvwoyuaqaxaqkuhanesfhgsiktkdtjqeruxjdqkoyljhkgojmntapbkierljmxkiyulkcobpkupvvhuvhoxmfimghtcemvulsswdriqcqbssvqxomkftsugzbivbtwdqceiiuoqhmxlpcksbyudsmbeaxbqwoozsxcvydukhkfnxjagodipffxeeodregwlqicwocqhsleeqcpnjvpemqphibgbcadlxwvdhtjt?" server |
2025/04/30 10:07:51 [debug] 22#0: *15 http finalize request: 0, "/ovxgsqycievhlhndpxnlvwoyuaqaxaqkuhanesfhgsiktkdtjqeruxjdqkoyljhkgojmntapbkierljmxkiyulkcobpkupvvhuvhoxmfimghtcemvulsswdriqcqbssvqxomkftsugzbivbtwdqceiiuoqhmxlpcksbyudsmbeaxbqwoozsxcvydukhkfnxjagodipffxeeodregwlqicwocqhsleeqcpnjvpemqphibgbcadlxwvdhtjt?" a:1, c:1 server |
2025/04/30 10:07:51 [debug] 22#0: *15 http request count:1 blk:0 server |
2025/04/30 10:07:51 [debug] 22#0: *15 http close request server |
2025/04/30 10:07:51 [debug] 22#0: *15 http log handler server | 193.167.0.100 - - [30/Apr/2025:10:07:51 +0000] "GET /ovxgsqycievhlhndpxnlvwoyuaqaxaqkuhanesfhgsiktkdtjqeruxjdqkoyljhkgojmntapbkierljmxkiyulkcobpkupvvhuvhoxmfimghtcemvulsswdriqcqbssvqxomkftsugzbivbtwdqceiiuoqhmxlpcksbyudsmbeaxbqwoozsxcvydukhkfnxjagodipffxeeodregwlqicwocqhsleeqcpnjvpemqphibgbcadlxwvdhtjt" 200 32 "-" "-" server |
2025/04/30 10:07:51 [debug] 22#0: *15 run cleanup: 00005594EBC1ADB8 server |
2025/04/30 10:07:51 [debug] 22#0: *15 file cleanup: fd:3 server |
2025/04/30 10:07:51 [debug] 22#0: *15 free: 00005594EBC19F90, unused: 0 server |
2025/04/30 10:07:51 [debug] 22#0: *15 free: 00005594EBC0BD00, unused: 3501 server |
2025/04/30 10:07:51 [debug] 22#0: *15 close http connection: 6 server |
2025/04/30 10:07:51 [debug] 22#0: *15 reusable connection: 0 server |
2025/04/30 10:07:51 [debug] 22#0: *15 run cleanup: 00005594EBC150A0 server |
2025/04/30 10:07:51 [debug] 22#0: *6 event timer add: 6: 75000:568244 server |
2025/04/30 10:07:51 [debug] 22#0: *15 run cleanup: 00005594EBC15030 server |
2025/04/30 10:07:51 [debug] 22#0: *6 quic stream id:0x20 cleanup server |
2025/04/30 10:07:51 [debug] 22#0: *6 quic stream id:0x20 send shutdown server |
2025/04/30 10:07:51 [debug] 22#0: *6 quic stream id:0x20 flush limit:524256 server |
2025/04/30 10:07:51 [debug] 22#0: *6 update posted event 00005594EBBFC8A8 server |
2025/04/30 10:07:51 [debug] 22#0: *6 quic stream id:0x20 flush len:0 last:1 server |
2025/04/30 10:07:51 [debug] 22#0: *15 free: 00005594EBC14F70, unused: 14952 server |
2025/04/30 10:07:51 [debug] 22#0: posted event 00005594EBBFC8A8 server |
2025/04/30 10:07:51 [debug] 22#0: *6 delete posted event 00005594EBBFC8A8 server |
2025/04/30 10:07:51 [debug] 22#0: *6 quic push handler server |
2025/04/30 10:07:51 [debug] 22#0: *6 posix_memalign: 00005594EBC0DF30:512 @16 server |
2025/04/30 10:07:51 [debug] 22#0: *6 quic output app packet max:1200 min:0 server |
2025/04/30 10:07:51 [debug] 22#0: *6 quic frame tx app:6 ACK n:0 delay:0 5-0 server |
2025/04/30 10:07:51 [debug] 22#0: *6 quic frame tx app:6 STREAM id:0x20 off:0 len:32 server |
2025/04/30 10:07:51 [debug] 22#0: *6 quic frame tx app:6 STREAM id:0x20 off:32 len:0 fin:1 server |
2025/04/30 10:07:51 [debug] 22#0: *6 quic packet tx app bytes:45 need_ack:1 number:6 encoded nl:1 trunc:0x6 server |
2025/04/30 10:07:51 [debug] 22#0: *6 sendmsg: 63 of 63 server |
2025/04/30 10:07:51 [debug] 22#0: *6 quic congestion send if:1635 server |
2025/04/30 10:07:51 [debug] 22#0: *6 quic congestion send if:1635 server |
2025/04/30 10:07:51 [debug] 22#0: *6 quic congestion send if:1698 server |
2025/04/30 10:07:51 [debug] 22#0: *6 event timer: 6, old: 523237, new: 523244 server |
2025/04/30 10:07:51 [debug] 22#0: *6 event timer del: 6: 494234 server |
2025/04/30 10:07:51 [debug] 22#0: *6 quic lost timer pto:990 server |
2025/04/30 10:07:51 [debug] 22#0: *6 event timer add: 6: 990:494234 server |
2025/04/30 10:07:51 [debug] 22#0: *6 quic state: send:29993 pto:990 server |
2025/04/30 10:07:51 [debug] 22#0: worker cycle server |
2025/04/30 10:07:51 [debug] 22#0: epoll timer: 328 server |
2025/04/30 10:07:51 [debug] 22#0: epoll: fd:6 ev:0001 d:00007FD5C3975108 server |
2025/04/30 10:07:51 [debug] 22#0: quic recvmsg on 0.0.0.0:443, ready: 0 server |
2025/04/30 10:07:51 [debug] 22#0: *6 quic recvmsg: fd:6 n:821 server |
2025/04/30 10:07:51 [debug] 22#0: *6 quic input handler server |
2025/04/30 10:07:51 [debug] 22#0: *6 quic packet rx long flags:de version:1 server |
2025/04/30 10:07:51 [debug] 22#0: *6 quic packet rx early len:799 server |
2025/04/30 10:07:51 [debug] 22#0: *6 quic packet rx dcid len:13 1c74e613eb39281e1567e27b4b server |
2025/04/30 10:07:51 [debug] 22#0: *6 quic packet rx scid len:0 server |
2025/04/30 10:07:51 [debug] 22#0: *6 quic packet rx clearflags:d1 server |
2025/04/30 10:07:51 [debug] 22#0: *6 quic packet rx number:6 len:2 server |
2025/04/30 10:07:51 [debug] 22#0: *6 quic packet len:821 via sock seq:-1 path seq:0 server |
2025/04/30 10:07:51 [debug] 22#0: *6 quic path seq:0 status tx:1698 rx:4678 valid:0 st:0 mtu:1200 server |
2025/04/30 10:07:51 [debug] 22#0: *6 quic frame rx early:6 STREAM id:0x24 len:257 fin:1 server |
2025/04/30 10:07:51 [debug] 22#0: *6 quic stream id:0x24 is missing server |
2025/04/30 10:07:51 [debug] 22#0: *6 quic stream id:0x24 create server |
2025/04/30 10:07:51 [debug] 22#0: *6 posix_memalign: 00005594EBC14F70:16384 @16 server |
2025/04/30 10:07:51 [debug] 22#0: *6 reusable connection: 0 server |
2025/04/30 10:07:51 [debug] 22#0: *16 add cleanup: 00005594EBC15030 server |
2025/04/30 10:07:51 [debug] 22#0: *16 post event 00005594EBBC6B90 server |
2025/04/30 10:07:51 [debug] 22#0: *6 quic stream id:0x24 flow control msd:257/65536 md:2570/8585216 server |
2025/04/30 10:07:51 [debug] 22#0: *6 malloc: 00005594EBC0BD00:4096 server |
2025/04/30 10:07:51 [debug] 22#0: *6 posix_memalign: 00005594EBC0E140:512 @16 server |
2025/04/30 10:07:51 [debug] 22#0: *6 quic frame rx early:6 STREAM id:0x28 len:257 fin:1 server |
2025/04/30 10:07:51 [debug] 22#0: *6 quic stream id:0x28 is missing server |
2025/04/30 10:07:51 [debug] 22#0: *6 quic stream id:0x28 create server |
2025/04/30 10:07:51 [debug] 22#0: *6 posix_memalign: 00005594EBC1BFB0:16384 @16 server |
2025/04/30 10:07:51 [debug] 22#0: *6 reusable connection: 0 server |
2025/04/30 10:07:51 [debug] 22#0: *17 add cleanup: 00005594EBC1C070 server |
2025/04/30 10:07:51 [debug] 22#0: *17 post event 00005594EBBC6BF0 server |
2025/04/30 10:07:51 [debug] 22#0: *6 quic stream id:0x28 flow control msd:257/65536 md:2827/8585216 server |
2025/04/30 10:07:51 [debug] 22#0: *6 malloc: 00005594EBC19F90:4096 server |
2025/04/30 10:07:51 [debug] 22#0: *6 posix_memalign: 00005594EBC0E350:512 @16 server |
2025/04/30 10:07:51 [debug] 22#0: *6 quic frame rx early:6 STREAM id:0x2c fin:1 server |
2025/04/30 10:07:51 [debug] 22#0: *6 quic stream id:0x2c is missing server |
2025/04/30 10:07:51 [debug] 22#0: *6 quic stream id:0x2c create server |
2025/04/30 10:07:51 [debug] 22#0: *6 posix_memalign: 00005594EBC1FFC0:16384 @16 server |
2025/04/30 10:07:51 [debug] 22#0: *6 reusable connection: 0 server |
2025/04/30 10:07:51 [debug] 22#0: *18 add cleanup: 00005594EBC20080 server |
2025/04/30 10:07:51 [debug] 22#0: *18 post event 00005594EBBC6B30 server |
2025/04/30 10:07:51 [debug] 22#0: *6 quic stream id:0x2c flow control msd:257/65536 md:3084/8585216 server |
2025/04/30 10:07:51 [debug] 22#0: *6 malloc: 00005594EBC23FD0:4096 server |
2025/04/30 10:07:51 [debug] 22#0: *6 posix_memalign: 00005594EBC0E560:512 @16 server |
2025/04/30 10:07:51 [debug] 22#0: *6 quic ngx_quic_ack_packet pn:6 largest 5 fr:5 nranges:0 server |
2025/04/30 10:07:51 [debug] 22#0: *6 post event 00005594EBBFC8A8 server |
2025/04/30 10:07:51 [debug] 22#0: *6 quic packet done rc:0 level:early decr:1 pn:6 perr:0 server |
2025/04/30 10:07:51 [debug] 22#0: *6 event timer: 6, old: 523237, new: 523245 server |
2025/04/30 10:07:51 [debug] 22#0: *6 quic state: read:29992 pto:989 server |
2025/04/30 10:07:51 [debug] 22#0: timer delta: 1 server |
2025/04/30 10:07:51 [debug] 22#0: posted event 00005594EBBC6B90 server |
2025/04/30 10:07:51 [debug] 22#0: *16 delete posted event 00005594EBBC6B90 server |
2025/04/30 10:07:51 [debug] 22#0: *16 quic init stream server |
2025/04/30 10:07:51 [debug] 22#0: *16 http3 init request stream server |
2025/04/30 10:07:51 [debug] 22#0: *16 add cleanup: 00005594EBC150A0 server |
2025/04/30 10:07:51 [debug] 22#0: *6 event timer del: 6: 568244 server |
2025/04/30 10:07:51 [debug] 22#0: *16 http wait request handler server |
2025/04/30 10:07:51 [debug] 22#0: *6 quic stream id:0x24 recv buf:1024 server |
2025/04/30 10:07:51 [debug] 22#0: *16 quic stream id:0x24 recv len:257 server |
2025/04/30 10:07:51 [debug] 22#0: *6 quic stream id:0x24 flow update 257 server |
2025/04/30 10:07:51 [debug] 22#0: *16 reusable connection: 0 server |
2025/04/30 10:07:51 [debug] 22#0: *16 posix_memalign: 00005594EBC24FE0:4096 @16 server |
2025/04/30 10:07:51 [debug] 22#0: *16 http process request line server |
2025/04/30 10:07:51 [debug] 22#0: *16 http request line: "GET /icvhfsqohmffryhhabnnmpdqeknnymsihjimgiedsnpozmqccuzdslvgtvuvjnsigzyhrbslkybklvcgmgocqgzcqwhdxrrddmqafqjqtmovgyzajentcrqhgolwvnhigngnnjpmzaksidjtlbogkzxnqeiiebvliwdxhbtqlvqwcazoezoujgokfvwiakpjwrmdjnbofzubzggecfjptsqnwjojuutbpctqsysbgusojquomjxeebrnum" server |
2025/04/30 10:07:51 [debug] 22#0: *16 http uri: "/icvhfsqohmffryhhabnnmpdqeknnymsihjimgiedsnpozmqccuzdslvgtvuvjnsigzyhrbslkybklvcgmgocqgzcqwhdxrrddmqafqjqtmovgyzajentcrqhgolwvnhigngnnjpmzaksidjtlbogkzxnqeiiebvliwdxhbtqlvqwcazoezoujgokfvwiakpjwrmdjnbofzubzggecfjptsqnwjojuutbpctqsysbgusojquomjxeebrnum" server |
2025/04/30 10:07:51 [debug] 22#0: *16 http args: "" server |
2025/04/30 10:07:51 [debug] 22#0: *16 http exten: "" server |
2025/04/30 10:07:51 [debug] 22#0: *16 rewrite phase: 0 server |
2025/04/30 10:07:51 [debug] 22#0: *16 test location: "/" server |
2025/04/30 10:07:51 [debug] 22#0: *16 using configuration "/" server |
2025/04/30 10:07:51 [debug] 22#0: *16 http cl:-1 max:1048576 server |
2025/04/30 10:07:51 [debug] 22#0: *16 rewrite phase: 2 server |
2025/04/30 10:07:51 [debug] 22#0: *16 post rewrite phase: 3 server |
2025/04/30 10:07:51 [debug] 22#0: *16 generic phase: 4 server |
2025/04/30 10:07:51 [debug] 22#0: *16 generic phase: 5 server |
2025/04/30 10:07:51 [debug] 22#0: *16 access phase: 6 server |
2025/04/30 10:07:51 [debug] 22#0: *16 access phase: 7 server |
2025/04/30 10:07:51 [debug] 22#0: *16 post access phase: 8 server |
2025/04/30 10:07:51 [debug] 22#0: *16 generic phase: 9 server |
2025/04/30 10:07:51 [debug] 22#0: *16 generic phase: 10 server |
2025/04/30 10:07:51 [debug] 22#0: *16 content phase: 11 server |
2025/04/30 10:07:51 [debug] 22#0: *16 content phase: 12 server |
2025/04/30 10:07:51 [debug] 22#0: *16 content phase: 13 server |
2025/04/30 10:07:51 [debug] 22#0: *16 http filename: "/www/icvhfsqohmffryhhabnnmpdqeknnymsihjimgiedsnpozmqccuzdslvgtvuvjnsigzyhrbslkybklvcgmgocqgzcqwhdxrrddmqafqjqtmovgyzajentcrqhgolwvnhigngnnjpmzaksidjtlbogkzxnqeiiebvliwdxhbtqlvqwcazoezoujgokfvwiakpjwrmdjnbofzubzggecfjptsqnwjojuutbpctqsysbgusojquomjxeebrnum" server |
2025/04/30 10:07:51 [debug] 22#0: *16 add cleanup: 00005594EBC25E08 server |
2025/04/30 10:07:51 [debug] 22#0: *16 http static fd: 3 server |
2025/04/30 10:07:51 [debug] 22#0: *16 http set discard body server |
2025/04/30 10:07:51 [debug] 22#0: *16 http output filter "/icvhfsqohmffryhhabnnmpdqeknnymsihjimgiedsnpozmqccuzdslvgtvuvjnsigzyhrbslkybklvcgmgocqgzcqwhdxrrddmqafqjqtmovgyzajentcrqhgolwvnhigngnnjpmzaksidjtlbogkzxnqeiiebvliwdxhbtqlvqwcazoezoujgokfvwiakpjwrmdjnbofzubzggecfjptsqnwjojuutbpctqsysbgusojquomjxeebrnum?" server |
2025/04/30 10:07:51 [debug] 22#0: *16 http copy filter: "/icvhfsqohmffryhhabnnmpdqeknnymsihjimgiedsnpozmqccuzdslvgtvuvjnsigzyhrbslkybklvcgmgocqgzcqwhdxrrddmqafqjqtmovgyzajentcrqhgolwvnhigngnnjpmzaksidjtlbogkzxnqeiiebvliwdxhbtqlvqwcazoezoujgokfvwiakpjwrmdjnbofzubzggecfjptsqnwjojuutbpctqsysbgusojquomjxeebrnum?" server |
2025/04/30 10:07:51 [debug] 22#0: *16 posix_memalign: 00005594EBC25FF0:4096 @16 server |
2025/04/30 10:07:51 [debug] 22#0: *16 read: 3, 00005594EBC25FB0, 32, 0 server |
2025/04/30 10:07:51 [debug] 22#0: *16 http postpone filter "/icvhfsqohmffryhhabnnmpdqeknnymsihjimgiedsnpozmqccuzdslvgtvuvjnsigzyhrbslkybklvcgmgocqgzcqwhdxrrddmqafqjqtmovgyzajentcrqhgolwvnhigngnnjpmzaksidjtlbogkzxnqeiiebvliwdxhbtqlvqwcazoezoujgokfvwiakpjwrmdjnbofzubzggecfjptsqnwjojuutbpctqsysbgusojquomjxeebrnum?" 00005594EBC25FA0 server |
2025/04/30 10:07:51 [debug] 22#0: *16 write new buf t:1 f:0 00005594EBC25FB0, pos 00005594EBC25FB0, size: 32 file: 0, size: 0 server |
2025/04/30 10:07:51 [debug] 22#0: *16 http write filter: l:1 f:0 s:32 server |
2025/04/30 10:07:51 [debug] 22#0: *16 http write filter limit 2097152 server |
2025/04/30 10:07:51 [debug] 22#0: *6 malloc: 00005594EBC27000:4096 server |
2025/04/30 10:07:51 [debug] 22#0: *16 quic send_chain sent:32 server |
2025/04/30 10:07:51 [debug] 22#0: *6 quic stream id:0x24 flush limit:524288 server |
2025/04/30 10:07:51 [debug] 22#0: *6 update posted event 00005594EBBFC8A8 server |
2025/04/30 10:07:51 [debug] 22#0: *6 quic stream id:0x24 flush len:32 last:0 server |
2025/04/30 10:07:51 [debug] 22#0: *16 http write filter 0000000000000000 server |
2025/04/30 10:07:51 [debug] 22#0: *16 http copy filter: 0 "/icvhfsqohmffryhhabnnmpdqeknnymsihjimgiedsnpozmqccuzdslvgtvuvjnsigzyhrbslkybklvcgmgocqgzcqwhdxrrddmqafqjqtmovgyzajentcrqhgolwvnhigngnnjpmzaksidjtlbogkzxnqeiiebvliwdxhbtqlvqwcazoezoujgokfvwiakpjwrmdjnbofzubzggecfjptsqnwjojuutbpctqsysbgusojquomjxeebrnum?" server |
2025/04/30 10:07:51 [debug] 22#0: *16 http finalize request: 0, "/icvhfsqohmffryhhabnnmpdqeknnymsihjimgiedsnpozmqccuzdslvgtvuvjnsigzyhrbslkybklvcgmgocqgzcqwhdxrrddmqafqjqtmovgyzajentcrqhgolwvnhigngnnjpmzaksidjtlbogkzxnqeiiebvliwdxhbtqlvqwcazoezoujgokfvwiakpjwrmdjnbofzubzggecfjptsqnwjojuutbpctqsysbgusojquomjxeebrnum?" a:1, c:1 server |
2025/04/30 10:07:51 [debug] 22#0: *16 http request count:1 blk:0 server |
2025/04/30 10:07:51 [debug] 22#0: *16 http close request server |
2025/04/30 10:07:51 [debug] 22#0: *16 http log handler server | 193.167.0.100 - - [30/Apr/2025:10:07:51 +0000] "GET /icvhfsqohmffryhhabnnmpdqeknnymsihjimgiedsnpozmqccuzdslvgtvuvjnsigzyhrbslkybklvcgmgocqgzcqwhdxrrddmqafqjqtmovgyzajentcrqhgolwvnhigngnnjpmzaksidjtlbogkzxnqeiiebvliwdxhbtqlvqwcazoezoujgokfvwiakpjwrmdjnbofzubzggecfjptsqnwjojuutbpctqsysbgusojquomjxeebrnum" 200 32 "-" "-" server |
2025/04/30 10:07:51 [debug] 22#0: *16 run cleanup: 00005594EBC25E08 server |
2025/04/30 10:07:51 [debug] 22#0: *16 file cleanup: fd:3 server |
2025/04/30 10:07:51 [debug] 22#0: *16 free: 00005594EBC24FE0, unused: 0 server |
2025/04/30 10:07:51 [debug] 22#0: *16 free: 00005594EBC25FF0, unused: 3501 server |
2025/04/30 10:07:51 [debug] 22#0: *16 close http connection: 6 server |
2025/04/30 10:07:51 [debug] 22#0: *16 reusable connection: 0 server |
2025/04/30 10:07:51 [debug] 22#0: *16 run cleanup: 00005594EBC150A0 server |
2025/04/30 10:07:51 [debug] 22#0: *6 event timer add: 6: 75000:568245 server |
2025/04/30 10:07:51 [debug] 22#0: *16 run cleanup: 00005594EBC15030 server |
2025/04/30 10:07:51 [debug] 22#0: *6 quic stream id:0x24 cleanup server |
2025/04/30 10:07:51 [debug] 22#0: *6 quic stream id:0x24 send shutdown server |
2025/04/30 10:07:51 [debug] 22#0: *6 quic stream id:0x24 flush limit:524256 server |
2025/04/30 10:07:51 [debug] 22#0: *6 posix_memalign: 00005594EBC0E770:512 @16 server |
2025/04/30 10:07:51 [debug] 22#0: *6 update posted event 00005594EBBFC8A8 server |
2025/04/30 10:07:51 [debug] 22#0: *6 quic stream id:0x24 flush len:0 last:1 server |
2025/04/30 10:07:51 [debug] 22#0: *16 free: 00005594EBC14F70, unused: 14952 server |
2025/04/30 10:07:51 [debug] 22#0: posted event 00005594EBBC6BF0 server |
2025/04/30 10:07:51 [debug] 22#0: *17 delete posted event 00005594EBBC6BF0 server |
2025/04/30 10:07:51 [debug] 22#0: *17 quic init stream server |
2025/04/30 10:07:51 [debug] 22#0: *17 http3 init request stream server |
2025/04/30 10:07:51 [debug] 22#0: *17 add cleanup: 00005594EBC1C0E0 server |
2025/04/30 10:07:51 [debug] 22#0: *6 event timer del: 6: 568245 server |
2025/04/30 10:07:51 [debug] 22#0: *17 http wait request handler server |
2025/04/30 10:07:51 [debug] 22#0: *6 quic stream id:0x28 recv buf:1024 server |
2025/04/30 10:07:51 [debug] 22#0: *17 quic stream id:0x28 recv len:257 server |
2025/04/30 10:07:51 [debug] 22#0: *6 quic stream id:0x28 flow update 257 server |
2025/04/30 10:07:51 [debug] 22#0: *17 reusable connection: 0 server |
2025/04/30 10:07:51 [debug] 22#0: *17 posix_memalign: 00005594EBC24FE0:4096 @16 server |
2025/04/30 10:07:51 [debug] 22#0: *17 http process request line server |
2025/04/30 10:07:51 [debug] 22#0: *17 http request line: "GET /bweoiyolwvvmxqdtvjhgatahjajbgnuyqddrkyttvfgdzeygykihiqnzvvhhktnknterlhyzgabbzadzfjtxrbbafvntowhsyfqqycqsiwbftawamxemwljdhxwxsauwizsxetvtsmvwyhilxqiachdkxoamgnjgaunpdnyfaevwixjhvhplykzarwksctagnuhhatmscoctfvqhwdsetovprdlroyaaycpriqwpeidvtfmtckqzosdnkf" server |
2025/04/30 10:07:51 [debug] 22#0: *17 http uri: "/bweoiyolwvvmxqdtvjhgatahjajbgnuyqddrkyttvfgdzeygykihiqnzvvhhktnknterlhyzgabbzadzfjtxrbbafvntowhsyfqqycqsiwbftawamxemwljdhxwxsauwizsxetvtsmvwyhilxqiachdkxoamgnjgaunpdnyfaevwixjhvhplykzarwksctagnuhhatmscoctfvqhwdsetovprdlroyaaycpriqwpeidvtfmtckqzosdnkf" server |
2025/04/30 10:07:51 [debug] 22#0: *17 http args: "" server |
2025/04/30 10:07:51 [debug] 22#0: *17 http exten: "" server |
2025/04/30 10:07:51 [debug] 22#0: *17 rewrite phase: 0 server |
2025/04/30 10:07:51 [debug] 22#0: *17 test location: "/" server |
2025/04/30 10:07:51 [debug] 22#0: *17 using configuration "/" server |
2025/04/30 10:07:51 [debug] 22#0: *17 http cl:-1 max:1048576 server |
2025/04/30 10:07:51 [debug] 22#0: *17 rewrite phase: 2 server |
2025/04/30 10:07:51 [debug] 22#0: *17 post rewrite phase: 3 server |
2025/04/30 10:07:51 [debug] 22#0: *17 generic phase: 4 server |
2025/04/30 10:07:51 [debug] 22#0: *17 generic phase: 5 server |
2025/04/30 10:07:51 [debug] 22#0: *17 access phase: 6 server |
2025/04/30 10:07:51 [debug] 22#0: *17 access phase: 7 server |
2025/04/30 10:07:51 [debug] 22#0: *17 post access phase: 8 server |
2025/04/30 10:07:51 [debug] 22#0: *17 generic phase: 9 server |
2025/04/30 10:07:51 [debug] 22#0: *17 generic phase: 10 server |
2025/04/30 10:07:51 [debug] 22#0: *17 content phase: 11 server |
2025/04/30 10:07:51 [debug] 22#0: *17 content phase: 12 server |
2025/04/30 10:07:51 [debug] 22#0: *17 content phase: 13 server |
2025/04/30 10:07:51 [debug] 22#0: *17 http filename: "/www/bweoiyolwvvmxqdtvjhgatahjajbgnuyqddrkyttvfgdzeygykihiqnzvvhhktnknterlhyzgabbzadzfjtxrbbafvntowhsyfqqycqsiwbftawamxemwljdhxwxsauwizsxetvtsmvwyhilxqiachdkxoamgnjgaunpdnyfaevwixjhvhplykzarwksctagnuhhatmscoctfvqhwdsetovprdlroyaaycpriqwpeidvtfmtckqzosdnkf" server |
2025/04/30 10:07:51 [debug] 22#0: *17 add cleanup: 00005594EBC25E08 server |
2025/04/30 10:07:51 [debug] 22#0: *17 http static fd: 3 server |
2025/04/30 10:07:51 [debug] 22#0: *17 http set discard body server |
2025/04/30 10:07:51 [debug] 22#0: *17 http output filter "/bweoiyolwvvmxqdtvjhgatahjajbgnuyqddrkyttvfgdzeygykihiqnzvvhhktnknterlhyzgabbzadzfjtxrbbafvntowhsyfqqycqsiwbftawamxemwljdhxwxsauwizsxetvtsmvwyhilxqiachdkxoamgnjgaunpdnyfaevwixjhvhplykzarwksctagnuhhatmscoctfvqhwdsetovprdlroyaaycpriqwpeidvtfmtckqzosdnkf?" server |
2025/04/30 10:07:51 [debug] 22#0: *17 http copy filter: "/bweoiyolwvvmxqdtvjhgatahjajbgnuyqddrkyttvfgdzeygykihiqnzvvhhktnknterlhyzgabbzadzfjtxrbbafvntowhsyfqqycqsiwbftawamxemwljdhxwxsauwizsxetvtsmvwyhilxqiachdkxoamgnjgaunpdnyfaevwixjhvhplykzarwksctagnuhhatmscoctfvqhwdsetovprdlroyaaycpriqwpeidvtfmtckqzosdnkf?" server |
2025/04/30 10:07:51 [debug] 22#0: *17 posix_memalign: 00005594EBC25FF0:4096 @16 server |
2025/04/30 10:07:51 [debug] 22#0: *17 read: 3, 00005594EBC25FB0, 32, 0 server |
2025/04/30 10:07:51 [debug] 22#0: *17 http postpone filter "/bweoiyolwvvmxqdtvjhgatahjajbgnuyqddrkyttvfgdzeygykihiqnzvvhhktnknterlhyzgabbzadzfjtxrbbafvntowhsyfqqycqsiwbftawamxemwljdhxwxsauwizsxetvtsmvwyhilxqiachdkxoamgnjgaunpdnyfaevwixjhvhplykzarwksctagnuhhatmscoctfvqhwdsetovprdlroyaaycpriqwpeidvtfmtckqzosdnkf?" 00005594EBC25FA0 server |
2025/04/30 10:07:51 [debug] 22#0: *17 write new buf t:1 f:0 00005594EBC25FB0, pos 00005594EBC25FB0, size: 32 file: 0, size: 0 server |
