2025/04/30 10:07:51 [debug] 22#0: *27 http postpone filter "/lxrlqvnsjvkqaqrxidftwzzpzzmfouzhiepumqixfgkfjdrkgxtitfnqdzhvdzbztvffusspvspjucuevctzvbgndsglarloflifmsuwawkimjhzdvhawaiinskgvejwxfflvxnnoetykqxetisylvpftnbppbcktkttjuesjxrztgoljqwazjqiwhbpkgqautemptspgovgacgtjpkevuvhorqzshgfkgxwsbbdnwzedqkxgaaryrtroh?" 00005594EBC2AFF0 server |
2025/04/30 10:07:51 [debug] 22#0: *27 write new buf t:1 f:0 00005594EBC2B000, pos 00005594EBC2B000, size: 32 file: 0, size: 0 server |
2025/04/30 10:07:51 [debug] 22#0: *27 http write filter: l:1 f:0 s:32 server |
2025/04/30 10:07:51 [debug] 22#0: *27 http write filter limit 2097152 server |
2025/04/30 10:07:51 [debug] 22#0: *6 malloc: 00005594EBC3E0B0:4096 server |
2025/04/30 10:07:51 [debug] 22#0: *27 quic send_chain sent:32 server |
2025/04/30 10:07:51 [debug] 22#0: *6 quic stream id:0x50 flush limit:524288 server |
2025/04/30 10:07:51 [debug] 22#0: *6 update posted event 00005594EBBFC8A8 server |
2025/04/30 10:07:51 [debug] 22#0: *6 quic stream id:0x50 flush len:32 last:0 server |
2025/04/30 10:07:51 [debug] 22#0: *27 http write filter 0000000000000000 server |
2025/04/30 10:07:51 [debug] 22#0: *27 http copy filter: 0 "/lxrlqvnsjvkqaqrxidftwzzpzzmfouzhiepumqixfgkfjdrkgxtitfnqdzhvdzbztvffusspvspjucuevctzvbgndsglarloflifmsuwawkimjhzdvhawaiinskgvejwxfflvxnnoetykqxetisylvpftnbppbcktkttjuesjxrztgoljqwazjqiwhbpkgqautemptspgovgacgtjpkevuvhorqzshgfkgxwsbbdnwzedqkxgaaryrtroh?" server |
2025/04/30 10:07:51 [debug] 22#0: *27 http finalize request: 0, "/lxrlqvnsjvkqaqrxidftwzzpzzmfouzhiepumqixfgkfjdrkgxtitfnqdzhvdzbztvffusspvspjucuevctzvbgndsglarloflifmsuwawkimjhzdvhawaiinskgvejwxfflvxnnoetykqxetisylvpftnbppbcktkttjuesjxrztgoljqwazjqiwhbpkgqautemptspgovgacgtjpkevuvhorqzshgfkgxwsbbdnwzedqkxgaaryrtroh?" a:1, c:1 server |
2025/04/30 10:07:51 [debug] 22#0: *27 http request count:1 blk:0 server |
2025/04/30 10:07:51 [debug] 22#0: *27 http close request server |
2025/04/30 10:07:51 [debug] 22#0: *27 http log handler server | 193.167.0.100 - - [30/Apr/2025:10:07:51 +0000] "GET /lxrlqvnsjvkqaqrxidftwzzpzzmfouzhiepumqixfgkfjdrkgxtitfnqdzhvdzbztvffusspvspjucuevctzvbgndsglarloflifmsuwawkimjhzdvhawaiinskgvejwxfflvxnnoetykqxetisylvpftnbppbcktkttjuesjxrztgoljqwazjqiwhbpkgqautemptspgovgacgtjpkevuvhorqzshgfkgxwsbbdnwzedqkxgaaryrtroh" 200 32 "-" "-" server |
2025/04/30 10:07:51 [debug] 22#0: *27 run cleanup: 00005594EBC2AE58 server |
2025/04/30 10:07:51 [debug] 22#0: *27 file cleanup: fd:3 server |
2025/04/30 10:07:51 [debug] 22#0: *27 free: 00005594EBC2A030, unused: 0 server |
2025/04/30 10:07:51 [debug] 22#0: *27 free: 00005594EBC3D0A0, unused: 3501 server |
2025/04/30 10:07:51 [debug] 22#0: *27 close http connection: 6 server |
2025/04/30 10:07:51 [debug] 22#0: *27 reusable connection: 0 server |
2025/04/30 10:07:51 [debug] 22#0: *27 run cleanup: 00005594EBC381B0 server |
2025/04/30 10:07:51 [debug] 22#0: *6 event timer add: 6: 75000:568249 server |
2025/04/30 10:07:51 [debug] 22#0: *27 run cleanup: 00005594EBC38140 server |
2025/04/30 10:07:51 [debug] 22#0: *6 quic stream id:0x50 cleanup server |
2025/04/30 10:07:51 [debug] 22#0: *6 quic stream id:0x50 send shutdown server |
2025/04/30 10:07:51 [debug] 22#0: *6 quic stream id:0x50 flush limit:524256 server |
2025/04/30 10:07:51 [debug] 22#0: *6 posix_memalign: 00005594EBC1FA30:512 @16 server |
2025/04/30 10:07:51 [debug] 22#0: *6 update posted event 00005594EBBFC8A8 server |
2025/04/30 10:07:51 [debug] 22#0: *6 quic stream id:0x50 flush len:0 last:1 server |
2025/04/30 10:07:51 [debug] 22#0: *27 free: 00005594EBC38080, unused: 14952 server |
2025/04/30 10:07:51 [debug] 22#0: posted event 00005594EBBFC8A8 server |
2025/04/30 10:07:51 [debug] 22#0: *6 delete posted event 00005594EBBFC8A8 server |
2025/04/30 10:07:51 [debug] 22#0: *6 quic push handler server |
2025/04/30 10:07:51 [debug] 22#0: *6 quic output app packet max:1200 min:0 server |
2025/04/30 10:07:51 [debug] 22#0: *6 quic frame tx app:12 ACK n:0 delay:0 11-0 server |
2025/04/30 10:07:51 [debug] 22#0: *6 quic frame tx app:12 STREAM id:0x44 off:0 len:32 server |
2025/04/30 10:07:51 [debug] 22#0: *6 quic frame tx app:12 STREAM id:0x44 off:32 len:0 fin:1 server |
2025/04/30 10:07:51 [debug] 22#0: *6 quic frame tx app:12 STREAM id:0x48 off:0 len:32 server |
2025/04/30 10:07:51 [debug] 22#0: *6 quic frame tx app:12 STREAM id:0x48 off:32 len:0 fin:1 server |
2025/04/30 10:07:51 [debug] 22#0: *6 quic frame tx app:12 STREAM id:0x4c off:0 len:32 server |
2025/04/30 10:07:51 [debug] 22#0: *6 quic frame tx app:12 STREAM id:0x4c off:32 len:0 fin:1 server |
2025/04/30 10:07:51 [debug] 22#0: *6 quic frame tx app:12 STREAM id:0x50 off:0 len:32 server |
2025/04/30 10:07:51 [debug] 22#0: *6 quic frame tx app:12 STREAM id:0x50 off:32 len:0 fin:1 server |
2025/04/30 10:07:51 [debug] 22#0: *6 quic packet tx app bytes:173 need_ack:1 number:12 encoded nl:1 trunc:0xc server |
2025/04/30 10:07:51 [debug] 22#0: *6 sendmsg: 191 of 191 server |
2025/04/30 10:07:51 [debug] 22#0: *6 quic congestion send if:2135 server |
2025/04/30 10:07:51 [debug] 22#0: *6 quic congestion send if:2135 server |
2025/04/30 10:07:51 [debug] 22#0: *6 quic congestion send if:2326 server |
2025/04/30 10:07:51 [debug] 22#0: *6 event timer: 6, old: 523237, new: 523249 server |
2025/04/30 10:07:51 [debug] 22#0: *6 event timer del: 6: 494234 server |
2025/04/30 10:07:51 [debug] 22#0: *6 quic lost timer pto:985 server |
2025/04/30 10:07:51 [debug] 22#0: *6 event timer add: 6: 985:494234 server |
2025/04/30 10:07:51 [debug] 22#0: *6 quic state: send:29988 pto:985 server |
2025/04/30 10:07:51 [debug] 22#0: worker cycle server |
2025/04/30 10:07:51 [debug] 22#0: epoll timer: 323 server |
2025/04/30 10:07:51 [debug] 22#0: epoll: fd:6 ev:0001 d:00007FD5C3975108 server |
2025/04/30 10:07:51 [debug] 22#0: quic recvmsg on 0.0.0.0:443, ready: 0 server |
2025/04/30 10:07:51 [debug] 22#0: *6 quic recvmsg: fd:6 n:562 server |
2025/04/30 10:07:51 [debug] 22#0: *6 quic input handler server |
2025/04/30 10:07:51 [debug] 22#0: *6 quic packet rx long flags:d2 version:1 server |
2025/04/30 10:07:51 [debug] 22#0: *6 quic packet rx early len:540 server |
2025/04/30 10:07:51 [debug] 22#0: *6 quic packet rx dcid len:13 1c74e613eb39281e1567e27b4b server |
2025/04/30 10:07:51 [debug] 22#0: *6 quic packet rx scid len:0 server |
2025/04/30 10:07:51 [debug] 22#0: *6 quic packet rx clearflags:d1 server |
2025/04/30 10:07:51 [debug] 22#0: *6 quic packet rx number:12 len:2 server |
2025/04/30 10:07:51 [debug] 22#0: *6 quic packet len:562 via sock seq:-1 path seq:0 server |
2025/04/30 10:07:51 [debug] 22#0: *6 quic path seq:0 status tx:2326 rx:7784 valid:0 st:0 mtu:1200 server |
2025/04/30 10:07:51 [debug] 22#0: *6 quic frame rx early:12 STREAM id:0x54 len:257 fin:1 server |
2025/04/30 10:07:51 [debug] 22#0: *6 quic stream id:0x54 is missing server |
2025/04/30 10:07:51 [debug] 22#0: *6 quic stream id:0x54 create server |
2025/04/30 10:07:51 [debug] 22#0: *6 posix_memalign: 00005594EBC1FC40:512 @16 server |
2025/04/30 10:07:51 [debug] 22#0: *6 posix_memalign: 00005594EBC38080:16384 @16 server |
2025/04/30 10:07:51 [debug] 22#0: *6 reusable connection: 0 server |
2025/04/30 10:07:51 [debug] 22#0: *28 add cleanup: 00005594EBC38140 server |
2025/04/30 10:07:51 [debug] 22#0: *28 post event 00005594EBBC6C50 server |
2025/04/30 10:07:51 [debug] 22#0: *6 quic stream id:0x54 flow control msd:257/65536 md:5654/8585216 server |
2025/04/30 10:07:51 [debug] 22#0: *6 malloc: 00005594EBC3D0A0:4096 server |
2025/04/30 10:07:51 [debug] 22#0: *6 quic frame rx early:12 STREAM id:0x58 fin:1 server |
2025/04/30 10:07:51 [debug] 22#0: *6 quic stream id:0x58 is missing server |
2025/04/30 10:07:51 [debug] 22#0: *6 quic stream id:0x58 create server |
2025/04/30 10:07:51 [debug] 22#0: *6 posix_memalign: 00005594EBC2A030:512 @16 server |
2025/04/30 10:07:51 [debug] 22#0: *6 posix_memalign: 00005594EBC2F050:16384 @16 server |
2025/04/30 10:07:51 [debug] 22#0: *6 reusable connection: 0 server |
2025/04/30 10:07:51 [debug] 22#0: *29 add cleanup: 00005594EBC2F110 server |
2025/04/30 10:07:51 [debug] 22#0: *29 post event 00005594EBBC6B90 server |
2025/04/30 10:07:51 [debug] 22#0: *6 quic stream id:0x58 flow control msd:257/65536 md:5911/8585216 server |
2025/04/30 10:07:51 [debug] 22#0: *6 malloc: 00005594EBC2A240:4096 server |
2025/04/30 10:07:51 [debug] 22#0: *6 quic ngx_quic_ack_packet pn:12 largest 11 fr:11 nranges:0 server |
2025/04/30 10:07:51 [debug] 22#0: *6 post event 00005594EBBFC8A8 server |
2025/04/30 10:07:51 [debug] 22#0: *6 quic packet done rc:0 level:early decr:1 pn:12 perr:0 server |
2025/04/30 10:07:51 [debug] 22#0: *6 event timer: 6, old: 523237, new: 523251 server |
2025/04/30 10:07:51 [debug] 22#0: *6 quic state: read:29986 pto:983 server |
2025/04/30 10:07:51 [debug] 22#0: timer delta: 2 server |
2025/04/30 10:07:51 [debug] 22#0: posted event 00005594EBBC6C50 server |
2025/04/30 10:07:51 [debug] 22#0: *28 delete posted event 00005594EBBC6C50 server |
2025/04/30 10:07:51 [debug] 22#0: *28 quic init stream server |
2025/04/30 10:07:51 [debug] 22#0: *28 http3 init request stream server |
2025/04/30 10:07:51 [debug] 22#0: *28 add cleanup: 00005594EBC381B0 server |
2025/04/30 10:07:51 [debug] 22#0: *6 event timer del: 6: 568249 server |
2025/04/30 10:07:51 [debug] 22#0: *28 http wait request handler server |
2025/04/30 10:07:51 [debug] 22#0: *6 quic stream id:0x54 recv buf:1024 server |
2025/04/30 10:07:51 [debug] 22#0: *28 quic stream id:0x54 recv len:257 server |
2025/04/30 10:07:51 [debug] 22#0: *6 quic stream id:0x54 flow update 257 server |
2025/04/30 10:07:51 [debug] 22#0: *28 reusable connection: 0 server |
2025/04/30 10:07:51 [debug] 22#0: *28 posix_memalign: 00005594EBC33060:4096 @16 server |
2025/04/30 10:07:51 [debug] 22#0: *28 http process request line server |
2025/04/30 10:07:51 [debug] 22#0: *28 http request line: "GET /veeiajcnbgkvgufprrprqioqtpwsuglheqoqregmftsyaxjfnrqonjodjrgrndzxtiboaebwtmsdjkezyvkdirbawnwyanwjzlamxedhspvhpwqkudzqiqukhmfgqjskynophczztfszfzpipwiwriijaxwfoebhsdcupoihupdihlitncnzpigcdijbxvgzbtpilvpldqhdaaeterfvexwcsytqqiylwhhhjqejgegaqgrvefrcxtxbfz" server |
2025/04/30 10:07:51 [debug] 22#0: *28 http uri: "/veeiajcnbgkvgufprrprqioqtpwsuglheqoqregmftsyaxjfnrqonjodjrgrndzxtiboaebwtmsdjkezyvkdirbawnwyanwjzlamxedhspvhpwqkudzqiqukhmfgqjskynophczztfszfzpipwiwriijaxwfoebhsdcupoihupdihlitncnzpigcdijbxvgzbtpilvpldqhdaaeterfvexwcsytqqiylwhhhjqejgegaqgrvefrcxtxbfz" server |
2025/04/30 10:07:51 [debug] 22#0: *28 http args: "" server |
2025/04/30 10:07:51 [debug] 22#0: *28 http exten: "" server |
2025/04/30 10:07:51 [debug] 22#0: *28 rewrite phase: 0 server |
2025/04/30 10:07:51 [debug] 22#0: *28 test location: "/" server |
2025/04/30 10:07:51 [debug] 22#0: *28 using configuration "/" server |
2025/04/30 10:07:51 [debug] 22#0: *28 http cl:-1 max:1048576 server |
2025/04/30 10:07:51 [debug] 22#0: *28 rewrite phase: 2 server |
2025/04/30 10:07:51 [debug] 22#0: *28 post rewrite phase: 3 server |
2025/04/30 10:07:51 [debug] 22#0: *28 generic phase: 4 server |
2025/04/30 10:07:51 [debug] 22#0: *28 generic phase: 5 server |
2025/04/30 10:07:51 [debug] 22#0: *28 access phase: 6 server |
2025/04/30 10:07:51 [debug] 22#0: *28 access phase: 7 server |
2025/04/30 10:07:51 [debug] 22#0: *28 post access phase: 8 server |
2025/04/30 10:07:51 [debug] 22#0: *28 generic phase: 9 server |
2025/04/30 10:07:51 [debug] 22#0: *28 generic phase: 10 server |
2025/04/30 10:07:51 [debug] 22#0: *28 content phase: 11 server |
2025/04/30 10:07:51 [debug] 22#0: *28 content phase: 12 server |
2025/04/30 10:07:51 [debug] 22#0: *28 content phase: 13 server |
2025/04/30 10:07:51 [debug] 22#0: *28 http filename: "/www/veeiajcnbgkvgufprrprqioqtpwsuglheqoqregmftsyaxjfnrqonjodjrgrndzxtiboaebwtmsdjkezyvkdirbawnwyanwjzlamxedhspvhpwqkudzqiqukhmfgqjskynophczztfszfzpipwiwriijaxwfoebhsdcupoihupdihlitncnzpigcdijbxvgzbtpilvpldqhdaaeterfvexwcsytqqiylwhhhjqejgegaqgrvefrcxtxbfz" server |
2025/04/30 10:07:51 [debug] 22#0: *28 add cleanup: 00005594EBC33E88 server |
2025/04/30 10:07:51 [debug] 22#0: *28 http static fd: 3 server |
2025/04/30 10:07:51 [debug] 22#0: *28 http set discard body server |
2025/04/30 10:07:51 [debug] 22#0: *28 http output filter "/veeiajcnbgkvgufprrprqioqtpwsuglheqoqregmftsyaxjfnrqonjodjrgrndzxtiboaebwtmsdjkezyvkdirbawnwyanwjzlamxedhspvhpwqkudzqiqukhmfgqjskynophczztfszfzpipwiwriijaxwfoebhsdcupoihupdihlitncnzpigcdijbxvgzbtpilvpldqhdaaeterfvexwcsytqqiylwhhhjqejgegaqgrvefrcxtxbfz?" server |
2025/04/30 10:07:51 [debug] 22#0: *28 http copy filter: "/veeiajcnbgkvgufprrprqioqtpwsuglheqoqregmftsyaxjfnrqonjodjrgrndzxtiboaebwtmsdjkezyvkdirbawnwyanwjzlamxedhspvhpwqkudzqiqukhmfgqjskynophczztfszfzpipwiwriijaxwfoebhsdcupoihupdihlitncnzpigcdijbxvgzbtpilvpldqhdaaeterfvexwcsytqqiylwhhhjqejgegaqgrvefrcxtxbfz?" server |
2025/04/30 10:07:51 [debug] 22#0: *28 posix_memalign: 00005594EBC34070:4096 @16 server |
2025/04/30 10:07:51 [debug] 22#0: *28 read: 3, 00005594EBC34030, 32, 0 server |
2025/04/30 10:07:51 [debug] 22#0: *28 http postpone filter "/veeiajcnbgkvgufprrprqioqtpwsuglheqoqregmftsyaxjfnrqonjodjrgrndzxtiboaebwtmsdjkezyvkdirbawnwyanwjzlamxedhspvhpwqkudzqiqukhmfgqjskynophczztfszfzpipwiwriijaxwfoebhsdcupoihupdihlitncnzpigcdijbxvgzbtpilvpldqhdaaeterfvexwcsytqqiylwhhhjqejgegaqgrvefrcxtxbfz?" 00005594EBC34020 server |
2025/04/30 10:07:51 [debug] 22#0: *28 write new buf t:1 f:0 00005594EBC34030, pos 00005594EBC34030, size: 32 file: 0, size: 0 server |
2025/04/30 10:07:51 [debug] 22#0: *28 http write filter: l:1 f:0 s:32 server |
2025/04/30 10:07:51 [debug] 22#0: *28 http write filter limit 2097152 server |
2025/04/30 10:07:51 [debug] 22#0: *6 malloc: 00005594EBC35080:4096 server |
2025/04/30 10:07:51 [debug] 22#0: *28 quic send_chain sent:32 server |
2025/04/30 10:07:51 [debug] 22#0: *6 quic stream id:0x54 flush limit:524288 server |
2025/04/30 10:07:51 [debug] 22#0: *6 posix_memalign: 00005594EBC2B250:512 @16 server |
2025/04/30 10:07:51 [debug] 22#0: *6 update posted event 00005594EBBFC8A8 server |
2025/04/30 10:07:51 [debug] 22#0: *6 quic stream id:0x54 flush len:32 last:0 server |
2025/04/30 10:07:51 [debug] 22#0: *28 http write filter 0000000000000000 server |
2025/04/30 10:07:51 [debug] 22#0: *28 http copy filter: 0 "/veeiajcnbgkvgufprrprqioqtpwsuglheqoqregmftsyaxjfnrqonjodjrgrndzxtiboaebwtmsdjkezyvkdirbawnwyanwjzlamxedhspvhpwqkudzqiqukhmfgqjskynophczztfszfzpipwiwriijaxwfoebhsdcupoihupdihlitncnzpigcdijbxvgzbtpilvpldqhdaaeterfvexwcsytqqiylwhhhjqejgegaqgrvefrcxtxbfz?" server |
2025/04/30 10:07:51 [debug] 22#0: *28 http finalize request: 0, "/veeiajcnbgkvgufprrprqioqtpwsuglheqoqregmftsyaxjfnrqonjodjrgrndzxtiboaebwtmsdjkezyvkdirbawnwyanwjzlamxedhspvhpwqkudzqiqukhmfgqjskynophczztfszfzpipwiwriijaxwfoebhsdcupoihupdihlitncnzpigcdijbxvgzbtpilvpldqhdaaeterfvexwcsytqqiylwhhhjqejgegaqgrvefrcxtxbfz?" a:1, c:1 server |
2025/04/30 10:07:51 [debug] 22#0: *28 http request count:1 blk:0 server |
2025/04/30 10:07:51 [debug] 22#0: *28 http close request server |
2025/04/30 10:07:51 [debug] 22#0: *28 http log handler server | 193.167.0.100 - - [30/Apr/2025:10:07:51 +0000] "GET /veeiajcnbgkvgufprrprqioqtpwsuglheqoqregmftsyaxjfnrqonjodjrgrndzxtiboaebwtmsdjkezyvkdirbawnwyanwjzlamxedhspvhpwqkudzqiqukhmfgqjskynophczztfszfzpipwiwriijaxwfoebhsdcupoihupdihlitncnzpigcdijbxvgzbtpilvpldqhdaaeterfvexwcsytqqiylwhhhjqejgegaqgrvefrcxtxbfz" 200 32 "-" "-" server |
2025/04/30 10:07:51 [debug] 22#0: *28 run cleanup: 00005594EBC33E88 server |
2025/04/30 10:07:51 [debug] 22#0: *28 file cleanup: fd:3 server |
2025/04/30 10:07:51 [debug] 22#0: *28 free: 00005594EBC33060, unused: 0 server |
2025/04/30 10:07:51 [debug] 22#0: *28 free: 00005594EBC34070, unused: 3501 server |
2025/04/30 10:07:51 [debug] 22#0: *28 close http connection: 6 server |
2025/04/30 10:07:51 [debug] 22#0: *28 reusable connection: 0 server |
2025/04/30 10:07:51 [debug] 22#0: *28 run cleanup: 00005594EBC381B0 server |
2025/04/30 10:07:51 [debug] 22#0: *6 event timer add: 6: 75000:568251 server |
2025/04/30 10:07:51 [debug] 22#0: *28 run cleanup: 00005594EBC38140 server |
2025/04/30 10:07:51 [debug] 22#0: *6 quic stream id:0x54 cleanup server |
2025/04/30 10:07:51 [debug] 22#0: *6 quic stream id:0x54 send shutdown server |
2025/04/30 10:07:51 [debug] 22#0: *6 quic stream id:0x54 flush limit:524256 server |
2025/04/30 10:07:51 [debug] 22#0: *6 update posted event 00005594EBBFC8A8 server |
2025/04/30 10:07:51 [debug] 22#0: *6 quic stream id:0x54 flush len:0 last:1 server |
2025/04/30 10:07:51 [debug] 22#0: *28 free: 00005594EBC38080, unused: 14952 server |
2025/04/30 10:07:51 [debug] 22#0: posted event 00005594EBBC6B90 server |
2025/04/30 10:07:51 [debug] 22#0: *29 delete posted event 00005594EBBC6B90 server |
2025/04/30 10:07:51 [debug] 22#0: *29 quic init stream server |
2025/04/30 10:07:51 [debug] 22#0: *29 http3 init request stream server |
2025/04/30 10:07:51 [debug] 22#0: *29 add cleanup: 00005594EBC2F180 server |
2025/04/30 10:07:51 [debug] 22#0: *6 event timer del: 6: 568251 server |
2025/04/30 10:07:51 [debug] 22#0: *29 http wait request handler server |
2025/04/30 10:07:51 [debug] 22#0: *6 quic stream id:0x58 recv buf:1024 server |
2025/04/30 10:07:51 [debug] 22#0: *29 quic stream id:0x58 recv len:257 server |
2025/04/30 10:07:51 [debug] 22#0: *6 quic stream id:0x58 flow update 257 server |
2025/04/30 10:07:51 [debug] 22#0: *29 reusable connection: 0 server |
2025/04/30 10:07:51 [debug] 22#0: *29 posix_memalign: 00005594EBC33060:4096 @16 server |
2025/04/30 10:07:51 [debug] 22#0: *29 http process request line server |
2025/04/30 10:07:51 [debug] 22#0: *29 http request line: "GET /wfktnewxpsxvtfkrprkqovgfnrtztxkslfjgxbcuikhmqqcxzfbnrusqtodzpnjujhyszxzuhnjgoheqckeoaizlbnwifnalejhsoqlzirckvcccxowmqkglvdtqgwwkaairxobcshnpuevjanwcpfpsudkhtyqdasdofsofupxmeghkqzutybyxxjnyeilhjcxwyrfkxpsruzwlxgoicgezpwzoxlrjpaqnakmvsaijndxxcyszzeoqav" server |
2025/04/30 10:07:51 [debug] 22#0: *29 http uri: "/wfktnewxpsxvtfkrprkqovgfnrtztxkslfjgxbcuikhmqqcxzfbnrusqtodzpnjujhyszxzuhnjgoheqckeoaizlbnwifnalejhsoqlzirckvcccxowmqkglvdtqgwwkaairxobcshnpuevjanwcpfpsudkhtyqdasdofsofupxmeghkqzutybyxxjnyeilhjcxwyrfkxpsruzwlxgoicgezpwzoxlrjpaqnakmvsaijndxxcyszzeoqav" server |
2025/04/30 10:07:51 [debug] 22#0: *29 http args: "" server |
2025/04/30 10:07:51 [debug] 22#0: *29 http exten: "" server |
2025/04/30 10:07:51 [debug] 22#0: *29 rewrite phase: 0 server |
2025/04/30 10:07:51 [debug] 22#0: *29 test location: "/" server |
2025/04/30 10:07:51 [debug] 22#0: *29 using configuration "/" server |
2025/04/30 10:07:51 [debug] 22#0: *29 http cl:-1 max:1048576 server |
2025/04/30 10:07:51 [debug] 22#0: *29 rewrite phase: 2 server |
2025/04/30 10:07:51 [debug] 22#0: *29 post rewrite phase: 3 server |
2025/04/30 10:07:51 [debug] 22#0: *29 generic phase: 4 server |
2025/04/30 10:07:51 [debug] 22#0: *29 generic phase: 5 server |
2025/04/30 10:07:51 [debug] 22#0: *29 access phase: 6 server |
2025/04/30 10:07:51 [debug] 22#0: *29 access phase: 7 server |
2025/04/30 10:07:51 [debug] 22#0: *29 post access phase: 8 server |
2025/04/30 10:07:51 [debug] 22#0: *29 generic phase: 9 server |
2025/04/30 10:07:51 [debug] 22#0: *29 generic phase: 10 server |
2025/04/30 10:07:51 [debug] 22#0: *29 content phase: 11 server |
2025/04/30 10:07:51 [debug] 22#0: *29 content phase: 12 server |
2025/04/30 10:07:51 [debug] 22#0: *29 content phase: 13 server |
2025/04/30 10:07:51 [debug] 22#0: *29 http filename: "/www/wfktnewxpsxvtfkrprkqovgfnrtztxkslfjgxbcuikhmqqcxzfbnrusqtodzpnjujhyszxzuhnjgoheqckeoaizlbnwifnalejhsoqlzirckvcccxowmqkglvdtqgwwkaairxobcshnpuevjanwcpfpsudkhtyqdasdofsofupxmeghkqzutybyxxjnyeilhjcxwyrfkxpsruzwlxgoicgezpwzoxlrjpaqnakmvsaijndxxcyszzeoqav" server |
2025/04/30 10:07:51 [debug] 22#0: *29 add cleanup: 00005594EBC33E88 server |
2025/04/30 10:07:51 [debug] 22#0: *29 http static fd: 3 server |
2025/04/30 10:07:51 [debug] 22#0: *29 http set discard body server |
2025/04/30 10:07:51 [debug] 22#0: *29 http output filter "/wfktnewxpsxvtfkrprkqovgfnrtztxkslfjgxbcuikhmqqcxzfbnrusqtodzpnjujhyszxzuhnjgoheqckeoaizlbnwifnalejhsoqlzirckvcccxowmqkglvdtqgwwkaairxobcshnpuevjanwcpfpsudkhtyqdasdofsofupxmeghkqzutybyxxjnyeilhjcxwyrfkxpsruzwlxgoicgezpwzoxlrjpaqnakmvsaijndxxcyszzeoqav?" server |
2025/04/30 10:07:51 [debug] 22#0: *29 http copy filter: "/wfktnewxpsxvtfkrprkqovgfnrtztxkslfjgxbcuikhmqqcxzfbnrusqtodzpnjujhyszxzuhnjgoheqckeoaizlbnwifnalejhsoqlzirckvcccxowmqkglvdtqgwwkaairxobcshnpuevjanwcpfpsudkhtyqdasdofsofupxmeghkqzutybyxxjnyeilhjcxwyrfkxpsruzwlxgoicgezpwzoxlrjpaqnakmvsaijndxxcyszzeoqav?" server |
2025/04/30 10:07:51 [debug] 22#0: *29 posix_memalign: 00005594EBC34070:4096 @16 server |
2025/04/30 10:07:51 [debug] 22#0: *29 read: 3, 00005594EBC34030, 32, 0 server |
2025/04/30 10:07:51 [debug] 22#0: *29 http postpone filter "/wfktnewxpsxvtfkrprkqovgfnrtztxkslfjgxbcuikhmqqcxzfbnrusqtodzpnjujhyszxzuhnjgoheqckeoaizlbnwifnalejhsoqlzirckvcccxowmqkglvdtqgwwkaairxobcshnpuevjanwcpfpsudkhtyqdasdofsofupxmeghkqzutybyxxjnyeilhjcxwyrfkxpsruzwlxgoicgezpwzoxlrjpaqnakmvsaijndxxcyszzeoqav?" 00005594EBC34020 server |
2025/04/30 10:07:51 [debug] 22#0: *29 write new buf t:1 f:0 00005594EBC34030, pos 00005594EBC34030, size: 32 file: 0, size: 0 server |
2025/04/30 10:07:51 [debug] 22#0: *29 http write filter: l:1 f:0 s:32 server |
2025/04/30 10:07:51 [debug] 22#0: *29 http write filter limit 2097152 server |
2025/04/30 10:07:51 [debug] 22#0: *6 malloc: 00005594EBC38080:4096 server |
2025/04/30 10:07:51 [debug] 22#0: *29 quic send_chain sent:32 server |
2025/04/30 10:07:51 [debug] 22#0: *6 quic stream id:0x58 flush limit:524288 server |
2025/04/30 10:07:51 [debug] 22#0: *6 posix_memalign: 00005594EBC2B460:512 @16 server |
2025/04/30 10:07:51 [debug] 22#0: *6 update posted event 00005594EBBFC8A8 server |
2025/04/30 10:07:51 [debug] 22#0: *6 quic stream id:0x58 flush len:32 last:0 server |
2025/04/30 10:07:51 [debug] 22#0: *29 http write filter 0000000000000000 server |
2025/04/30 10:07:51 [debug] 22#0: *29 http copy filter: 0 "/wfktnewxpsxvtfkrprkqovgfnrtztxkslfjgxbcuikhmqqcxzfbnrusqtodzpnjujhyszxzuhnjgoheqckeoaizlbnwifnalejhsoqlzirckvcccxowmqkglvdtqgwwkaairxobcshnpuevjanwcpfpsudkhtyqdasdofsofupxmeghkqzutybyxxjnyeilhjcxwyrfkxpsruzwlxgoicgezpwzoxlrjpaqnakmvsaijndxxcyszzeoqav?" server |
2025/04/30 10:07:51 [debug] 22#0: *29 http finalize request: 0, "/wfktnewxpsxvtfkrprkqovgfnrtztxkslfjgxbcuikhmqqcxzfbnrusqtodzpnjujhyszxzuhnjgoheqckeoaizlbnwifnalejhsoqlzirckvcccxowmqkglvdtqgwwkaairxobcshnpuevjanwcpfpsudkhtyqdasdofsofupxmeghkqzutybyxxjnyeilhjcxwyrfkxpsruzwlxgoicgezpwzoxlrjpaqnakmvsaijndxxcyszzeoqav?" a:1, c:1 server |
2025/04/30 10:07:51 [debug] 22#0: *29 http request count:1 blk:0 server |
2025/04/30 10:07:51 [debug] 22#0: *29 http close request server |
2025/04/30 10:07:51 [debug] 22#0: *29 http log handler server | 193.167.0.100 - - [30/Apr/2025:10:07:51 +0000] "GET /wfktnewxpsxvtfkrprkqovgfnrtztxkslfjgxbcuikhmqqcxzfbnrusqtodzpnjujhyszxzuhnjgoheqckeoaizlbnwifnalejhsoqlzirckvcccxowmqkglvdtqgwwkaairxobcshnpuevjanwcpfpsudkhtyqdasdofsofupxmeghkqzutybyxxjnyeilhjcxwyrfkxpsruzwlxgoicgezpwzoxlrjpaqnakmvsaijndxxcyszzeoqav" 200 32 "-" "-" server |
2025/04/30 10:07:51 [debug] 22#0: *29 run cleanup: 00005594EBC33E88 server |
2025/04/30 10:07:51 [debug] 22#0: *29 file cleanup: fd:3 server |
2025/04/30 10:07:51 [debug] 22#0: *29 free: 00005594EBC33060, unused: 0 server |
2025/04/30 10:07:51 [debug] 22#0: *29 free: 00005594EBC34070, unused: 3501 server |
2025/04/30 10:07:51 [debug] 22#0: *29 close http connection: 6 server |
2025/04/30 10:07:51 [debug] 22#0: *29 reusable connection: 0 server |
2025/04/30 10:07:51 [debug] 22#0: *29 run cleanup: 00005594EBC2F180 server |
2025/04/30 10:07:51 [debug] 22#0: *6 event timer add: 6: 75000:568251 server |
2025/04/30 10:07:51 [debug] 22#0: *29 run cleanup: 00005594EBC2F110 server |
2025/04/30 10:07:51 [debug] 22#0: *6 quic stream id:0x58 cleanup server |
2025/04/30 10:07:51 [debug] 22#0: *6 quic stream id:0x58 send shutdown server |
2025/04/30 10:07:51 [debug] 22#0: *6 quic stream id:0x58 flush limit:524256 server |
2025/04/30 10:07:51 [debug] 22#0: *6 update posted event 00005594EBBFC8A8 server |
2025/04/30 10:07:51 [debug] 22#0: *6 quic stream id:0x58 flush len:0 last:1 server |
2025/04/30 10:07:51 [debug] 22#0: *29 free: 00005594EBC2F050, unused: 14952 server |
2025/04/30 10:07:51 [debug] 22#0: posted event 00005594EBBFC8A8 server |
2025/04/30 10:07:51 [debug] 22#0: *6 delete posted event 00005594EBBFC8A8 server |
2025/04/30 10:07:51 [debug] 22#0: *6 quic push handler server |
2025/04/30 10:07:51 [debug] 22#0: *6 quic output app packet max:1200 min:0 server |
2025/04/30 10:07:51 [debug] 22#0: *6 quic frame tx app:13 ACK n:0 delay:0 12-0 server |
2025/04/30 10:07:51 [debug] 22#0: *6 quic frame tx app:13 STREAM id:0x54 off:0 len:32 server |
2025/04/30 10:07:51 [debug] 22#0: *6 quic frame tx app:13 STREAM id:0x54 off:32 len:0 fin:1 server |
2025/04/30 10:07:51 [debug] 22#0: *6 quic frame tx app:13 STREAM id:0x58 off:0 len:32 server |
2025/04/30 10:07:51 [debug] 22#0: *6 quic frame tx app:13 STREAM id:0x58 off:32 len:0 fin:1 server |
2025/04/30 10:07:51 [debug] 22#0: *6 quic packet tx app bytes:89 need_ack:1 number:13 encoded nl:1 trunc:0xd server |
2025/04/30 10:07:51 [debug] 22#0: *6 sendmsg: 107 of 107 server |
2025/04/30 10:07:51 [debug] 22#0: *6 quic congestion send if:2326 server |
2025/04/30 10:07:51 [debug] 22#0: *6 quic congestion send if:2326 server |
2025/04/30 10:07:51 [debug] 22#0: *6 quic congestion send if:2433 server |
2025/04/30 10:07:51 [debug] 22#0: *6 event timer: 6, old: 523237, new: 523251 server |
2025/04/30 10:07:51 [debug] 22#0: *6 event timer del: 6: 494234 server |
2025/04/30 10:07:51 [debug] 22#0: *6 quic lost timer pto:983 server |
2025/04/30 10:07:51 [debug] 22#0: *6 event timer add: 6: 983:494234 server |
2025/04/30 10:07:51 [debug] 22#0: *6 quic state: send:29986 pto:983 server |
2025/04/30 10:07:51 [debug] 22#0: worker cycle server |
2025/04/30 10:07:51 [debug] 22#0: epoll timer: 321 server |
2025/04/30 10:07:51 [debug] 22#0: epoll: fd:6 ev:0001 d:00007FD5C3975108 server |
2025/04/30 10:07:51 [debug] 22#0: quic recvmsg on 0.0.0.0:443, ready: 0 server |
2025/04/30 10:07:51 [debug] 22#0: *6 quic recvmsg: fd:6 n:562 server |
2025/04/30 10:07:51 [debug] 22#0: *6 quic input handler server |
2025/04/30 10:07:51 [debug] 22#0: *6 quic packet rx long flags:de version:1 server |
2025/04/30 10:07:51 [debug] 22#0: *6 quic packet rx early len:540 server |
2025/04/30 10:07:51 [debug] 22#0: *6 quic packet rx dcid len:13 1c74e613eb39281e1567e27b4b server |
2025/04/30 10:07:51 [debug] 22#0: *6 quic packet rx scid len:0 server |
2025/04/30 10:07:51 [debug] 22#0: *6 quic packet rx clearflags:d1 server |
2025/04/30 10:07:51 [debug] 22#0: *6 quic packet rx number:13 len:2 server |
2025/04/30 10:07:51 [debug] 22#0: *6 quic packet len:562 via sock seq:-1 path seq:0 server |
2025/04/30 10:07:51 [debug] 22#0: *6 quic path seq:0 status tx:2433 rx:8346 valid:0 st:0 mtu:1200 server |
2025/04/30 10:07:51 [debug] 22#0: *6 quic frame rx early:13 STREAM id:0x5c len:257 fin:1 server |
2025/04/30 10:07:51 [debug] 22#0: *6 quic stream id:0x5c is missing server |
2025/04/30 10:07:51 [debug] 22#0: *6 quic stream id:0x5c create server |
2025/04/30 10:07:51 [debug] 22#0: *6 posix_memalign: 00005594EBC2B670:512 @16 server |
2025/04/30 10:07:51 [debug] 22#0: *6 posix_memalign: 00005594EBC2F050:16384 @16 server |
2025/04/30 10:07:51 [debug] 22#0: *6 reusable connection: 0 server |
2025/04/30 10:07:51 [debug] 22#0: *30 add cleanup: 00005594EBC2F110 server |
2025/04/30 10:07:51 [debug] 22#0: *30 post event 00005594EBBC6B90 server |
2025/04/30 10:07:51 [debug] 22#0: *6 quic stream id:0x5c flow control msd:257/65536 md:6168/8585216 server |
2025/04/30 10:07:51 [debug] 22#0: *6 malloc: 00005594EBC33060:4096 server |
2025/04/30 10:07:51 [debug] 22#0: *6 quic frame rx early:13 STREAM id:0x60 fin:1 server |
2025/04/30 10:07:51 [debug] 22#0: *6 quic stream id:0x60 is missing server |
2025/04/30 10:07:51 [debug] 22#0: *6 quic stream id:0x60 create server |
2025/04/30 10:07:51 [debug] 22#0: *6 posix_memalign: 00005594EBC2B880:512 @16 server |
2025/04/30 10:07:51 [debug] 22#0: *6 posix_memalign: 00005594EBC400D0:16384 @16 server |
2025/04/30 10:07:51 [debug] 22#0: *6 reusable connection: 0 server |
2025/04/30 10:07:51 [debug] 22#0: *31 add cleanup: 00005594EBC40190 server |
2025/04/30 10:07:51 [debug] 22#0: *31 post event 00005594EBBC6C50 server |
2025/04/30 10:07:51 [debug] 22#0: *6 quic stream id:0x60 flow control msd:257/65536 md:6425/8585216 server |
2025/04/30 10:07:51 [debug] 22#0: *6 malloc: 00005594EBC34070:4096 server |
2025/04/30 10:07:51 [debug] 22#0: *6 quic ngx_quic_ack_packet pn:13 largest 12 fr:12 nranges:0 server |
2025/04/30 10:07:51 [debug] 22#0: *6 post event 00005594EBBFC8A8 server |
2025/04/30 10:07:51 [debug] 22#0: *6 quic packet done rc:0 level:early decr:1 pn:13 perr:0 server |
2025/04/30 10:07:51 [debug] 22#0: *6 event timer: 6, old: 523237, new: 523252 server |
2025/04/30 10:07:51 [debug] 22#0: *6 quic state: read:29985 pto:982 server |
2025/04/30 10:07:51 [debug] 22#0: timer delta: 1 server |
2025/04/30 10:07:51 [debug] 22#0: posted event 00005594EBBC6B90 server |
2025/04/30 10:07:51 [debug] 22#0: *30 delete posted event 00005594EBBC6B90 server |
2025/04/30 10:07:51 [debug] 22#0: *30 quic init stream server |
2025/04/30 10:07:51 [debug] 22#0: *30 http3 init request stream server |
2025/04/30 10:07:51 [debug] 22#0: *30 add cleanup: 00005594EBC2F180 server |
2025/04/30 10:07:51 [debug] 22#0: *6 event timer del: 6: 568251 server |
2025/04/30 10:07:51 [debug] 22#0: *30 http wait request handler server |
2025/04/30 10:07:51 [debug] 22#0: *6 quic stream id:0x5c recv buf:1024 server |
2025/04/30 10:07:51 [debug] 22#0: *30 quic stream id:0x5c recv len:257 server |
2025/04/30 10:07:51 [debug] 22#0: *6 quic stream id:0x5c flow update 257 server |
2025/04/30 10:07:51 [debug] 22#0: *30 reusable connection: 0 server |
2025/04/30 10:07:51 [debug] 22#0: *30 posix_memalign: 00005594EBC39090:4096 @16 server |
2025/04/30 10:07:51 [debug] 22#0: *30 http process request line server |
2025/04/30 10:07:51 [debug] 22#0: *30 http request line: "GET /mozytrzwmfvpaikspfoonjslmqesvssdpvffwemphofoqppzcquckczuipwcequcjhnldqpzeibtfudocnymvtjmjzxqretwwftaugnxauqizsiuzjpkiohwwrhxavtywzdqhsrkvhwothisgkxytqnkmohskyryedtejfbiipyjstlzhcplpahgeesdmcwlebygmvfoivtbtocjozmisbduhxrobwwmbyllztkkxbvazgumknkljmdgqx" server |
2025/04/30 10:07:51 [debug] 22#0: *30 http uri: "/mozytrzwmfvpaikspfoonjslmqesvssdpvffwemphofoqppzcquckczuipwcequcjhnldqpzeibtfudocnymvtjmjzxqretwwftaugnxauqizsiuzjpkiohwwrhxavtywzdqhsrkvhwothisgkxytqnkmohskyryedtejfbiipyjstlzhcplpahgeesdmcwlebygmvfoivtbtocjozmisbduhxrobwwmbyllztkkxbvazgumknkljmdgqx" server |
2025/04/30 10:07:51 [debug] 22#0: *30 http args: "" server |
2025/04/30 10:07:51 [debug] 22#0: *30 http exten: "" server |
2025/04/30 10:07:51 [debug] 22#0: *30 rewrite phase: 0 server |
2025/04/30 10:07:51 [debug] 22#0: *30 test location: "/" server |
2025/04/30 10:07:51 [debug] 22#0: *30 using configuration "/" server |
2025/04/30 10:07:51 [debug] 22#0: *30 http cl:-1 max:1048576 server |
2025/04/30 10:07:51 [debug] 22#0: *30 rewrite phase: 2 server |
2025/04/30 10:07:51 [debug] 22#0: *30 post rewrite phase: 3 server |
2025/04/30 10:07:51 [debug] 22#0: *30 generic phase: 4 server |
2025/04/30 10:07:51 [debug] 22#0: *30 generic phase: 5 server |
2025/04/30 10:07:51 [debug] 22#0: *30 access phase: 6 server |
2025/04/30 10:07:51 [debug] 22#0: *30 access phase: 7 server |
2025/04/30 10:07:51 [debug] 22#0: *30 post access phase: 8 server |
2025/04/30 10:07:51 [debug] 22#0: *30 generic phase: 9 server |
2025/04/30 10:07:51 [debug] 22#0: *30 generic phase: 10 server |
2025/04/30 10:07:51 [debug] 22#0: *30 content phase: 11 server |
2025/04/30 10:07:51 [debug] 22#0: *30 content phase: 12 server |
2025/04/30 10:07:51 [debug] 22#0: *30 content phase: 13 server |
2025/04/30 10:07:51 [debug] 22#0: *30 http filename: "/www/mozytrzwmfvpaikspfoonjslmqesvssdpvffwemphofoqppzcquckczuipwcequcjhnldqpzeibtfudocnymvtjmjzxqretwwftaugnxauqizsiuzjpkiohwwrhxavtywzdqhsrkvhwothisgkxytqnkmohskyryedtejfbiipyjstlzhcplpahgeesdmcwlebygmvfoivtbtocjozmisbduhxrobwwmbyllztkkxbvazgumknkljmdgqx" server |
2025/04/30 10:07:51 [debug] 22#0: *30 add cleanup: 00005594EBC39EB8 server |
2025/04/30 10:07:51 [debug] 22#0: *30 http static fd: 3 server |
2025/04/30 10:07:51 [debug] 22#0: *30 http set discard body server |
2025/04/30 10:07:51 [debug] 22#0: *30 http output filter "/mozytrzwmfvpaikspfoonjslmqesvssdpvffwemphofoqppzcquckczuipwcequcjhnldqpzeibtfudocnymvtjmjzxqretwwftaugnxauqizsiuzjpkiohwwrhxavtywzdqhsrkvhwothisgkxytqnkmohskyryedtejfbiipyjstlzhcplpahgeesdmcwlebygmvfoivtbtocjozmisbduhxrobwwmbyllztkkxbvazgumknkljmdgqx?" server |
2025/04/30 10:07:51 [debug] 22#0: *30 http copy filter: "/mozytrzwmfvpaikspfoonjslmqesvssdpvffwemphofoqppzcquckczuipwcequcjhnldqpzeibtfudocnymvtjmjzxqretwwftaugnxauqizsiuzjpkiohwwrhxavtywzdqhsrkvhwothisgkxytqnkmohskyryedtejfbiipyjstlzhcplpahgeesdmcwlebygmvfoivtbtocjozmisbduhxrobwwmbyllztkkxbvazgumknkljmdgqx?" server |
2025/04/30 10:07:51 [debug] 22#0: *30 posix_memalign: 00005594EBC3A0A0:4096 @16 server |
2025/04/30 10:07:51 [debug] 22#0: *30 read: 3, 00005594EBC3A060, 32, 0 server |
2025/04/30 10:07:51 [debug] 22#0: *30 http postpone filter "/mozytrzwmfvpaikspfoonjslmqesvssdpvffwemphofoqppzcquckczuipwcequcjhnldqpzeibtfudocnymvtjmjzxqretwwftaugnxauqizsiuzjpkiohwwrhxavtywzdqhsrkvhwothisgkxytqnkmohskyryedtejfbiipyjstlzhcplpahgeesdmcwlebygmvfoivtbtocjozmisbduhxrobwwmbyllztkkxbvazgumknkljmdgqx?" 00005594EBC3A050 server |
2025/04/30 10:07:51 [debug] 22#0: *30 write new buf t:1 f:0 00005594EBC3A060, pos 00005594EBC3A060, size: 32 file: 0, size: 0 server |
2025/04/30 10:07:51 [debug] 22#0: *30 http write filter: l:1 f:0 s:32 server |
2025/04/30 10:07:51 [debug] 22#0: *30 http write filter limit 2097152 server |
2025/04/30 10:07:51 [debug] 22#0: *6 posix_memalign: 00005594EBC2BA90:512 @16 server |
2025/04/30 10:07:51 [debug] 22#0: *6 malloc: 00005594EBC440E0:4096 server |
2025/04/30 10:07:51 [debug] 22#0: *30 quic send_chain sent:32 server |
2025/04/30 10:07:51 [debug] 22#0: *6 quic stream id:0x5c flush limit:524288 server |
2025/04/30 10:07:51 [debug] 22#0: *6 update posted event 00005594EBBFC8A8 server |
2025/04/30 10:07:51 [debug] 22#0: *6 quic stream id:0x5c flush len:32 last:0 server |
2025/04/30 10:07:51 [debug] 22#0: *30 http write filter 0000000000000000 server |
2025/04/30 10:07:51 [debug] 22#0: *30 http copy filter: 0 "/mozytrzwmfvpaikspfoonjslmqesvssdpvffwemphofoqppzcquckczuipwcequcjhnldqpzeibtfudocnymvtjmjzxqretwwftaugnxauqizsiuzjpkiohwwrhxavtywzdqhsrkvhwothisgkxytqnkmohskyryedtejfbiipyjstlzhcplpahgeesdmcwlebygmvfoivtbtocjozmisbduhxrobwwmbyllztkkxbvazgumknkljmdgqx?" server |
2025/04/30 10:07:51 [debug] 22#0: *30 http finalize request: 0, "/mozytrzwmfvpaikspfoonjslmqesvssdpvffwemphofoqppzcquckczuipwcequcjhnldqpzeibtfudocnymvtjmjzxqretwwftaugnxauqizsiuzjpkiohwwrhxavtywzdqhsrkvhwothisgkxytqnkmohskyryedtejfbiipyjstlzhcplpahgeesdmcwlebygmvfoivtbtocjozmisbduhxrobwwmbyllztkkxbvazgumknkljmdgqx?" a:1, c:1 server |
2025/04/30 10:07:51 [debug] 22#0: *30 http request count:1 blk:0 server |
2025/04/30 10:07:51 [debug] 22#0: *30 http close request server |
2025/04/30 10:07:51 [debug] 22#0: *30 http log handler server | 193.167.0.100 - - [30/Apr/2025:10:07:51 +0000] "GET /mozytrzwmfvpaikspfoonjslmqesvssdpvffwemphofoqppzcquckczuipwcequcjhnldqpzeibtfudocnymvtjmjzxqretwwftaugnxauqizsiuzjpkiohwwrhxavtywzdqhsrkvhwothisgkxytqnkmohskyryedtejfbiipyjstlzhcplpahgeesdmcwlebygmvfoivtbtocjozmisbduhxrobwwmbyllztkkxbvazgumknkljmdgqx" 200 32 "-" "-" server |
2025/04/30 10:07:51 [debug] 22#0: *30 run cleanup: 00005594EBC39EB8 server |
2025/04/30 10:07:51 [debug] 22#0: *30 file cleanup: fd:3 server |
2025/04/30 10:07:51 [debug] 22#0: *30 free: 00005594EBC39090, unused: 0 server |
2025/04/30 10:07:51 [debug] 22#0: *30 free: 00005594EBC3A0A0, unused: 3501 server |
2025/04/30 10:07:51 [debug] 22#0: *30 close http connection: 6 server |
2025/04/30 10:07:51 [debug] 22#0: *30 reusable connection: 0 server |
2025/04/30 10:07:51 [debug] 22#0: *30 run cleanup: 00005594EBC2F180 server |
2025/04/30 10:07:51 [debug] 22#0: *6 event timer add: 6: 75000:568252 server |
2025/04/30 10:07:51 [debug] 22#0: *30 run cleanup: 00005594EBC2F110 server |
2025/04/30 10:07:51 [debug] 22#0: *6 quic stream id:0x5c cleanup server |
2025/04/30 10:07:51 [debug] 22#0: *6 quic stream id:0x5c send shutdown server |
2025/04/30 10:07:51 [debug] 22#0: *6 quic stream id:0x5c flush limit:524256 server |
2025/04/30 10:07:51 [debug] 22#0: *6 update posted event 00005594EBBFC8A8 server |
2025/04/30 10:07:51 [debug] 22#0: *6 quic stream id:0x5c flush len:0 last:1 server |
2025/04/30 10:07:51 [debug] 22#0: *30 free: 00005594EBC2F050, unused: 14952 server |
2025/04/30 10:07:51 [debug] 22#0: posted event 00005594EBBC6C50 server |
2025/04/30 10:07:51 [debug] 22#0: *31 delete posted event 00005594EBBC6C50 server |
2025/04/30 10:07:51 [debug] 22#0: *31 quic init stream server |
2025/04/30 10:07:51 [debug] 22#0: *31 http3 init request stream server |
2025/04/30 10:07:51 [debug] 22#0: *31 add cleanup: 00005594EBC40200 server |
2025/04/30 10:07:51 [debug] 22#0: *6 event timer del: 6: 568252 server |
2025/04/30 10:07:51 [debug] 22#0: *31 http wait request handler server |
2025/04/30 10:07:51 [debug] 22#0: *6 quic stream id:0x60 recv buf:1024 server |
2025/04/30 10:07:51 [debug] 22#0: *31 quic stream id:0x60 recv len:257 server |
2025/04/30 10:07:51 [debug] 22#0: *6 quic stream id:0x60 flow update 257 server |
2025/04/30 10:07:51 [debug] 22#0: *31 reusable connection: 0 server |
2025/04/30 10:07:51 [debug] 22#0: *31 posix_memalign: 00005594EBC39090:4096 @16 server |
2025/04/30 10:07:51 [debug] 22#0: *31 http process request line server |
2025/04/30 10:07:51 [debug] 22#0: *31 http request line: "GET /vdziomfcafbbjgfuuaksheukurmzstqftlsnnuhdubitpxolgbwanyhtnrpiejvvbcjhizruvmekptsmpnukwnugnzvokpdrtankuwpbdckntytcqberjursbobdivvotnekbilypqygsedbbgdcuezxmkjaisjcakpbuktlrnnjwpzryjshrlgxacumuilinkkoyhwdeoutihrcwmfjuruixnqjmsqhqrvfvjvshxhcquowjbcmzktlve" server |
2025/04/30 10:07:51 [debug] 22#0: *31 http uri: "/vdziomfcafbbjgfuuaksheukurmzstqftlsnnuhdubitpxolgbwanyhtnrpiejvvbcjhizruvmekptsmpnukwnugnzvokpdrtankuwpbdckntytcqberjursbobdivvotnekbilypqygsedbbgdcuezxmkjaisjcakpbuktlrnnjwpzryjshrlgxacumuilinkkoyhwdeoutihrcwmfjuruixnqjmsqhqrvfvjvshxhcquowjbcmzktlve" server |
2025/04/30 10:07:51 [debug] 22#0: *31 http args: "" server |
2025/04/30 10:07:51 [debug] 22#0: *31 http exten: "" server |
2025/04/30 10:07:51 [debug] 22#0: *31 rewrite phase: 0 server |
2025/04/30 10:07:51 [debug] 22#0: *31 test location: "/" server |
2025/04/30 10:07:51 [debug] 22#0: *31 using configuration "/" server |
2025/04/30 10:07:51 [debug] 22#0: *31 http cl:-1 max:1048576 server |
2025/04/30 10:07:51 [debug] 22#0: *31 rewrite phase: 2 server |
2025/04/30 10:07:51 [debug] 22#0: *31 post rewrite phase: 3 server |
2025/04/30 10:07:51 [debug] 22#0: *31 generic phase: 4 server |
2025/04/30 10:07:51 [debug] 22#0: *31 generic phase: 5 server |
2025/04/30 10:07:51 [debug] 22#0: *31 access phase: 6 server |
2025/04/30 10:07:51 [debug] 22#0: *31 access phase: 7 server |
2025/04/30 10:07:51 [debug] 22#0: *31 post access phase: 8 server |
2025/04/30 10:07:51 [debug] 22#0: *31 generic phase: 9 server |
2025/04/30 10:07:51 [debug] 22#0: *31 generic phase: 10 server |
2025/04/30 10:07:51 [debug] 22#0: *31 content phase: 11 server |
2025/04/30 10:07:51 [debug] 22#0: *31 content phase: 12 server |
2025/04/30 10:07:51 [debug] 22#0: *31 content phase: 13 server |
2025/04/30 10:07:51 [debug] 22#0: *31 http filename: "/www/vdziomfcafbbjgfuuaksheukurmzstqftlsnnuhdubitpxolgbwanyhtnrpiejvvbcjhizruvmekptsmpnukwnugnzvokpdrtankuwpbdckntytcqberjursbobdivvotnekbilypqygsedbbgdcuezxmkjaisjcakpbuktlrnnjwpzryjshrlgxacumuilinkkoyhwdeoutihrcwmfjuruixnqjmsqhqrvfvjvshxhcquowjbcmzktlve" server |
2025/04/30 10:07:51 [debug] 22#0: *31 add cleanup: 00005594EBC39EB8 server |
2025/04/30 10:07:51 [debug] 22#0: *31 http static fd: 3 server |
2025/04/30 10:07:51 [debug] 22#0: *31 http set discard body server |
2025/04/30 10:07:51 [debug] 22#0: *31 http output filter "/vdziomfcafbbjgfuuaksheukurmzstqftlsnnuhdubitpxolgbwanyhtnrpiejvvbcjhizruvmekptsmpnukwnugnzvokpdrtankuwpbdckntytcqberjursbobdivvotnekbilypqygsedbbgdcuezxmkjaisjcakpbuktlrnnjwpzryjshrlgxacumuilinkkoyhwdeoutihrcwmfjuruixnqjmsqhqrvfvjvshxhcquowjbcmzktlve?" server |
2025/04/30 10:07:51 [debug] 22#0: *31 http copy filter: "/vdziomfcafbbjgfuuaksheukurmzstqftlsnnuhdubitpxolgbwanyhtnrpiejvvbcjhizruvmekptsmpnukwnugnzvokpdrtankuwpbdckntytcqberjursbobdivvotnekbilypqygsedbbgdcuezxmkjaisjcakpbuktlrnnjwpzryjshrlgxacumuilinkkoyhwdeoutihrcwmfjuruixnqjmsqhqrvfvjvshxhcquowjbcmzktlve?" server |
2025/04/30 10:07:51 [debug] 22#0: *31 posix_memalign: 00005594EBC3A0A0:4096 @16 server |
2025/04/30 10:07:51 [debug] 22#0: *31 read: 3, 00005594EBC3A060, 32, 0 server |
2025/04/30 10:07:51 [debug] 22#0: *31 http postpone filter "/vdziomfcafbbjgfuuaksheukurmzstqftlsnnuhdubitpxolgbwanyhtnrpiejvvbcjhizruvmekptsmpnukwnugnzvokpdrtankuwpbdckntytcqberjursbobdivvotnekbilypqygsedbbgdcuezxmkjaisjcakpbuktlrnnjwpzryjshrlgxacumuilinkkoyhwdeoutihrcwmfjuruixnqjmsqhqrvfvjvshxhcquowjbcmzktlve?" 00005594EBC3A050 server |
2025/04/30 10:07:51 [debug] 22#0: *31 write new buf t:1 f:0 00005594EBC3A060, pos 00005594EBC3A060, size: 32 file: 0, size: 0 server |
2025/04/30 10:07:51 [debug] 22#0: *31 http write filter: l:1 f:0 s:32 server |
2025/04/30 10:07:51 [debug] 22#0: *31 http write filter limit 2097152 server |
2025/04/30 10:07:51 [debug] 22#0: *6 posix_memalign: 00005594EBC2BCA0:512 @16 server |
2025/04/30 10:07:51 [debug] 22#0: *6 malloc: 00005594EBC2F050:4096 server |
2025/04/30 10:07:51 [debug] 22#0: *31 quic send_chain sent:32 server |
2025/04/30 10:07:51 [debug] 22#0: *6 quic stream id:0x60 flush limit:524288 server |
2025/04/30 10:07:51 [debug] 22#0: *6 update posted event 00005594EBBFC8A8 server |
2025/04/30 10:07:51 [debug] 22#0: *6 quic stream id:0x60 flush len:32 last:0 server |
2025/04/30 10:07:51 [debug] 22#0: *31 http write filter 0000000000000000 server |
2025/04/30 10:07:51 [debug] 22#0: *31 http copy filter: 0 "/vdziomfcafbbjgfuuaksheukurmzstqftlsnnuhdubitpxolgbwanyhtnrpiejvvbcjhizruvmekptsmpnukwnugnzvokpdrtankuwpbdckntytcqberjursbobdivvotnekbilypqygsedbbgdcuezxmkjaisjcakpbuktlrnnjwpzryjshrlgxacumuilinkkoyhwdeoutihrcwmfjuruixnqjmsqhqrvfvjvshxhcquowjbcmzktlve?" server |
2025/04/30 10:07:51 [debug] 22#0: *31 http finalize request: 0, "/vdziomfcafbbjgfuuaksheukurmzstqftlsnnuhdubitpxolgbwanyhtnrpiejvvbcjhizruvmekptsmpnukwnugnzvokpdrtankuwpbdckntytcqberjursbobdivvotnekbilypqygsedbbgdcuezxmkjaisjcakpbuktlrnnjwpzryjshrlgxacumuilinkkoyhwdeoutihrcwmfjuruixnqjmsqhqrvfvjvshxhcquowjbcmzktlve?" a:1, c:1 server |
2025/04/30 10:07:51 [debug] 22#0: *31 http request count:1 blk:0 server |
2025/04/30 10:07:51 [debug] 22#0: *31 http close request server |
2025/04/30 10:07:51 [debug] 22#0: *31 http log handler server | 193.167.0.100 - - [30/Apr/2025:10:07:51 +0000] "GET /vdziomfcafbbjgfuuaksheukurmzstqftlsnnuhdubitpxolgbwanyhtnrpiejvvbcjhizruvmekptsmpnukwnugnzvokpdrtankuwpbdckntytcqberjursbobdivvotnekbilypqygsedbbgdcuezxmkjaisjcakpbuktlrnnjwpzryjshrlgxacumuilinkkoyhwdeoutihrcwmfjuruixnqjmsqhqrvfvjvshxhcquowjbcmzktlve" 200 32 "-" "-" server |
2025/04/30 10:07:51 [debug] 22#0: *31 run cleanup: 00005594EBC39EB8 server |
2025/04/30 10:07:51 [debug] 22#0: *31 file cleanup: fd:3 server |
2025/04/30 10:07:51 [debug] 22#0: *31 free: 00005594EBC39090, unused: 0 server |
2025/04/30 10:07:51 [debug] 22#0: *31 free: 00005594EBC3A0A0, unused: 3501 server |
2025/04/30 10:07:51 [debug] 22#0: *31 close http connection: 6 server |
2025/04/30 10:07:51 [debug] 22#0: *31 reusable connection: 0 server |
2025/04/30 10:07:51 [debug] 22#0: *31 run cleanup: 00005594EBC40200 server |
2025/04/30 10:07:51 [debug] 22#0: *6 event timer add: 6: 75000:568252 server |
2025/04/30 10:07:51 [debug] 22#0: *31 run cleanup: 00005594EBC40190 server |
2025/04/30 10:07:51 [debug] 22#0: *6 quic stream id:0x60 cleanup server |
2025/04/30 10:07:51 [debug] 22#0: *6 quic stream id:0x60 send shutdown server |
2025/04/30 10:07:51 [debug] 22#0: *6 quic stream id:0x60 flush limit:524256 server |
2025/04/30 10:07:51 [debug] 22#0: *6 update posted event 00005594EBBFC8A8 server |
2025/04/30 10:07:51 [debug] 22#0: *6 quic stream id:0x60 flush len:0 last:1 server |
2025/04/30 10:07:51 [debug] 22#0: *31 free: 00005594EBC400D0, unused: 14952 server |
2025/04/30 10:07:51 [debug] 22#0: posted event 00005594EBBFC8A8 server |
2025/04/30 10:07:51 [debug] 22#0: *6 delete posted event 00005594EBBFC8A8 server |
2025/04/30 10:07:51 [debug] 22#0: *6 quic push handler server |
2025/04/30 10:07:51 [debug] 22#0: *6 posix_memalign: 00005594EBC36090:512 @16 server |
2025/04/30 10:07:51 [debug] 22#0: *6 quic output app packet max:1200 min:0 server |
2025/04/30 10:07:51 [debug] 22#0: *6 quic frame tx app:14 ACK n:0 delay:0 13-0 server |
2025/04/30 10:07:51 [debug] 22#0: *6 quic frame tx app:14 STREAM id:0x5c off:0 len:32 server |
2025/04/30 10:07:51 [debug] 22#0: *6 quic frame tx app:14 STREAM id:0x5c off:32 len:0 fin:1 server |
2025/04/30 10:07:51 [debug] 22#0: *6 quic frame tx app:14 STREAM id:0x60 off:0 len:32 server |
2025/04/30 10:07:51 [debug] 22#0: *6 quic frame tx app:14 STREAM id:0x60 off:32 len:0 fin:1 server |
2025/04/30 10:07:51 [debug] 22#0: *6 quic packet tx app bytes:89 need_ack:1 number:14 encoded nl:1 trunc:0xe server |
2025/04/30 10:07:51 [debug] 22#0: *6 sendmsg: 107 of 107 server |
2025/04/30 10:07:51 [debug] 22#0: *6 quic congestion send if:2433 server |
2025/04/30 10:07:51 [debug] 22#0: *6 quic congestion send if:2433 server |
2025/04/30 10:07:51 [debug] 22#0: *6 quic congestion send if:2540 server |
2025/04/30 10:07:51 [debug] 22#0: *6 event timer: 6, old: 523237, new: 523252 server |
2025/04/30 10:07:51 [debug] 22#0: *6 event timer del: 6: 494234 server |
2025/04/30 10:07:51 [debug] 22#0: *6 quic lost timer pto:982 server |
2025/04/30 10:07:51 [debug] 22#0: *6 event timer add: 6: 982:494234 server |
2025/04/30 10:07:51 [debug] 22#0: *6 quic state: send:29985 pto:982 server |
2025/04/30 10:07:51 [debug] 22#0: worker cycle server |
2025/04/30 10:07:51 [debug] 22#0: epoll timer: 320 server |
2025/04/30 10:07:51 [debug] 22#0: epoll: fd:6 ev:0001 d:00007FD5C3975108 server |
2025/04/30 10:07:51 [debug] 22#0: quic recvmsg on 0.0.0.0:443, ready: 0 server |
2025/04/30 10:07:51 [debug] 22#0: *6 quic recvmsg: fd:6 n:562 server |
2025/04/30 10:07:51 [debug] 22#0: *6 quic input handler server |
2025/04/30 10:07:51 [debug] 22#0: *6 quic packet rx long flags:dd version:1 server |
2025/04/30 10:07:51 [debug] 22#0: *6 quic packet rx early len:540 server |
2025/04/30 10:07:51 [debug] 22#0: *6 quic packet rx dcid len:13 1c74e613eb39281e1567e27b4b server |
2025/04/30 10:07:51 [debug] 22#0: *6 quic packet rx scid len:0 server |
2025/04/30 10:07:51 [debug] 22#0: *6 quic packet rx clearflags:d1 server |
2025/04/30 10:07:51 [debug] 22#0: *6 quic packet rx number:14 len:2 server |
2025/04/30 10:07:51 [debug] 22#0: *6 quic packet len:562 via sock seq:-1 path seq:0 server |
2025/04/30 10:07:51 [debug] 22#0: *6 quic path seq:0 status tx:2540 rx:8908 valid:0 st:0 mtu:1200 server |
2025/04/30 10:07:51 [debug] 22#0: *6 quic frame rx early:14 STREAM id:0x64 len:257 fin:1 server |
2025/04/30 10:07:51 [debug] 22#0: *6 quic stream id:0x64 is missing server |
2025/04/30 10:07:51 [debug] 22#0: *6 quic stream id:0x64 create server |
2025/04/30 10:07:51 [debug] 22#0: *6 posix_memalign: 00005594EBC400D0:16384 @16 server |
2025/04/30 10:07:51 [debug] 22#0: *6 reusable connection: 0 server |
2025/04/30 10:07:51 [debug] 22#0: *32 add cleanup: 00005594EBC40190 server |
2025/04/30 10:07:51 [debug] 22#0: *32 post event 00005594EBBC6C50 server |
2025/04/30 10:07:51 [debug] 22#0: *6 quic stream id:0x64 flow control msd:257/65536 md:6682/8585216 server |
2025/04/30 10:07:51 [debug] 22#0: *6 malloc: 00005594EBC39090:4096 server |
2025/04/30 10:07:51 [debug] 22#0: *6 posix_memalign: 00005594EBC362A0:512 @16 server |
2025/04/30 10:07:51 [debug] 22#0: *6 quic frame rx early:14 STREAM id:0x68 fin:1 server |
2025/04/30 10:07:51 [debug] 22#0: *6 quic stream id:0x68 is missing server |
2025/04/30 10:07:51 [debug] 22#0: *6 quic stream id:0x68 create server |
2025/04/30 10:07:51 [debug] 22#0: *6 posix_memalign: 00005594EBC450F0:16384 @16 server |
2025/04/30 10:07:51 [debug] 22#0: *6 reusable connection: 0 server |
2025/04/30 10:07:51 [debug] 22#0: *33 add cleanup: 00005594EBC451B0 server |
2025/04/30 10:07:51 [debug] 22#0: *33 post event 00005594EBBC6B90 server |
2025/04/30 10:07:51 [debug] 22#0: *6 quic stream id:0x68 flow control msd:257/65536 md:6939/8585216 server |
2025/04/30 10:07:51 [debug] 22#0: *6 malloc: 00005594EBC3A0A0:4096 server |
2025/04/30 10:07:51 [debug] 22#0: *6 posix_memalign: 00005594EBC364B0:512 @16 server |
2025/04/30 10:07:51 [debug] 22#0: *6 quic ngx_quic_ack_packet pn:14 largest 13 fr:13 nranges:0 server |
2025/04/30 10:07:51 [debug] 22#0: *6 post event 00005594EBBFC8A8 server |
2025/04/30 10:07:51 [debug] 22#0: *6 quic packet done rc:0 level:early decr:1 pn:14 perr:0 server |
2025/04/30 10:07:51 [debug] 22#0: *6 event timer: 6, old: 523237, new: 523253 server |
2025/04/30 10:07:51 [debug] 22#0: *6 quic state: read:29984 pto:981 server |
2025/04/30 10:07:51 [debug] 22#0: timer delta: 1 server |
2025/04/30 10:07:51 [debug] 22#0: posted event 00005594EBBC6C50 server |
2025/04/30 10:07:51 [debug] 22#0: *32 delete posted event 00005594EBBC6C50 server |
2025/04/30 10:07:51 [debug] 22#0: *32 quic init stream server |
2025/04/30 10:07:51 [debug] 22#0: *32 http3 init request stream server |
2025/04/30 10:07:51 [debug] 22#0: *32 add cleanup: 00005594EBC40200 server |
2025/04/30 10:07:51 [debug] 22#0: *6 event timer del: 6: 568252 server |
2025/04/30 10:07:51 [debug] 22#0: *32 http wait request handler server |
2025/04/30 10:07:51 [debug] 22#0: *6 quic stream id:0x64 recv buf:1024 server |
