2025/04/30 10:05:06 [debug] 21#0: *21 http write filter limit 2097152 server |
2025/04/30 10:05:06 [debug] 21#0: *6 malloc: 000055CC52A53E80:4096 server |
2025/04/30 10:05:06 [debug] 21#0: *21 quic send_chain sent:32 server |
2025/04/30 10:05:06 [debug] 21#0: *6 quic stream id:0x38 flush limit:1048128 server |
2025/04/30 10:05:06 [debug] 21#0: *6 update posted event 000055CC529DA248 server |
2025/04/30 10:05:06 [debug] 21#0: *6 quic stream id:0x38 flush len:32 last:0 server |
2025/04/30 10:05:06 [debug] 21#0: *21 http write filter 0000000000000000 server |
2025/04/30 10:05:06 [debug] 21#0: *21 http copy filter: 0 "/dfshscggfvlacimhdsvfyegguvhohijzzhavuwpkjfcbyggebszplvtlyxticgieapdmejdmotfwlyilkvbwnbeewieewvtsmeqnvgvbzxnluybewbjurcuyugrlvqsljgmvqowfopodefasnllxxiifwcexzwtpmhapoiygtsarrycynzaolctrjhpvgfocdjxxggdqlbqcieapigvwxplgzvzkwfqfipwrytissuzjilleljmayxwvjd?" server |
2025/04/30 10:05:06 [debug] 21#0: *21 http finalize request: 0, "/dfshscggfvlacimhdsvfyegguvhohijzzhavuwpkjfcbyggebszplvtlyxticgieapdmejdmotfwlyilkvbwnbeewieewvtsmeqnvgvbzxnluybewbjurcuyugrlvqsljgmvqowfopodefasnllxxiifwcexzwtpmhapoiygtsarrycynzaolctrjhpvgfocdjxxggdqlbqcieapigvwxplgzvzkwfqfipwrytissuzjilleljmayxwvjd?" a:1, c:1 server |
2025/04/30 10:05:06 [debug] 21#0: *21 http request count:1 blk:0 server |
2025/04/30 10:05:06 [debug] 21#0: *21 http close request server |
2025/04/30 10:05:06 [debug] 21#0: *21 http log handler server | 193.167.0.100 - - [30/Apr/2025:10:05:06 +0000] "GET /dfshscggfvlacimhdsvfyegguvhohijzzhavuwpkjfcbyggebszplvtlyxticgieapdmejdmotfwlyilkvbwnbeewieewvtsmeqnvgvbzxnluybewbjurcuyugrlvqsljgmvqowfopodefasnllxxiifwcexzwtpmhapoiygtsarrycynzaolctrjhpvgfocdjxxggdqlbqcieapigvwxplgzvzkwfqfipwrytissuzjilleljmayxwvjd" 200 32 "-" "-" server |
2025/04/30 10:05:06 [debug] 21#0: *21 run cleanup: 000055CC52A52C88 server |
2025/04/30 10:05:06 [debug] 21#0: *21 file cleanup: fd:3 server |
2025/04/30 10:05:06 [debug] 21#0: *21 free: 000055CC52A51E60, unused: 0 server |
2025/04/30 10:05:06 [debug] 21#0: *21 free: 000055CC52A52E70, unused: 3501 server |
2025/04/30 10:05:06 [debug] 21#0: *21 close http connection: 6 server |
2025/04/30 10:05:06 [debug] 21#0: *21 reusable connection: 0 server |
2025/04/30 10:05:06 [debug] 21#0: *21 run cleanup: 000055CC52A27B10 server |
2025/04/30 10:05:06 [debug] 21#0: *6 event timer add: 6: 75000:471618 server |
2025/04/30 10:05:06 [debug] 21#0: *21 run cleanup: 000055CC52A27AA0 server |
2025/04/30 10:05:06 [debug] 21#0: *6 quic stream id:0x38 cleanup server |
2025/04/30 10:05:06 [debug] 21#0: *6 quic stream id:0x38 send shutdown server |
2025/04/30 10:05:06 [debug] 21#0: *6 quic stream id:0x38 flush limit:1048096 server |
2025/04/30 10:05:06 [debug] 21#0: *6 posix_memalign: 000055CC52A4F250:512 @16 server |
2025/04/30 10:05:06 [debug] 21#0: *6 update posted event 000055CC529DA248 server |
2025/04/30 10:05:06 [debug] 21#0: *6 quic stream id:0x38 flush len:0 last:1 server |
2025/04/30 10:05:06 [debug] 21#0: *21 free: 000055CC52A279E0, unused: 14952 server |
2025/04/30 10:05:06 [debug] 21#0: posted event 000055CC529DA248 server |
2025/04/30 10:05:06 [debug] 21#0: *6 delete posted event 000055CC529DA248 server |
2025/04/30 10:05:06 [debug] 21#0: *6 quic push handler server |
2025/04/30 10:05:06 [debug] 21#0: *6 malloc: 000055CC52A51E60:4096 server |
2025/04/30 10:05:06 [debug] 21#0: *6 quic output app packet max:1200 min:0 server |
2025/04/30 10:05:06 [debug] 21#0: *6 quic frame tx app:15 ACK n:1 delay:0 16-12 9-0 server |
2025/04/30 10:05:06 [debug] 21#0: *6 quic frame tx app:15 STREAM id:0x38 off:0 len:32 server |
2025/04/30 10:05:06 [debug] 21#0: *6 quic frame tx app:15 STREAM id:0x38 off:32 len:0 fin:1 server |
2025/04/30 10:05:06 [debug] 21#0: *6 quic packet tx app bytes:47 need_ack:1 number:15 encoded nl:1 trunc:0xf server |
2025/04/30 10:05:06 [debug] 21#0: *6 sendmsg: 73 of 73 server |
2025/04/30 10:05:06 [debug] 21#0: *6 quic congestion send if:2202 server |
2025/04/30 10:05:06 [debug] 21#0: *6 quic congestion send if:2202 server |
2025/04/30 10:05:06 [debug] 21#0: *6 quic congestion send if:2275 server |
2025/04/30 10:05:06 [debug] 21#0: *6 event timer: 6, old: 471606, new: 471618 server |
2025/04/30 10:05:06 [debug] 21#0: *6 event timer del: 6: 397603 server |
2025/04/30 10:05:06 [debug] 21#0: *6 quic lost timer pto:985 server |
2025/04/30 10:05:06 [debug] 21#0: *6 event timer add: 6: 985:397603 server |
2025/04/30 10:05:06 [debug] 21#0: *6 quic state: send:74988 pto:985 server |
2025/04/30 10:05:06 [debug] 21#0: worker cycle server |
2025/04/30 10:05:06 [debug] 21#0: epoll timer: 985 server |
2025/04/30 10:05:06 [debug] 21#0: epoll: fd:6 ev:0001 d:00007F0E10F05108 server |
2025/04/30 10:05:06 [debug] 21#0: quic recvmsg on 0.0.0.0:443, ready: 0 server |
2025/04/30 10:05:06 [debug] 21#0: *6 quic recvmsg: fd:6 n:306 server |
2025/04/30 10:05:06 [debug] 21#0: *6 quic input handler server |
2025/04/30 10:05:06 [debug] 21#0: *6 quic packet rx long flags:d6 version:1 server |
2025/04/30 10:05:06 [debug] 21#0: *6 quic packet rx early len:281 server |
2025/04/30 10:05:06 [debug] 21#0: *6 quic packet rx dcid len:8 082c06179b217f39 server |
2025/04/30 10:05:06 [debug] 21#0: *6 quic packet rx scid len:8 dc04912e1cd53d3b server |
2025/04/30 10:05:06 [debug] 21#0: *6 quic packet rx clearflags:d3 server |
2025/04/30 10:05:06 [debug] 21#0: *6 quic packet rx number:17 len:4 server |
2025/04/30 10:05:06 [debug] 21#0: *6 quic packet len:306 via sock seq:-1 path seq:0 server |
2025/04/30 10:05:06 [debug] 21#0: *6 quic path seq:0 status tx:2275 rx:6096 valid:0 st:0 mtu:1200 server |
2025/04/30 10:05:06 [debug] 21#0: *6 quic frame rx early:17 STREAM id:0x3c len:257 fin:1 server |
2025/04/30 10:05:06 [debug] 21#0: *6 quic stream id:0x3c is missing server |
2025/04/30 10:05:06 [debug] 21#0: *6 quic stream id:0x3c create server |
2025/04/30 10:05:06 [debug] 21#0: *6 posix_memalign: 000055CC52A4F460:512 @16 server |
2025/04/30 10:05:06 [debug] 21#0: *6 posix_memalign: 000055CC52A279E0:16384 @16 server |
2025/04/30 10:05:06 [debug] 21#0: *6 reusable connection: 0 server |
2025/04/30 10:05:06 [debug] 21#0: *22 add cleanup: 000055CC52A27AA0 server |
2025/04/30 10:05:06 [debug] 21#0: *22 post event 000055CC529F4AD0 server |
2025/04/30 10:05:06 [debug] 21#0: *6 quic stream id:0x3c flow control msd:257/65536 md:4112/8585216 server |
2025/04/30 10:05:06 [debug] 21#0: *6 malloc: 000055CC52A52E70:4096 server |
2025/04/30 10:05:06 [debug] 21#0: *6 quic ngx_quic_ack_packet pn:17 largest 16 fr:4 nranges:1 server |
2025/04/30 10:05:06 [debug] 21#0: *6 post event 000055CC529DA248 server |
2025/04/30 10:05:06 [debug] 21#0: *6 quic packet done rc:0 level:early decr:1 pn:17 perr:0 server |
2025/04/30 10:05:06 [debug] 21#0: *6 event timer: 6, old: 471606, new: 471618 server |
2025/04/30 10:05:06 [debug] 21#0: *6 quic state: read:74988 pto:985 server |
2025/04/30 10:05:06 [debug] 21#0: timer delta: 0 server |
2025/04/30 10:05:06 [debug] 21#0: posted event 000055CC529F4AD0 server |
2025/04/30 10:05:06 [debug] 21#0: *22 delete posted event 000055CC529F4AD0 server |
2025/04/30 10:05:06 [debug] 21#0: *22 quic init stream server |
2025/04/30 10:05:06 [debug] 21#0: *22 http3 init request stream server |
2025/04/30 10:05:06 [debug] 21#0: *22 add cleanup: 000055CC52A27B10 server |
2025/04/30 10:05:06 [debug] 21#0: *6 event timer del: 6: 471618 server |
2025/04/30 10:05:06 [debug] 21#0: *22 http wait request handler server |
2025/04/30 10:05:06 [debug] 21#0: *6 quic stream id:0x3c recv buf:1024 server |
2025/04/30 10:05:06 [debug] 21#0: *22 quic stream id:0x3c recv len:257 server |
2025/04/30 10:05:06 [debug] 21#0: *6 quic stream id:0x3c flow update 257 server |
2025/04/30 10:05:06 [debug] 21#0: *22 reusable connection: 0 server |
2025/04/30 10:05:06 [debug] 21#0: *22 posix_memalign: 000055CC52A54E90:4096 @16 server |
2025/04/30 10:05:06 [debug] 21#0: *22 http process request line server |
2025/04/30 10:05:06 [debug] 21#0: *22 http request line: "GET /tobdsjgidelyfmgvslolblrzynoddnjqgkqxrnwrvbmzcztuuacpxyrsdhetdebwmcvkrnzjvswposjlvzizwifegaixujkbhejanfpgzqqcucvseaeyzofyyuuuukklirbyeoeicxuvukfsgvbccblcsmqcshuewvbkgxvahazquhttgctoobhoowltxshlyrokuesuqjxsdcxblunktzlvwmmtwvpajpodndzxtcntwebxmcpircfuja" server |
2025/04/30 10:05:06 [debug] 21#0: *22 http uri: "/tobdsjgidelyfmgvslolblrzynoddnjqgkqxrnwrvbmzcztuuacpxyrsdhetdebwmcvkrnzjvswposjlvzizwifegaixujkbhejanfpgzqqcucvseaeyzofyyuuuukklirbyeoeicxuvukfsgvbccblcsmqcshuewvbkgxvahazquhttgctoobhoowltxshlyrokuesuqjxsdcxblunktzlvwmmtwvpajpodndzxtcntwebxmcpircfuja" server |
2025/04/30 10:05:06 [debug] 21#0: *22 http args: "" server |
2025/04/30 10:05:06 [debug] 21#0: *22 http exten: "" server |
2025/04/30 10:05:06 [debug] 21#0: *22 rewrite phase: 0 server |
2025/04/30 10:05:06 [debug] 21#0: *22 test location: "/" server |
2025/04/30 10:05:06 [debug] 21#0: *22 using configuration "/" server |
2025/04/30 10:05:06 [debug] 21#0: *22 http cl:-1 max:1048576 server |
2025/04/30 10:05:06 [debug] 21#0: *22 rewrite phase: 2 server |
2025/04/30 10:05:06 [debug] 21#0: *22 post rewrite phase: 3 server |
2025/04/30 10:05:06 [debug] 21#0: *22 generic phase: 4 server |
2025/04/30 10:05:06 [debug] 21#0: *22 generic phase: 5 server |
2025/04/30 10:05:06 [debug] 21#0: *22 access phase: 6 server |
2025/04/30 10:05:06 [debug] 21#0: *22 access phase: 7 server |
2025/04/30 10:05:06 [debug] 21#0: *22 post access phase: 8 server |
2025/04/30 10:05:06 [debug] 21#0: *22 generic phase: 9 server |
2025/04/30 10:05:06 [debug] 21#0: *22 generic phase: 10 server |
2025/04/30 10:05:06 [debug] 21#0: *22 content phase: 11 server |
2025/04/30 10:05:06 [debug] 21#0: *22 content phase: 12 server |
2025/04/30 10:05:06 [debug] 21#0: *22 content phase: 13 server |
2025/04/30 10:05:06 [debug] 21#0: *22 http filename: "/www/tobdsjgidelyfmgvslolblrzynoddnjqgkqxrnwrvbmzcztuuacpxyrsdhetdebwmcvkrnzjvswposjlvzizwifegaixujkbhejanfpgzqqcucvseaeyzofyyuuuukklirbyeoeicxuvukfsgvbccblcsmqcshuewvbkgxvahazquhttgctoobhoowltxshlyrokuesuqjxsdcxblunktzlvwmmtwvpajpodndzxtcntwebxmcpircfuja" server |
2025/04/30 10:05:06 [debug] 21#0: *22 add cleanup: 000055CC52A55CB8 server |
2025/04/30 10:05:06 [debug] 21#0: *22 http static fd: 3 server |
2025/04/30 10:05:06 [debug] 21#0: *22 http set discard body server |
2025/04/30 10:05:06 [debug] 21#0: *22 http output filter "/tobdsjgidelyfmgvslolblrzynoddnjqgkqxrnwrvbmzcztuuacpxyrsdhetdebwmcvkrnzjvswposjlvzizwifegaixujkbhejanfpgzqqcucvseaeyzofyyuuuukklirbyeoeicxuvukfsgvbccblcsmqcshuewvbkgxvahazquhttgctoobhoowltxshlyrokuesuqjxsdcxblunktzlvwmmtwvpajpodndzxtcntwebxmcpircfuja?" server |
2025/04/30 10:05:06 [debug] 21#0: *22 http copy filter: "/tobdsjgidelyfmgvslolblrzynoddnjqgkqxrnwrvbmzcztuuacpxyrsdhetdebwmcvkrnzjvswposjlvzizwifegaixujkbhejanfpgzqqcucvseaeyzofyyuuuukklirbyeoeicxuvukfsgvbccblcsmqcshuewvbkgxvahazquhttgctoobhoowltxshlyrokuesuqjxsdcxblunktzlvwmmtwvpajpodndzxtcntwebxmcpircfuja?" server |
2025/04/30 10:05:06 [debug] 21#0: *22 posix_memalign: 000055CC52A55EA0:4096 @16 server |
2025/04/30 10:05:06 [debug] 21#0: *22 read: 3, 000055CC52A55E60, 32, 0 server |
2025/04/30 10:05:06 [debug] 21#0: *22 http postpone filter "/tobdsjgidelyfmgvslolblrzynoddnjqgkqxrnwrvbmzcztuuacpxyrsdhetdebwmcvkrnzjvswposjlvzizwifegaixujkbhejanfpgzqqcucvseaeyzofyyuuuukklirbyeoeicxuvukfsgvbccblcsmqcshuewvbkgxvahazquhttgctoobhoowltxshlyrokuesuqjxsdcxblunktzlvwmmtwvpajpodndzxtcntwebxmcpircfuja?" 000055CC52A55E50 server |
2025/04/30 10:05:06 [debug] 21#0: *22 write new buf t:1 f:0 000055CC52A55E60, pos 000055CC52A55E60, size: 32 file: 0, size: 0 server |
2025/04/30 10:05:06 [debug] 21#0: *22 http write filter: l:1 f:0 s:32 server |
2025/04/30 10:05:06 [debug] 21#0: *22 http write filter limit 2097152 server |
2025/04/30 10:05:06 [debug] 21#0: *6 malloc: 000055CC52A56EB0:4096 server |
2025/04/30 10:05:06 [debug] 21#0: *22 quic send_chain sent:32 server |
2025/04/30 10:05:06 [debug] 21#0: *6 quic stream id:0x3c flush limit:1048096 server |
2025/04/30 10:05:06 [debug] 21#0: *6 posix_memalign: 000055CC52A4F670:512 @16 server |
2025/04/30 10:05:06 [debug] 21#0: *6 update posted event 000055CC529DA248 server |
2025/04/30 10:05:06 [debug] 21#0: *6 quic stream id:0x3c flush len:32 last:0 server |
2025/04/30 10:05:06 [debug] 21#0: *22 http write filter 0000000000000000 server |
2025/04/30 10:05:06 [debug] 21#0: *22 http copy filter: 0 "/tobdsjgidelyfmgvslolblrzynoddnjqgkqxrnwrvbmzcztuuacpxyrsdhetdebwmcvkrnzjvswposjlvzizwifegaixujkbhejanfpgzqqcucvseaeyzofyyuuuukklirbyeoeicxuvukfsgvbccblcsmqcshuewvbkgxvahazquhttgctoobhoowltxshlyrokuesuqjxsdcxblunktzlvwmmtwvpajpodndzxtcntwebxmcpircfuja?" server |
2025/04/30 10:05:06 [debug] 21#0: *22 http finalize request: 0, "/tobdsjgidelyfmgvslolblrzynoddnjqgkqxrnwrvbmzcztuuacpxyrsdhetdebwmcvkrnzjvswposjlvzizwifegaixujkbhejanfpgzqqcucvseaeyzofyyuuuukklirbyeoeicxuvukfsgvbccblcsmqcshuewvbkgxvahazquhttgctoobhoowltxshlyrokuesuqjxsdcxblunktzlvwmmtwvpajpodndzxtcntwebxmcpircfuja?" a:1, c:1 server |
2025/04/30 10:05:06 [debug] 21#0: *22 http request count:1 blk:0 server |
2025/04/30 10:05:06 [debug] 21#0: *22 http close request server |
2025/04/30 10:05:06 [debug] 21#0: *22 http log handler server | 193.167.0.100 - - [30/Apr/2025:10:05:06 +0000] "GET /tobdsjgidelyfmgvslolblrzynoddnjqgkqxrnwrvbmzcztuuacpxyrsdhetdebwmcvkrnzjvswposjlvzizwifegaixujkbhejanfpgzqqcucvseaeyzofyyuuuukklirbyeoeicxuvukfsgvbccblcsmqcshuewvbkgxvahazquhttgctoobhoowltxshlyrokuesuqjxsdcxblunktzlvwmmtwvpajpodndzxtcntwebxmcpircfuja" 200 32 "-" "-" server |
2025/04/30 10:05:06 [debug] 21#0: *22 run cleanup: 000055CC52A55CB8 server |
2025/04/30 10:05:06 [debug] 21#0: *22 file cleanup: fd:3 server |
2025/04/30 10:05:06 [debug] 21#0: *22 free: 000055CC52A54E90, unused: 0 server |
2025/04/30 10:05:06 [debug] 21#0: *22 free: 000055CC52A55EA0, unused: 3501 server |
2025/04/30 10:05:06 [debug] 21#0: *22 close http connection: 6 server |
2025/04/30 10:05:06 [debug] 21#0: *22 reusable connection: 0 server |
2025/04/30 10:05:06 [debug] 21#0: *22 run cleanup: 000055CC52A27B10 server |
2025/04/30 10:05:06 [debug] 21#0: *6 event timer add: 6: 75000:471618 server |
2025/04/30 10:05:06 [debug] 21#0: *22 run cleanup: 000055CC52A27AA0 server |
2025/04/30 10:05:06 [debug] 21#0: *6 quic stream id:0x3c cleanup server |
2025/04/30 10:05:06 [debug] 21#0: *6 quic stream id:0x3c send shutdown server |
2025/04/30 10:05:06 [debug] 21#0: *6 quic stream id:0x3c flush limit:1048064 server |
2025/04/30 10:05:06 [debug] 21#0: *6 update posted event 000055CC529DA248 server |
2025/04/30 10:05:06 [debug] 21#0: *6 quic stream id:0x3c flush len:0 last:1 server |
2025/04/30 10:05:06 [debug] 21#0: *22 free: 000055CC52A279E0, unused: 14952 server |
2025/04/30 10:05:06 [debug] 21#0: posted event 000055CC529DA248 server |
2025/04/30 10:05:06 [debug] 21#0: *6 delete posted event 000055CC529DA248 server |
2025/04/30 10:05:06 [debug] 21#0: *6 quic push handler server |
2025/04/30 10:05:06 [debug] 21#0: *6 posix_memalign: 000055CC52A4F880:512 @16 server |
2025/04/30 10:05:06 [debug] 21#0: *6 malloc: 000055CC52A54E90:4096 server |
2025/04/30 10:05:06 [debug] 21#0: *6 quic output app packet max:1200 min:0 server |
2025/04/30 10:05:06 [debug] 21#0: *6 quic frame tx app:16 ACK n:1 delay:0 17-12 9-0 server |
2025/04/30 10:05:06 [debug] 21#0: *6 quic frame tx app:16 STREAM id:0x3c off:0 len:32 server |
2025/04/30 10:05:06 [debug] 21#0: *6 quic frame tx app:16 STREAM id:0x3c off:32 len:0 fin:1 server |
2025/04/30 10:05:06 [debug] 21#0: *6 quic packet tx app bytes:47 need_ack:1 number:16 encoded nl:1 trunc:0x10 server |
2025/04/30 10:05:06 [debug] 21#0: *6 sendmsg: 73 of 73 server |
2025/04/30 10:05:06 [debug] 21#0: *6 quic congestion send if:2275 server |
2025/04/30 10:05:06 [debug] 21#0: *6 quic congestion send if:2275 server |
2025/04/30 10:05:06 [debug] 21#0: *6 quic congestion send if:2348 server |
2025/04/30 10:05:06 [debug] 21#0: *6 event timer: 6, old: 471606, new: 471618 server |
2025/04/30 10:05:06 [debug] 21#0: *6 event timer del: 6: 397603 server |
2025/04/30 10:05:06 [debug] 21#0: *6 quic lost timer pto:985 server |
2025/04/30 10:05:06 [debug] 21#0: *6 event timer add: 6: 985:397603 server |
2025/04/30 10:05:06 [debug] 21#0: *6 quic state: send:74988 pto:985 server |
2025/04/30 10:05:06 [debug] 21#0: worker cycle server |
2025/04/30 10:05:06 [debug] 21#0: epoll timer: 985 server |
2025/04/30 10:05:06 [debug] 21#0: epoll: fd:6 ev:0001 d:00007F0E10F05108 server |
2025/04/30 10:05:06 [debug] 21#0: quic recvmsg on 0.0.0.0:443, ready: 0 server |
2025/04/30 10:05:06 [debug] 21#0: *6 quic recvmsg: fd:6 n:307 server |
2025/04/30 10:05:06 [debug] 21#0: *6 quic input handler server |
2025/04/30 10:05:06 [debug] 21#0: *6 quic packet rx long flags:d4 version:1 server |
2025/04/30 10:05:06 [debug] 21#0: *6 quic packet rx early len:282 server |
2025/04/30 10:05:06 [debug] 21#0: *6 quic packet rx dcid len:8 082c06179b217f39 server |
2025/04/30 10:05:06 [debug] 21#0: *6 quic packet rx scid len:8 dc04912e1cd53d3b server |
2025/04/30 10:05:06 [debug] 21#0: *6 quic packet rx clearflags:d3 server |
2025/04/30 10:05:06 [debug] 21#0: *6 quic packet rx number:18 len:4 server |
2025/04/30 10:05:06 [debug] 21#0: *6 quic packet len:307 via sock seq:-1 path seq:0 server |
2025/04/30 10:05:06 [debug] 21#0: *6 quic path seq:0 status tx:2348 rx:6403 valid:0 st:0 mtu:1200 server |
2025/04/30 10:05:06 [debug] 21#0: *6 quic frame rx early:18 STREAM id:0x40 len:257 fin:1 server |
2025/04/30 10:05:06 [debug] 21#0: *6 quic stream id:0x40 is missing server |
2025/04/30 10:05:06 [debug] 21#0: *6 quic stream id:0x40 create server |
2025/04/30 10:05:06 [debug] 21#0: *6 posix_memalign: 000055CC52A279E0:16384 @16 server |
2025/04/30 10:05:06 [debug] 21#0: *6 reusable connection: 0 server |
2025/04/30 10:05:06 [debug] 21#0: *23 add cleanup: 000055CC52A27AA0 server |
2025/04/30 10:05:06 [debug] 21#0: *23 post event 000055CC529F4AD0 server |
2025/04/30 10:05:06 [debug] 21#0: *6 quic stream id:0x40 flow control msd:257/65536 md:4369/8585216 server |
2025/04/30 10:05:06 [debug] 21#0: *6 malloc: 000055CC52A55EA0:4096 server |
2025/04/30 10:05:06 [debug] 21#0: *6 posix_memalign: 000055CC52A4FA90:512 @16 server |
2025/04/30 10:05:06 [debug] 21#0: *6 quic ngx_quic_ack_packet pn:18 largest 17 fr:5 nranges:1 server |
2025/04/30 10:05:06 [debug] 21#0: *6 post event 000055CC529DA248 server |
2025/04/30 10:05:06 [debug] 21#0: *6 quic packet done rc:0 level:early decr:1 pn:18 perr:0 server |
2025/04/30 10:05:06 [debug] 21#0: *6 event timer: 6, old: 471606, new: 471619 server |
2025/04/30 10:05:06 [debug] 21#0: *6 quic state: read:74987 pto:984 server |
2025/04/30 10:05:06 [debug] 21#0: timer delta: 1 server |
2025/04/30 10:05:06 [debug] 21#0: posted event 000055CC529F4AD0 server |
2025/04/30 10:05:06 [debug] 21#0: *23 delete posted event 000055CC529F4AD0 server |
2025/04/30 10:05:06 [debug] 21#0: *23 quic init stream server |
2025/04/30 10:05:06 [debug] 21#0: *23 http3 init request stream server |
2025/04/30 10:05:06 [debug] 21#0: *23 add cleanup: 000055CC52A27B10 server |
2025/04/30 10:05:06 [debug] 21#0: *6 event timer del: 6: 471618 server |
2025/04/30 10:05:06 [debug] 21#0: *23 http wait request handler server |
2025/04/30 10:05:06 [debug] 21#0: *6 quic stream id:0x40 recv buf:1024 server |
2025/04/30 10:05:06 [debug] 21#0: *23 quic stream id:0x40 recv len:257 server |
2025/04/30 10:05:06 [debug] 21#0: *6 quic stream id:0x40 flow update 257 server |
2025/04/30 10:05:06 [debug] 21#0: *23 reusable connection: 0 server |
2025/04/30 10:05:06 [debug] 21#0: *23 posix_memalign: 000055CC52A57EC0:4096 @16 server |
2025/04/30 10:05:06 [debug] 21#0: *23 http process request line server |
2025/04/30 10:05:06 [debug] 21#0: *23 http request line: "GET /zgrwopodktgjmhxegrktzpucoeefilcnajqzzpswfrouvcpzyclsfprftghgbttktxggujlwmcodtpuqhujjweqvcuzibklicarwhdooktgyortlinzgbgfkjlojbeqehbdhmwpkajdlpvxivgfwdwjxnqzhhwclfivxdsahceumlmitnuplbyvfxrosqrdwxorezhjfogobppmqqpyximakakbmteovlfcopipcquftqouyohqbszdadq" server |
2025/04/30 10:05:06 [debug] 21#0: *23 http uri: "/zgrwopodktgjmhxegrktzpucoeefilcnajqzzpswfrouvcpzyclsfprftghgbttktxggujlwmcodtpuqhujjweqvcuzibklicarwhdooktgyortlinzgbgfkjlojbeqehbdhmwpkajdlpvxivgfwdwjxnqzhhwclfivxdsahceumlmitnuplbyvfxrosqrdwxorezhjfogobppmqqpyximakakbmteovlfcopipcquftqouyohqbszdadq" server |
2025/04/30 10:05:06 [debug] 21#0: *23 http args: "" server |
2025/04/30 10:05:06 [debug] 21#0: *23 http exten: "" server |
2025/04/30 10:05:06 [debug] 21#0: *23 rewrite phase: 0 server |
2025/04/30 10:05:06 [debug] 21#0: *23 test location: "/" server |
2025/04/30 10:05:06 [debug] 21#0: *23 using configuration "/" server |
2025/04/30 10:05:06 [debug] 21#0: *23 http cl:-1 max:1048576 server |
2025/04/30 10:05:06 [debug] 21#0: *23 rewrite phase: 2 server |
2025/04/30 10:05:06 [debug] 21#0: *23 post rewrite phase: 3 server |
2025/04/30 10:05:06 [debug] 21#0: *23 generic phase: 4 server |
2025/04/30 10:05:06 [debug] 21#0: *23 generic phase: 5 server |
2025/04/30 10:05:06 [debug] 21#0: *23 access phase: 6 server |
2025/04/30 10:05:06 [debug] 21#0: *23 access phase: 7 server |
2025/04/30 10:05:06 [debug] 21#0: *23 post access phase: 8 server |
2025/04/30 10:05:06 [debug] 21#0: *23 generic phase: 9 server |
2025/04/30 10:05:06 [debug] 21#0: *23 generic phase: 10 server |
2025/04/30 10:05:06 [debug] 21#0: *23 content phase: 11 server |
2025/04/30 10:05:06 [debug] 21#0: *23 content phase: 12 server |
2025/04/30 10:05:06 [debug] 21#0: *23 content phase: 13 server |
2025/04/30 10:05:06 [debug] 21#0: *23 http filename: "/www/zgrwopodktgjmhxegrktzpucoeefilcnajqzzpswfrouvcpzyclsfprftghgbttktxggujlwmcodtpuqhujjweqvcuzibklicarwhdooktgyortlinzgbgfkjlojbeqehbdhmwpkajdlpvxivgfwdwjxnqzhhwclfivxdsahceumlmitnuplbyvfxrosqrdwxorezhjfogobppmqqpyximakakbmteovlfcopipcquftqouyohqbszdadq" server |
2025/04/30 10:05:06 [debug] 21#0: *23 add cleanup: 000055CC52A58CE8 server |
2025/04/30 10:05:06 [debug] 21#0: *23 http static fd: 3 server |
2025/04/30 10:05:06 [debug] 21#0: *23 http set discard body server |
2025/04/30 10:05:06 [debug] 21#0: *23 http output filter "/zgrwopodktgjmhxegrktzpucoeefilcnajqzzpswfrouvcpzyclsfprftghgbttktxggujlwmcodtpuqhujjweqvcuzibklicarwhdooktgyortlinzgbgfkjlojbeqehbdhmwpkajdlpvxivgfwdwjxnqzhhwclfivxdsahceumlmitnuplbyvfxrosqrdwxorezhjfogobppmqqpyximakakbmteovlfcopipcquftqouyohqbszdadq?" server |
2025/04/30 10:05:06 [debug] 21#0: *23 http copy filter: "/zgrwopodktgjmhxegrktzpucoeefilcnajqzzpswfrouvcpzyclsfprftghgbttktxggujlwmcodtpuqhujjweqvcuzibklicarwhdooktgyortlinzgbgfkjlojbeqehbdhmwpkajdlpvxivgfwdwjxnqzhhwclfivxdsahceumlmitnuplbyvfxrosqrdwxorezhjfogobppmqqpyximakakbmteovlfcopipcquftqouyohqbszdadq?" server |
2025/04/30 10:05:06 [debug] 21#0: *23 posix_memalign: 000055CC52A58ED0:4096 @16 server |
2025/04/30 10:05:06 [debug] 21#0: *23 read: 3, 000055CC52A58E90, 32, 0 server |
2025/04/30 10:05:06 [debug] 21#0: *23 http postpone filter "/zgrwopodktgjmhxegrktzpucoeefilcnajqzzpswfrouvcpzyclsfprftghgbttktxggujlwmcodtpuqhujjweqvcuzibklicarwhdooktgyortlinzgbgfkjlojbeqehbdhmwpkajdlpvxivgfwdwjxnqzhhwclfivxdsahceumlmitnuplbyvfxrosqrdwxorezhjfogobppmqqpyximakakbmteovlfcopipcquftqouyohqbszdadq?" 000055CC52A58E80 server |
2025/04/30 10:05:06 [debug] 21#0: *23 write new buf t:1 f:0 000055CC52A58E90, pos 000055CC52A58E90, size: 32 file: 0, size: 0 server |
2025/04/30 10:05:06 [debug] 21#0: *23 http write filter: l:1 f:0 s:32 server |
2025/04/30 10:05:06 [debug] 21#0: *23 http write filter limit 2097152 server |
2025/04/30 10:05:06 [debug] 21#0: *6 malloc: 000055CC52A59EE0:4096 server |
2025/04/30 10:05:06 [debug] 21#0: *23 quic send_chain sent:32 server |
2025/04/30 10:05:06 [debug] 21#0: *6 quic stream id:0x40 flush limit:1048064 server |
2025/04/30 10:05:06 [debug] 21#0: *6 update posted event 000055CC529DA248 server |
2025/04/30 10:05:06 [debug] 21#0: *6 quic stream id:0x40 flush len:32 last:0 server |
2025/04/30 10:05:06 [debug] 21#0: *23 http write filter 0000000000000000 server |
2025/04/30 10:05:06 [debug] 21#0: *23 http copy filter: 0 "/zgrwopodktgjmhxegrktzpucoeefilcnajqzzpswfrouvcpzyclsfprftghgbttktxggujlwmcodtpuqhujjweqvcuzibklicarwhdooktgyortlinzgbgfkjlojbeqehbdhmwpkajdlpvxivgfwdwjxnqzhhwclfivxdsahceumlmitnuplbyvfxrosqrdwxorezhjfogobppmqqpyximakakbmteovlfcopipcquftqouyohqbszdadq?" server |
2025/04/30 10:05:06 [debug] 21#0: *23 http finalize request: 0, "/zgrwopodktgjmhxegrktzpucoeefilcnajqzzpswfrouvcpzyclsfprftghgbttktxggujlwmcodtpuqhujjweqvcuzibklicarwhdooktgyortlinzgbgfkjlojbeqehbdhmwpkajdlpvxivgfwdwjxnqzhhwclfivxdsahceumlmitnuplbyvfxrosqrdwxorezhjfogobppmqqpyximakakbmteovlfcopipcquftqouyohqbszdadq?" a:1, c:1 server |
2025/04/30 10:05:06 [debug] 21#0: *23 http request count:1 blk:0 server |
2025/04/30 10:05:06 [debug] 21#0: *23 http close request server |
2025/04/30 10:05:06 [debug] 21#0: *23 http log handler server | 193.167.0.100 - - [30/Apr/2025:10:05:06 +0000] "GET /zgrwopodktgjmhxegrktzpucoeefilcnajqzzpswfrouvcpzyclsfprftghgbttktxggujlwmcodtpuqhujjweqvcuzibklicarwhdooktgyortlinzgbgfkjlojbeqehbdhmwpkajdlpvxivgfwdwjxnqzhhwclfivxdsahceumlmitnuplbyvfxrosqrdwxorezhjfogobppmqqpyximakakbmteovlfcopipcquftqouyohqbszdadq" 200 32 "-" "-" server |
2025/04/30 10:05:06 [debug] 21#0: *23 run cleanup: 000055CC52A58CE8 server |
2025/04/30 10:05:06 [debug] 21#0: *23 file cleanup: fd:3 server |
2025/04/30 10:05:06 [debug] 21#0: *23 free: 000055CC52A57EC0, unused: 0 server |
2025/04/30 10:05:06 [debug] 21#0: *23 free: 000055CC52A58ED0, unused: 3501 server |
2025/04/30 10:05:06 [debug] 21#0: *23 close http connection: 6 server |
2025/04/30 10:05:06 [debug] 21#0: *23 reusable connection: 0 server |
2025/04/30 10:05:06 [debug] 21#0: *23 run cleanup: 000055CC52A27B10 server |
2025/04/30 10:05:06 [debug] 21#0: *6 event timer add: 6: 75000:471619 server |
2025/04/30 10:05:06 [debug] 21#0: *23 run cleanup: 000055CC52A27AA0 server |
2025/04/30 10:05:06 [debug] 21#0: *6 quic stream id:0x40 cleanup server |
2025/04/30 10:05:06 [debug] 21#0: *6 quic stream id:0x40 send shutdown server |
2025/04/30 10:05:06 [debug] 21#0: *6 quic stream id:0x40 flush limit:1048032 server |
2025/04/30 10:05:06 [debug] 21#0: *6 posix_memalign: 000055CC52A57EC0:512 @16 server |
2025/04/30 10:05:06 [debug] 21#0: *6 update posted event 000055CC529DA248 server |
2025/04/30 10:05:06 [debug] 21#0: *6 quic stream id:0x40 flush len:0 last:1 server |
2025/04/30 10:05:06 [debug] 21#0: *23 free: 000055CC52A279E0, unused: 14952 server |
2025/04/30 10:05:06 [debug] 21#0: posted event 000055CC529DA248 server |
2025/04/30 10:05:06 [debug] 21#0: *6 delete posted event 000055CC529DA248 server |
2025/04/30 10:05:06 [debug] 21#0: *6 quic push handler server |
2025/04/30 10:05:06 [debug] 21#0: *6 malloc: 000055CC52A580D0:4096 server |
2025/04/30 10:05:06 [debug] 21#0: *6 quic output app packet max:1200 min:0 server |
2025/04/30 10:05:06 [debug] 21#0: *6 quic frame tx app:17 ACK n:1 delay:0 18-12 9-0 server |
2025/04/30 10:05:06 [debug] 21#0: *6 quic frame tx app:17 STREAM id:0x40 off:0 len:32 server |
2025/04/30 10:05:06 [debug] 21#0: *6 quic frame tx app:17 STREAM id:0x40 off:32 len:0 fin:1 server |
2025/04/30 10:05:06 [debug] 21#0: *6 quic packet tx app bytes:49 need_ack:1 number:17 encoded nl:1 trunc:0x11 server |
2025/04/30 10:05:06 [debug] 21#0: *6 sendmsg: 75 of 75 server |
2025/04/30 10:05:06 [debug] 21#0: *6 quic congestion send if:2348 server |
2025/04/30 10:05:06 [debug] 21#0: *6 quic congestion send if:2348 server |
2025/04/30 10:05:06 [debug] 21#0: *6 quic congestion send if:2423 server |
2025/04/30 10:05:06 [debug] 21#0: *6 event timer: 6, old: 471606, new: 471619 server |
2025/04/30 10:05:06 [debug] 21#0: *6 event timer del: 6: 397603 server |
2025/04/30 10:05:06 [debug] 21#0: *6 quic lost timer pto:984 server |
2025/04/30 10:05:06 [debug] 21#0: *6 event timer add: 6: 984:397603 server |
2025/04/30 10:05:06 [debug] 21#0: *6 quic state: send:74987 pto:984 server |
2025/04/30 10:05:06 [debug] 21#0: worker cycle server |
2025/04/30 10:05:06 [debug] 21#0: epoll timer: 984 server |
2025/04/30 10:05:06 [debug] 21#0: epoll: fd:6 ev:0001 d:00007F0E10F05108 server |
2025/04/30 10:05:06 [debug] 21#0: quic recvmsg on 0.0.0.0:443, ready: 0 server |
2025/04/30 10:05:06 [debug] 21#0: *6 quic recvmsg: fd:6 n:307 server |
2025/04/30 10:05:06 [debug] 21#0: *6 quic input handler server |
2025/04/30 10:05:06 [debug] 21#0: *6 quic packet rx long flags:d0 version:1 server |
2025/04/30 10:05:06 [debug] 21#0: *6 quic packet rx early len:282 server |
2025/04/30 10:05:06 [debug] 21#0: *6 quic packet rx dcid len:8 082c06179b217f39 server |
2025/04/30 10:05:06 [debug] 21#0: *6 quic packet rx scid len:8 dc04912e1cd53d3b server |
2025/04/30 10:05:06 [debug] 21#0: *6 quic packet rx clearflags:d3 server |
2025/04/30 10:05:06 [debug] 21#0: *6 quic packet rx number:19 len:4 server |
2025/04/30 10:05:06 [debug] 21#0: *6 quic packet len:307 via sock seq:-1 path seq:0 server |
2025/04/30 10:05:06 [debug] 21#0: *6 quic path seq:0 status tx:2423 rx:6710 valid:0 st:0 mtu:1200 server |
2025/04/30 10:05:06 [debug] 21#0: *6 quic frame rx early:19 STREAM id:0x44 len:257 fin:1 server |
2025/04/30 10:05:06 [debug] 21#0: *6 quic stream id:0x44 is missing server |
2025/04/30 10:05:06 [debug] 21#0: *6 quic stream id:0x44 create server |
2025/04/30 10:05:06 [debug] 21#0: *6 posix_memalign: 000055CC52A590E0:512 @16 server |
2025/04/30 10:05:06 [debug] 21#0: *6 posix_memalign: 000055CC52A279E0:16384 @16 server |
2025/04/30 10:05:06 [debug] 21#0: *6 reusable connection: 0 server |
2025/04/30 10:05:06 [debug] 21#0: *24 add cleanup: 000055CC52A27AA0 server |
2025/04/30 10:05:06 [debug] 21#0: *24 post event 000055CC529F4AD0 server |
2025/04/30 10:05:06 [debug] 21#0: *6 quic stream id:0x44 flow control msd:257/65536 md:4626/8585216 server |
2025/04/30 10:05:06 [debug] 21#0: *6 malloc: 000055CC52A5AEF0:4096 server |
2025/04/30 10:05:06 [debug] 21#0: *6 quic ngx_quic_ack_packet pn:19 largest 18 fr:6 nranges:1 server |
2025/04/30 10:05:06 [debug] 21#0: *6 post event 000055CC529DA248 server |
2025/04/30 10:05:06 [debug] 21#0: *6 quic packet done rc:0 level:early decr:1 pn:19 perr:0 server |
2025/04/30 10:05:06 [debug] 21#0: *6 event timer: 6, old: 471606, new: 471620 server |
2025/04/30 10:05:06 [debug] 21#0: *6 quic state: read:74986 pto:983 server |
2025/04/30 10:05:06 [debug] 21#0: timer delta: 1 server |
2025/04/30 10:05:06 [debug] 21#0: posted event 000055CC529F4AD0 server |
2025/04/30 10:05:06 [debug] 21#0: *24 delete posted event 000055CC529F4AD0 server |
2025/04/30 10:05:06 [debug] 21#0: *24 quic init stream server |
2025/04/30 10:05:06 [debug] 21#0: *24 http3 init request stream server |
2025/04/30 10:05:06 [debug] 21#0: *24 add cleanup: 000055CC52A27B10 server |
2025/04/30 10:05:06 [debug] 21#0: *6 event timer del: 6: 471619 server |
2025/04/30 10:05:06 [debug] 21#0: *24 http wait request handler server |
2025/04/30 10:05:06 [debug] 21#0: *6 quic stream id:0x44 recv buf:1024 server |
2025/04/30 10:05:06 [debug] 21#0: *24 quic stream id:0x44 recv len:257 server |
2025/04/30 10:05:06 [debug] 21#0: *6 quic stream id:0x44 flow update 257 server |
2025/04/30 10:05:06 [debug] 21#0: *24 reusable connection: 0 server |
2025/04/30 10:05:06 [debug] 21#0: *24 posix_memalign: 000055CC52A5BF00:4096 @16 server |
2025/04/30 10:05:06 [debug] 21#0: *24 http process request line server |
2025/04/30 10:05:06 [debug] 21#0: *24 http request line: "GET /bpqsihaepxomitstuekmwktrwtnypebvnviwlzfibhnzsmewibnjbhwoiiectuyafzeszjzpwadoxgccvxgpqpebuwtcdqxgcpwroxshgckguirbugvtwfpqgffshdvcewcxbhaxpkyjmuarlecemspcvyjrfwjtjopscrucwboewzckmvraezglosoyrsfwaefxnveskkzjhyxbouvtujawskgljvtjjzurxsbmpnipjyleqjawwyoikz" server |
2025/04/30 10:05:06 [debug] 21#0: *24 http uri: "/bpqsihaepxomitstuekmwktrwtnypebvnviwlzfibhnzsmewibnjbhwoiiectuyafzeszjzpwadoxgccvxgpqpebuwtcdqxgcpwroxshgckguirbugvtwfpqgffshdvcewcxbhaxpkyjmuarlecemspcvyjrfwjtjopscrucwboewzckmvraezglosoyrsfwaefxnveskkzjhyxbouvtujawskgljvtjjzurxsbmpnipjyleqjawwyoikz" server |
2025/04/30 10:05:06 [debug] 21#0: *24 http args: "" server |
2025/04/30 10:05:06 [debug] 21#0: *24 http exten: "" server |
2025/04/30 10:05:06 [debug] 21#0: *24 rewrite phase: 0 server |
2025/04/30 10:05:06 [debug] 21#0: *24 test location: "/" server |
2025/04/30 10:05:06 [debug] 21#0: *24 using configuration "/" server |
2025/04/30 10:05:06 [debug] 21#0: *24 http cl:-1 max:1048576 server |
2025/04/30 10:05:06 [debug] 21#0: *24 rewrite phase: 2 server |
2025/04/30 10:05:06 [debug] 21#0: *24 post rewrite phase: 3 server |
2025/04/30 10:05:06 [debug] 21#0: *24 generic phase: 4 server |
2025/04/30 10:05:06 [debug] 21#0: *24 generic phase: 5 server |
2025/04/30 10:05:06 [debug] 21#0: *24 access phase: 6 server |
2025/04/30 10:05:06 [debug] 21#0: *24 access phase: 7 server |
2025/04/30 10:05:06 [debug] 21#0: *24 post access phase: 8 server |
2025/04/30 10:05:06 [debug] 21#0: *24 generic phase: 9 server |
2025/04/30 10:05:06 [debug] 21#0: *24 generic phase: 10 server |
2025/04/30 10:05:06 [debug] 21#0: *24 content phase: 11 server |
2025/04/30 10:05:06 [debug] 21#0: *24 content phase: 12 server |
2025/04/30 10:05:06 [debug] 21#0: *24 content phase: 13 server |
2025/04/30 10:05:06 [debug] 21#0: *24 http filename: "/www/bpqsihaepxomitstuekmwktrwtnypebvnviwlzfibhnzsmewibnjbhwoiiectuyafzeszjzpwadoxgccvxgpqpebuwtcdqxgcpwroxshgckguirbugvtwfpqgffshdvcewcxbhaxpkyjmuarlecemspcvyjrfwjtjopscrucwboewzckmvraezglosoyrsfwaefxnveskkzjhyxbouvtujawskgljvtjjzurxsbmpnipjyleqjawwyoikz" server |
2025/04/30 10:05:06 [debug] 21#0: *24 add cleanup: 000055CC52A5CD28 server |
2025/04/30 10:05:06 [debug] 21#0: *24 http static fd: 3 server |
2025/04/30 10:05:06 [debug] 21#0: *24 http set discard body server |
2025/04/30 10:05:06 [debug] 21#0: *24 http output filter "/bpqsihaepxomitstuekmwktrwtnypebvnviwlzfibhnzsmewibnjbhwoiiectuyafzeszjzpwadoxgccvxgpqpebuwtcdqxgcpwroxshgckguirbugvtwfpqgffshdvcewcxbhaxpkyjmuarlecemspcvyjrfwjtjopscrucwboewzckmvraezglosoyrsfwaefxnveskkzjhyxbouvtujawskgljvtjjzurxsbmpnipjyleqjawwyoikz?" server |
2025/04/30 10:05:06 [debug] 21#0: *24 http copy filter: "/bpqsihaepxomitstuekmwktrwtnypebvnviwlzfibhnzsmewibnjbhwoiiectuyafzeszjzpwadoxgccvxgpqpebuwtcdqxgcpwroxshgckguirbugvtwfpqgffshdvcewcxbhaxpkyjmuarlecemspcvyjrfwjtjopscrucwboewzckmvraezglosoyrsfwaefxnveskkzjhyxbouvtujawskgljvtjjzurxsbmpnipjyleqjawwyoikz?" server |
2025/04/30 10:05:06 [debug] 21#0: *24 posix_memalign: 000055CC52A5CF10:4096 @16 server |
2025/04/30 10:05:06 [debug] 21#0: *24 read: 3, 000055CC52A5CED0, 32, 0 server |
2025/04/30 10:05:06 [debug] 21#0: *24 http postpone filter "/bpqsihaepxomitstuekmwktrwtnypebvnviwlzfibhnzsmewibnjbhwoiiectuyafzeszjzpwadoxgccvxgpqpebuwtcdqxgcpwroxshgckguirbugvtwfpqgffshdvcewcxbhaxpkyjmuarlecemspcvyjrfwjtjopscrucwboewzckmvraezglosoyrsfwaefxnveskkzjhyxbouvtujawskgljvtjjzurxsbmpnipjyleqjawwyoikz?" 000055CC52A5CEC0 server |
2025/04/30 10:05:06 [debug] 21#0: *24 write new buf t:1 f:0 000055CC52A5CED0, pos 000055CC52A5CED0, size: 32 file: 0, size: 0 server |
2025/04/30 10:05:06 [debug] 21#0: *24 http write filter: l:1 f:0 s:32 server |
2025/04/30 10:05:06 [debug] 21#0: *24 http write filter limit 2097152 server |
2025/04/30 10:05:06 [debug] 21#0: *6 malloc: 000055CC52A5DF20:4096 server |
2025/04/30 10:05:06 [debug] 21#0: *24 quic send_chain sent:32 server |
2025/04/30 10:05:06 [debug] 21#0: *6 quic stream id:0x44 flush limit:1048032 server |
2025/04/30 10:05:06 [debug] 21#0: *6 posix_memalign: 000055CC52A592F0:512 @16 server |
2025/04/30 10:05:06 [debug] 21#0: *6 update posted event 000055CC529DA248 server |
2025/04/30 10:05:06 [debug] 21#0: *6 quic stream id:0x44 flush len:32 last:0 server |
2025/04/30 10:05:06 [debug] 21#0: *24 http write filter 0000000000000000 server |
2025/04/30 10:05:06 [debug] 21#0: *24 http copy filter: 0 "/bpqsihaepxomitstuekmwktrwtnypebvnviwlzfibhnzsmewibnjbhwoiiectuyafzeszjzpwadoxgccvxgpqpebuwtcdqxgcpwroxshgckguirbugvtwfpqgffshdvcewcxbhaxpkyjmuarlecemspcvyjrfwjtjopscrucwboewzckmvraezglosoyrsfwaefxnveskkzjhyxbouvtujawskgljvtjjzurxsbmpnipjyleqjawwyoikz?" server |
2025/04/30 10:05:06 [debug] 21#0: *24 http finalize request: 0, "/bpqsihaepxomitstuekmwktrwtnypebvnviwlzfibhnzsmewibnjbhwoiiectuyafzeszjzpwadoxgccvxgpqpebuwtcdqxgcpwroxshgckguirbugvtwfpqgffshdvcewcxbhaxpkyjmuarlecemspcvyjrfwjtjopscrucwboewzckmvraezglosoyrsfwaefxnveskkzjhyxbouvtujawskgljvtjjzurxsbmpnipjyleqjawwyoikz?" a:1, c:1 server |
2025/04/30 10:05:06 [debug] 21#0: *24 http request count:1 blk:0 server |
2025/04/30 10:05:06 [debug] 21#0: *24 http close request server |
2025/04/30 10:05:06 [debug] 21#0: *24 http log handler server | 193.167.0.100 - - [30/Apr/2025:10:05:06 +0000] "GET /bpqsihaepxomitstuekmwktrwtnypebvnviwlzfibhnzsmewibnjbhwoiiectuyafzeszjzpwadoxgccvxgpqpebuwtcdqxgcpwroxshgckguirbugvtwfpqgffshdvcewcxbhaxpkyjmuarlecemspcvyjrfwjtjopscrucwboewzckmvraezglosoyrsfwaefxnveskkzjhyxbouvtujawskgljvtjjzurxsbmpnipjyleqjawwyoikz" 200 32 "-" "-" server |
2025/04/30 10:05:06 [debug] 21#0: *24 run cleanup: 000055CC52A5CD28 server |
2025/04/30 10:05:06 [debug] 21#0: *24 file cleanup: fd:3 server |
2025/04/30 10:05:06 [debug] 21#0: *24 free: 000055CC52A5BF00, unused: 0 server |
2025/04/30 10:05:06 [debug] 21#0: *24 free: 000055CC52A5CF10, unused: 3501 server |
2025/04/30 10:05:06 [debug] 21#0: *24 close http connection: 6 server |
2025/04/30 10:05:06 [debug] 21#0: *24 reusable connection: 0 server |
2025/04/30 10:05:06 [debug] 21#0: *24 run cleanup: 000055CC52A27B10 server |
2025/04/30 10:05:06 [debug] 21#0: *6 event timer add: 6: 75000:471620 server |
2025/04/30 10:05:06 [debug] 21#0: *24 run cleanup: 000055CC52A27AA0 server |
2025/04/30 10:05:06 [debug] 21#0: *6 quic stream id:0x44 cleanup server |
2025/04/30 10:05:06 [debug] 21#0: *6 quic stream id:0x44 send shutdown server |
2025/04/30 10:05:06 [debug] 21#0: *6 quic stream id:0x44 flush limit:1048000 server |
2025/04/30 10:05:06 [debug] 21#0: *6 update posted event 000055CC529DA248 server |
2025/04/30 10:05:06 [debug] 21#0: *6 quic stream id:0x44 flush len:0 last:1 server |
2025/04/30 10:05:06 [debug] 21#0: *24 free: 000055CC52A279E0, unused: 14952 server |
2025/04/30 10:05:06 [debug] 21#0: posted event 000055CC529DA248 server |
2025/04/30 10:05:06 [debug] 21#0: *6 delete posted event 000055CC529DA248 server |
2025/04/30 10:05:06 [debug] 21#0: *6 quic push handler server |
2025/04/30 10:05:06 [debug] 21#0: *6 posix_memalign: 000055CC52A59500:512 @16 server |
2025/04/30 10:05:06 [debug] 21#0: *6 malloc: 000055CC52A5BF00:4096 server |
2025/04/30 10:05:06 [debug] 21#0: *6 quic output app packet max:1200 min:0 server |
2025/04/30 10:05:06 [debug] 21#0: *6 quic frame tx app:18 ACK n:1 delay:0 19-12 9-0 server |
2025/04/30 10:05:06 [debug] 21#0: *6 quic frame tx app:18 STREAM id:0x44 off:0 len:32 server |
2025/04/30 10:05:06 [debug] 21#0: *6 quic frame tx app:18 STREAM id:0x44 off:32 len:0 fin:1 server |
2025/04/30 10:05:06 [debug] 21#0: *6 quic packet tx app bytes:49 need_ack:1 number:18 encoded nl:1 trunc:0x12 server |
2025/04/30 10:05:06 [debug] 21#0: *6 sendmsg: 75 of 75 server |
2025/04/30 10:05:06 [debug] 21#0: *6 quic congestion send if:2423 server |
2025/04/30 10:05:06 [debug] 21#0: *6 quic congestion send if:2423 server |
2025/04/30 10:05:06 [debug] 21#0: *6 quic congestion send if:2498 server |
2025/04/30 10:05:06 [debug] 21#0: *6 event timer: 6, old: 471606, new: 471620 server |
2025/04/30 10:05:06 [debug] 21#0: *6 event timer del: 6: 397603 server |
2025/04/30 10:05:06 [debug] 21#0: *6 quic lost timer pto:983 server |
2025/04/30 10:05:06 [debug] 21#0: *6 event timer add: 6: 983:397603 server |
2025/04/30 10:05:06 [debug] 21#0: *6 quic state: send:74986 pto:983 server |
2025/04/30 10:05:06 [debug] 21#0: worker cycle server |
2025/04/30 10:05:06 [debug] 21#0: epoll timer: 983 server |
2025/04/30 10:05:06 [debug] 21#0: epoll: fd:6 ev:0001 d:00007F0E10F05108 server |
2025/04/30 10:05:06 [debug] 21#0: quic recvmsg on 0.0.0.0:443, ready: 0 server |
2025/04/30 10:05:06 [debug] 21#0: *6 quic recvmsg: fd:6 n:307 server |
2025/04/30 10:05:06 [debug] 21#0: *6 quic input handler server |
2025/04/30 10:05:06 [debug] 21#0: *6 quic packet rx long flags:d6 version:1 server |
2025/04/30 10:05:06 [debug] 21#0: *6 quic packet rx early len:282 server |
2025/04/30 10:05:06 [debug] 21#0: *6 quic packet rx dcid len:8 082c06179b217f39 server |
2025/04/30 10:05:06 [debug] 21#0: *6 quic packet rx scid len:8 dc04912e1cd53d3b server |
2025/04/30 10:05:06 [debug] 21#0: *6 quic packet rx clearflags:d3 server |
2025/04/30 10:05:06 [debug] 21#0: *6 quic packet rx number:20 len:4 server |
2025/04/30 10:05:06 [debug] 21#0: *6 quic packet len:307 via sock seq:-1 path seq:0 server |
2025/04/30 10:05:06 [debug] 21#0: *6 quic path seq:0 status tx:2498 rx:7017 valid:0 st:0 mtu:1200 server |
2025/04/30 10:05:06 [debug] 21#0: *6 quic frame rx early:20 STREAM id:0x48 len:257 fin:1 server |
2025/04/30 10:05:06 [debug] 21#0: *6 quic stream id:0x48 is missing server |
2025/04/30 10:05:06 [debug] 21#0: *6 quic stream id:0x48 create server |
2025/04/30 10:05:06 [debug] 21#0: *6 posix_memalign: 000055CC52A279E0:16384 @16 server |
2025/04/30 10:05:06 [debug] 21#0: *6 reusable connection: 0 server |
2025/04/30 10:05:06 [debug] 21#0: *25 add cleanup: 000055CC52A27AA0 server |
2025/04/30 10:05:06 [debug] 21#0: *25 post event 000055CC529F4AD0 server |
2025/04/30 10:05:06 [debug] 21#0: *6 quic stream id:0x48 flow control msd:257/65536 md:4883/8585216 server |
2025/04/30 10:05:06 [debug] 21#0: *6 malloc: 000055CC52A5CF10:4096 server |
2025/04/30 10:05:06 [debug] 21#0: *6 posix_memalign: 000055CC52A59710:512 @16 server |
2025/04/30 10:05:06 [debug] 21#0: *6 quic ngx_quic_ack_packet pn:20 largest 19 fr:7 nranges:1 server |
2025/04/30 10:05:06 [debug] 21#0: *6 post event 000055CC529DA248 server |
2025/04/30 10:05:06 [debug] 21#0: *6 quic packet done rc:0 level:early decr:1 pn:20 perr:0 server |
2025/04/30 10:05:06 [debug] 21#0: *6 event timer: 6, old: 471606, new: 471621 server |
2025/04/30 10:05:06 [debug] 21#0: *6 quic state: read:74985 pto:982 server |
2025/04/30 10:05:06 [debug] 21#0: timer delta: 1 server |
2025/04/30 10:05:06 [debug] 21#0: posted event 000055CC529F4AD0 server |
2025/04/30 10:05:06 [debug] 21#0: *25 delete posted event 000055CC529F4AD0 server |
2025/04/30 10:05:06 [debug] 21#0: *25 quic init stream server |
2025/04/30 10:05:06 [debug] 21#0: *25 http3 init request stream server |
2025/04/30 10:05:06 [debug] 21#0: *25 add cleanup: 000055CC52A27B10 server |
2025/04/30 10:05:06 [debug] 21#0: *6 event timer del: 6: 471620 server |
2025/04/30 10:05:06 [debug] 21#0: *25 http wait request handler server |
2025/04/30 10:05:06 [debug] 21#0: *6 quic stream id:0x48 recv buf:1024 server |
2025/04/30 10:05:06 [debug] 21#0: *25 quic stream id:0x48 recv len:257 server |
2025/04/30 10:05:06 [debug] 21#0: *6 quic stream id:0x48 flow update 257 server |
2025/04/30 10:05:06 [debug] 21#0: *25 reusable connection: 0 server |
2025/04/30 10:05:06 [debug] 21#0: *25 posix_memalign: 000055CC52A5EF30:4096 @16 server |
2025/04/30 10:05:06 [debug] 21#0: *25 http process request line server |
2025/04/30 10:05:06 [debug] 21#0: *25 http request line: "GET /clicgbyrnityrzjhjodutscelygksmgwvpaftwcyafzdqtfmnibtzmsetmktedvhbrqlktzsgfowhjljkhjpqysgcgaijemzdumnppmsgtvlxaaznclhvmeobqlnfgmnnjessoyxcceqcwptolmuvoaiovxcwofhdyhjmvmgwdcjjcngfiqazgzvqaovhpejlfomeygpbmdatpvfnordpsonntavezxitawooawsjppsyrpamowgrzeqdn" server |
2025/04/30 10:05:06 [debug] 21#0: *25 http uri: "/clicgbyrnityrzjhjodutscelygksmgwvpaftwcyafzdqtfmnibtzmsetmktedvhbrqlktzsgfowhjljkhjpqysgcgaijemzdumnppmsgtvlxaaznclhvmeobqlnfgmnnjessoyxcceqcwptolmuvoaiovxcwofhdyhjmvmgwdcjjcngfiqazgzvqaovhpejlfomeygpbmdatpvfnordpsonntavezxitawooawsjppsyrpamowgrzeqdn" server |
2025/04/30 10:05:06 [debug] 21#0: *25 http args: "" server |
2025/04/30 10:05:06 [debug] 21#0: *25 http exten: "" server |
2025/04/30 10:05:06 [debug] 21#0: *25 rewrite phase: 0 server |
2025/04/30 10:05:06 [debug] 21#0: *25 test location: "/" server |
2025/04/30 10:05:06 [debug] 21#0: *25 using configuration "/" server |
2025/04/30 10:05:06 [debug] 21#0: *25 http cl:-1 max:1048576 server |
2025/04/30 10:05:06 [debug] 21#0: *25 rewrite phase: 2 server |
2025/04/30 10:05:06 [debug] 21#0: *25 post rewrite phase: 3 server |
2025/04/30 10:05:06 [debug] 21#0: *25 generic phase: 4 server |
2025/04/30 10:05:06 [debug] 21#0: *25 generic phase: 5 server |
2025/04/30 10:05:06 [debug] 21#0: *25 access phase: 6 server |
2025/04/30 10:05:06 [debug] 21#0: *25 access phase: 7 server |
2025/04/30 10:05:06 [debug] 21#0: *25 post access phase: 8 server |
2025/04/30 10:05:06 [debug] 21#0: *25 generic phase: 9 server |
2025/04/30 10:05:06 [debug] 21#0: *25 generic phase: 10 server |
2025/04/30 10:05:06 [debug] 21#0: *25 content phase: 11 server |
2025/04/30 10:05:06 [debug] 21#0: *25 content phase: 12 server |
2025/04/30 10:05:06 [debug] 21#0: *25 content phase: 13 server |
2025/04/30 10:05:06 [debug] 21#0: *25 http filename: "/www/clicgbyrnityrzjhjodutscelygksmgwvpaftwcyafzdqtfmnibtzmsetmktedvhbrqlktzsgfowhjljkhjpqysgcgaijemzdumnppmsgtvlxaaznclhvmeobqlnfgmnnjessoyxcceqcwptolmuvoaiovxcwofhdyhjmvmgwdcjjcngfiqazgzvqaovhpejlfomeygpbmdatpvfnordpsonntavezxitawooawsjppsyrpamowgrzeqdn" server |
2025/04/30 10:05:06 [debug] 21#0: *25 add cleanup: 000055CC52A5FD58 server |
2025/04/30 10:05:06 [debug] 21#0: *25 http static fd: 3 server |
2025/04/30 10:05:06 [debug] 21#0: *25 http set discard body server |
2025/04/30 10:05:06 [debug] 21#0: *25 http output filter "/clicgbyrnityrzjhjodutscelygksmgwvpaftwcyafzdqtfmnibtzmsetmktedvhbrqlktzsgfowhjljkhjpqysgcgaijemzdumnppmsgtvlxaaznclhvmeobqlnfgmnnjessoyxcceqcwptolmuvoaiovxcwofhdyhjmvmgwdcjjcngfiqazgzvqaovhpejlfomeygpbmdatpvfnordpsonntavezxitawooawsjppsyrpamowgrzeqdn?" server |
2025/04/30 10:05:06 [debug] 21#0: *25 http copy filter: "/clicgbyrnityrzjhjodutscelygksmgwvpaftwcyafzdqtfmnibtzmsetmktedvhbrqlktzsgfowhjljkhjpqysgcgaijemzdumnppmsgtvlxaaznclhvmeobqlnfgmnnjessoyxcceqcwptolmuvoaiovxcwofhdyhjmvmgwdcjjcngfiqazgzvqaovhpejlfomeygpbmdatpvfnordpsonntavezxitawooawsjppsyrpamowgrzeqdn?" server |
2025/04/30 10:05:06 [debug] 21#0: *25 posix_memalign: 000055CC52A5FF40:4096 @16 server |
2025/04/30 10:05:06 [debug] 21#0: *25 read: 3, 000055CC52A5FF00, 32, 0 server |
2025/04/30 10:05:06 [debug] 21#0: *25 http postpone filter "/clicgbyrnityrzjhjodutscelygksmgwvpaftwcyafzdqtfmnibtzmsetmktedvhbrqlktzsgfowhjljkhjpqysgcgaijemzdumnppmsgtvlxaaznclhvmeobqlnfgmnnjessoyxcceqcwptolmuvoaiovxcwofhdyhjmvmgwdcjjcngfiqazgzvqaovhpejlfomeygpbmdatpvfnordpsonntavezxitawooawsjppsyrpamowgrzeqdn?" 000055CC52A5FEF0 server |
2025/04/30 10:05:06 [debug] 21#0: *25 write new buf t:1 f:0 000055CC52A5FF00, pos 000055CC52A5FF00, size: 32 file: 0, size: 0 server |
2025/04/30 10:05:06 [debug] 21#0: *25 http write filter: l:1 f:0 s:32 server |
2025/04/30 10:05:06 [debug] 21#0: *25 http write filter limit 2097152 server |
2025/04/30 10:05:06 [debug] 21#0: *6 malloc: 000055CC52A60F50:4096 server |
2025/04/30 10:05:06 [debug] 21#0: *25 quic send_chain sent:32 server |
2025/04/30 10:05:06 [debug] 21#0: *6 quic stream id:0x48 flush limit:1048000 server |
2025/04/30 10:05:06 [debug] 21#0: *6 update posted event 000055CC529DA248 server |
2025/04/30 10:05:06 [debug] 21#0: *6 quic stream id:0x48 flush len:32 last:0 server |
2025/04/30 10:05:06 [debug] 21#0: *25 http write filter 0000000000000000 server |
2025/04/30 10:05:06 [debug] 21#0: *25 http copy filter: 0 "/clicgbyrnityrzjhjodutscelygksmgwvpaftwcyafzdqtfmnibtzmsetmktedvhbrqlktzsgfowhjljkhjpqysgcgaijemzdumnppmsgtvlxaaznclhvmeobqlnfgmnnjessoyxcceqcwptolmuvoaiovxcwofhdyhjmvmgwdcjjcngfiqazgzvqaovhpejlfomeygpbmdatpvfnordpsonntavezxitawooawsjppsyrpamowgrzeqdn?" server |
2025/04/30 10:05:06 [debug] 21#0: *25 http finalize request: 0, "/clicgbyrnityrzjhjodutscelygksmgwvpaftwcyafzdqtfmnibtzmsetmktedvhbrqlktzsgfowhjljkhjpqysgcgaijemzdumnppmsgtvlxaaznclhvmeobqlnfgmnnjessoyxcceqcwptolmuvoaiovxcwofhdyhjmvmgwdcjjcngfiqazgzvqaovhpejlfomeygpbmdatpvfnordpsonntavezxitawooawsjppsyrpamowgrzeqdn?" a:1, c:1 server |
2025/04/30 10:05:06 [debug] 21#0: *25 http request count:1 blk:0 server |
2025/04/30 10:05:06 [debug] 21#0: *25 http close request server |
2025/04/30 10:05:06 [debug] 21#0: *25 http log handler server | 193.167.0.100 - - [30/Apr/2025:10:05:06 +0000] "GET /clicgbyrnityrzjhjodutscelygksmgwvpaftwcyafzdqtfmnibtzmsetmktedvhbrqlktzsgfowhjljkhjpqysgcgaijemzdumnppmsgtvlxaaznclhvmeobqlnfgmnnjessoyxcceqcwptolmuvoaiovxcwofhdyhjmvmgwdcjjcngfiqazgzvqaovhpejlfomeygpbmdatpvfnordpsonntavezxitawooawsjppsyrpamowgrzeqdn" 200 32 "-" "-" server |
2025/04/30 10:05:06 [debug] 21#0: *25 run cleanup: 000055CC52A5FD58 server |
2025/04/30 10:05:06 [debug] 21#0: *25 file cleanup: fd:3 server |
2025/04/30 10:05:06 [debug] 21#0: *25 free: 000055CC52A5EF30, unused: 0 server |
2025/04/30 10:05:06 [debug] 21#0: *25 free: 000055CC52A5FF40, unused: 3501 server |
2025/04/30 10:05:06 [debug] 21#0: *25 close http connection: 6 server |
2025/04/30 10:05:06 [debug] 21#0: *25 reusable connection: 0 server |
2025/04/30 10:05:06 [debug] 21#0: *25 run cleanup: 000055CC52A27B10 server |
2025/04/30 10:05:06 [debug] 21#0: *6 event timer add: 6: 75000:471621 server |
2025/04/30 10:05:06 [debug] 21#0: *25 run cleanup: 000055CC52A27AA0 server |
2025/04/30 10:05:06 [debug] 21#0: *6 quic stream id:0x48 cleanup server |
2025/04/30 10:05:06 [debug] 21#0: *6 quic stream id:0x48 send shutdown server |
2025/04/30 10:05:06 [debug] 21#0: *6 quic stream id:0x48 flush limit:1047968 server |
2025/04/30 10:05:06 [debug] 21#0: *6 posix_memalign: 000055CC52A59920:512 @16 server |
2025/04/30 10:05:06 [debug] 21#0: *6 update posted event 000055CC529DA248 server |
2025/04/30 10:05:06 [debug] 21#0: *6 quic stream id:0x48 flush len:0 last:1 server |
2025/04/30 10:05:06 [debug] 21#0: *25 free: 000055CC52A279E0, unused: 14952 server |
2025/04/30 10:05:06 [debug] 21#0: posted event 000055CC529DA248 server |
2025/04/30 10:05:06 [debug] 21#0: *6 delete posted event 000055CC529DA248 server |
2025/04/30 10:05:06 [debug] 21#0: *6 quic push handler server |
2025/04/30 10:05:06 [debug] 21#0: *6 malloc: 000055CC52A5EF30:4096 server |
2025/04/30 10:05:06 [debug] 21#0: *6 quic output app packet max:1200 min:0 server |
