2025/04/30 10:05:06 [debug] 21#0: *6 quic state: read:74982 pto:979 server |
2025/04/30 10:05:06 [debug] 21#0: timer delta: 1 server |
2025/04/30 10:05:06 [debug] 21#0: posted event 000055CC529F4AD0 server |
2025/04/30 10:05:06 [debug] 21#0: *30 delete posted event 000055CC529F4AD0 server |
2025/04/30 10:05:06 [debug] 21#0: *30 quic init stream server |
2025/04/30 10:05:06 [debug] 21#0: *30 http3 init request stream server |
2025/04/30 10:05:06 [debug] 21#0: *30 add cleanup: 000055CC52A27B10 server |
2025/04/30 10:05:06 [debug] 21#0: *6 event timer del: 6: 471623 server |
2025/04/30 10:05:06 [debug] 21#0: *30 http wait request handler server |
2025/04/30 10:05:06 [debug] 21#0: *6 quic stream id:0x5c recv buf:1024 server |
2025/04/30 10:05:06 [debug] 21#0: *30 quic stream id:0x5c recv len:257 server |
2025/04/30 10:05:06 [debug] 21#0: *6 quic stream id:0x5c flow update 257 server |
2025/04/30 10:05:06 [debug] 21#0: *30 reusable connection: 0 server |
2025/04/30 10:05:06 [debug] 21#0: *30 posix_memalign: 000055CC52A70250:4096 @16 server |
2025/04/30 10:05:06 [debug] 21#0: *30 http process request line server |
2025/04/30 10:05:06 [debug] 21#0: *30 http request line: "GET /ubkarbuhjeufgvbttyhnetwnhecdjnjsnjjlwahbxiuekfgmsqkhwvhdcmgbbndkzcpkamokcymbezhvshtfcwvmejsjxihtnkpsynteduyeilvsflphfxprdiztowrswcljdelvmjktiemawfvmpptafpwzzaziqxxnznemiinxlfjcgrqapjdhtoezevlkclvguiaggjnwdcpjhhpcpcrifpyexpwqaxeactbzrfftseqsmlqhwpkhsd" server |
2025/04/30 10:05:06 [debug] 21#0: *30 http uri: "/ubkarbuhjeufgvbttyhnetwnhecdjnjsnjjlwahbxiuekfgmsqkhwvhdcmgbbndkzcpkamokcymbezhvshtfcwvmejsjxihtnkpsynteduyeilvsflphfxprdiztowrswcljdelvmjktiemawfvmpptafpwzzaziqxxnznemiinxlfjcgrqapjdhtoezevlkclvguiaggjnwdcpjhhpcpcrifpyexpwqaxeactbzrfftseqsmlqhwpkhsd" server |
2025/04/30 10:05:06 [debug] 21#0: *30 http args: "" server |
2025/04/30 10:05:06 [debug] 21#0: *30 http exten: "" server |
2025/04/30 10:05:06 [debug] 21#0: *30 rewrite phase: 0 server |
2025/04/30 10:05:06 [debug] 21#0: *30 test location: "/" server |
2025/04/30 10:05:06 [debug] 21#0: *30 using configuration "/" server |
2025/04/30 10:05:06 [debug] 21#0: *30 http cl:-1 max:1048576 server |
2025/04/30 10:05:06 [debug] 21#0: *30 rewrite phase: 2 server |
2025/04/30 10:05:06 [debug] 21#0: *30 post rewrite phase: 3 server |
2025/04/30 10:05:06 [debug] 21#0: *30 generic phase: 4 server |
2025/04/30 10:05:06 [debug] 21#0: *30 generic phase: 5 server |
2025/04/30 10:05:06 [debug] 21#0: *30 access phase: 6 server |
2025/04/30 10:05:06 [debug] 21#0: *30 access phase: 7 server |
2025/04/30 10:05:06 [debug] 21#0: *30 post access phase: 8 server |
2025/04/30 10:05:06 [debug] 21#0: *30 generic phase: 9 server |
2025/04/30 10:05:06 [debug] 21#0: *30 generic phase: 10 server |
2025/04/30 10:05:06 [debug] 21#0: *30 content phase: 11 server |
2025/04/30 10:05:06 [debug] 21#0: *30 content phase: 12 server |
2025/04/30 10:05:06 [debug] 21#0: *30 content phase: 13 server |
2025/04/30 10:05:06 [debug] 21#0: *30 http filename: "/www/ubkarbuhjeufgvbttyhnetwnhecdjnjsnjjlwahbxiuekfgmsqkhwvhdcmgbbndkzcpkamokcymbezhvshtfcwvmejsjxihtnkpsynteduyeilvsflphfxprdiztowrswcljdelvmjktiemawfvmpptafpwzzaziqxxnznemiinxlfjcgrqapjdhtoezevlkclvguiaggjnwdcpjhhpcpcrifpyexpwqaxeactbzrfftseqsmlqhwpkhsd" server |
2025/04/30 10:05:06 [debug] 21#0: *30 add cleanup: 000055CC52A71078 server |
2025/04/30 10:05:06 [debug] 21#0: *30 http static fd: 3 server |
2025/04/30 10:05:06 [debug] 21#0: *30 http set discard body server |
2025/04/30 10:05:06 [debug] 21#0: *30 http output filter "/ubkarbuhjeufgvbttyhnetwnhecdjnjsnjjlwahbxiuekfgmsqkhwvhdcmgbbndkzcpkamokcymbezhvshtfcwvmejsjxihtnkpsynteduyeilvsflphfxprdiztowrswcljdelvmjktiemawfvmpptafpwzzaziqxxnznemiinxlfjcgrqapjdhtoezevlkclvguiaggjnwdcpjhhpcpcrifpyexpwqaxeactbzrfftseqsmlqhwpkhsd?" server |
2025/04/30 10:05:06 [debug] 21#0: *30 http copy filter: "/ubkarbuhjeufgvbttyhnetwnhecdjnjsnjjlwahbxiuekfgmsqkhwvhdcmgbbndkzcpkamokcymbezhvshtfcwvmejsjxihtnkpsynteduyeilvsflphfxprdiztowrswcljdelvmjktiemawfvmpptafpwzzaziqxxnznemiinxlfjcgrqapjdhtoezevlkclvguiaggjnwdcpjhhpcpcrifpyexpwqaxeactbzrfftseqsmlqhwpkhsd?" server |
2025/04/30 10:05:06 [debug] 21#0: *30 posix_memalign: 000055CC52A71260:4096 @16 server |
2025/04/30 10:05:06 [debug] 21#0: *30 read: 3, 000055CC52A71220, 32, 0 server |
2025/04/30 10:05:06 [debug] 21#0: *30 http postpone filter "/ubkarbuhjeufgvbttyhnetwnhecdjnjsnjjlwahbxiuekfgmsqkhwvhdcmgbbndkzcpkamokcymbezhvshtfcwvmejsjxihtnkpsynteduyeilvsflphfxprdiztowrswcljdelvmjktiemawfvmpptafpwzzaziqxxnznemiinxlfjcgrqapjdhtoezevlkclvguiaggjnwdcpjhhpcpcrifpyexpwqaxeactbzrfftseqsmlqhwpkhsd?" 000055CC52A71210 server |
2025/04/30 10:05:06 [debug] 21#0: *30 write new buf t:1 f:0 000055CC52A71220, pos 000055CC52A71220, size: 32 file: 0, size: 0 server |
2025/04/30 10:05:06 [debug] 21#0: *30 http write filter: l:1 f:0 s:32 server |
2025/04/30 10:05:06 [debug] 21#0: *30 http write filter limit 2097152 server |
2025/04/30 10:05:06 [debug] 21#0: *6 malloc: 000055CC52A72270:4096 server |
2025/04/30 10:05:06 [debug] 21#0: *30 quic send_chain sent:32 server |
2025/04/30 10:05:06 [debug] 21#0: *6 quic stream id:0x5c flush limit:1047840 server |
2025/04/30 10:05:06 [debug] 21#0: *6 posix_memalign: 000055CC52A6D640:512 @16 server |
2025/04/30 10:05:06 [debug] 21#0: *6 update posted event 000055CC529DA248 server |
2025/04/30 10:05:06 [debug] 21#0: *6 quic stream id:0x5c flush len:32 last:0 server |
2025/04/30 10:05:06 [debug] 21#0: *30 http write filter 0000000000000000 server |
2025/04/30 10:05:06 [debug] 21#0: *30 http copy filter: 0 "/ubkarbuhjeufgvbttyhnetwnhecdjnjsnjjlwahbxiuekfgmsqkhwvhdcmgbbndkzcpkamokcymbezhvshtfcwvmejsjxihtnkpsynteduyeilvsflphfxprdiztowrswcljdelvmjktiemawfvmpptafpwzzaziqxxnznemiinxlfjcgrqapjdhtoezevlkclvguiaggjnwdcpjhhpcpcrifpyexpwqaxeactbzrfftseqsmlqhwpkhsd?" server |
2025/04/30 10:05:06 [debug] 21#0: *30 http finalize request: 0, "/ubkarbuhjeufgvbttyhnetwnhecdjnjsnjjlwahbxiuekfgmsqkhwvhdcmgbbndkzcpkamokcymbezhvshtfcwvmejsjxihtnkpsynteduyeilvsflphfxprdiztowrswcljdelvmjktiemawfvmpptafpwzzaziqxxnznemiinxlfjcgrqapjdhtoezevlkclvguiaggjnwdcpjhhpcpcrifpyexpwqaxeactbzrfftseqsmlqhwpkhsd?" a:1, c:1 server |
2025/04/30 10:05:06 [debug] 21#0: *30 http request count:1 blk:0 server |
2025/04/30 10:05:06 [debug] 21#0: *30 http close request server |
2025/04/30 10:05:06 [debug] 21#0: *30 http log handler server | 193.167.0.100 - - [30/Apr/2025:10:05:06 +0000] "GET /ubkarbuhjeufgvbttyhnetwnhecdjnjsnjjlwahbxiuekfgmsqkhwvhdcmgbbndkzcpkamokcymbezhvshtfcwvmejsjxihtnkpsynteduyeilvsflphfxprdiztowrswcljdelvmjktiemawfvmpptafpwzzaziqxxnznemiinxlfjcgrqapjdhtoezevlkclvguiaggjnwdcpjhhpcpcrifpyexpwqaxeactbzrfftseqsmlqhwpkhsd" 200 32 "-" "-" server |
2025/04/30 10:05:06 [debug] 21#0: *30 run cleanup: 000055CC52A71078 server |
2025/04/30 10:05:06 [debug] 21#0: *30 file cleanup: fd:3 server |
2025/04/30 10:05:06 [debug] 21#0: *30 free: 000055CC52A70250, unused: 0 server |
2025/04/30 10:05:06 [debug] 21#0: *30 free: 000055CC52A71260, unused: 3501 server |
2025/04/30 10:05:06 [debug] 21#0: *30 close http connection: 6 server |
2025/04/30 10:05:06 [debug] 21#0: *30 reusable connection: 0 server |
2025/04/30 10:05:06 [debug] 21#0: *30 run cleanup: 000055CC52A27B10 server |
2025/04/30 10:05:06 [debug] 21#0: *6 event timer add: 6: 75000:471624 server |
2025/04/30 10:05:06 [debug] 21#0: *30 run cleanup: 000055CC52A27AA0 server |
2025/04/30 10:05:06 [debug] 21#0: *6 quic stream id:0x5c cleanup server |
2025/04/30 10:05:06 [debug] 21#0: *6 quic stream id:0x5c send shutdown server |
2025/04/30 10:05:06 [debug] 21#0: *6 quic stream id:0x5c flush limit:1047808 server |
2025/04/30 10:05:06 [debug] 21#0: *6 update posted event 000055CC529DA248 server |
2025/04/30 10:05:06 [debug] 21#0: *6 quic stream id:0x5c flush len:0 last:1 server |
2025/04/30 10:05:06 [debug] 21#0: *30 free: 000055CC52A279E0, unused: 14952 server |
2025/04/30 10:05:06 [debug] 21#0: posted event 000055CC529DA248 server |
2025/04/30 10:05:06 [debug] 21#0: *6 delete posted event 000055CC529DA248 server |
2025/04/30 10:05:06 [debug] 21#0: *6 quic push handler server |
2025/04/30 10:05:06 [debug] 21#0: *6 posix_memalign: 000055CC52A6D850:512 @16 server |
2025/04/30 10:05:06 [debug] 21#0: *6 malloc: 000055CC52A70250:4096 server |
2025/04/30 10:05:06 [debug] 21#0: *6 quic output app packet max:1200 min:0 server |
2025/04/30 10:05:06 [debug] 21#0: *6 quic frame tx app:24 ACK n:1 delay:0 25-12 9-0 server |
2025/04/30 10:05:06 [debug] 21#0: *6 quic frame tx app:24 STREAM id:0x5c off:0 len:32 server |
2025/04/30 10:05:06 [debug] 21#0: *6 quic frame tx app:24 STREAM id:0x5c off:32 len:0 fin:1 server |
2025/04/30 10:05:06 [debug] 21#0: *6 quic packet tx app bytes:49 need_ack:1 number:24 encoded nl:1 trunc:0x18 server |
2025/04/30 10:05:06 [debug] 21#0: *6 sendmsg: 75 of 75 server |
2025/04/30 10:05:06 [debug] 21#0: *6 quic congestion send if:2873 server |
2025/04/30 10:05:06 [debug] 21#0: *6 quic congestion send if:2873 server |
2025/04/30 10:05:06 [debug] 21#0: *6 quic congestion send if:2948 server |
2025/04/30 10:05:06 [debug] 21#0: *6 event timer: 6, old: 471606, new: 471624 server |
2025/04/30 10:05:06 [debug] 21#0: *6 event timer del: 6: 397603 server |
2025/04/30 10:05:06 [debug] 21#0: *6 quic lost timer pto:979 server |
2025/04/30 10:05:06 [debug] 21#0: *6 event timer add: 6: 979:397603 server |
2025/04/30 10:05:06 [debug] 21#0: *6 quic state: send:74982 pto:979 server |
2025/04/30 10:05:06 [debug] 21#0: worker cycle server |
2025/04/30 10:05:06 [debug] 21#0: epoll timer: 979 server |
2025/04/30 10:05:06 [debug] 21#0: epoll: fd:6 ev:0001 d:00007F0E10F05108 server |
2025/04/30 10:05:06 [debug] 21#0: quic recvmsg on 0.0.0.0:443, ready: 0 server |
2025/04/30 10:05:06 [debug] 21#0: *6 quic recvmsg: fd:6 n:307 server |
2025/04/30 10:05:06 [debug] 21#0: *6 quic input handler server |
2025/04/30 10:05:06 [debug] 21#0: *6 quic packet rx long flags:dd version:1 server |
2025/04/30 10:05:06 [debug] 21#0: *6 quic packet rx early len:282 server |
2025/04/30 10:05:06 [debug] 21#0: *6 quic packet rx dcid len:8 082c06179b217f39 server |
2025/04/30 10:05:06 [debug] 21#0: *6 quic packet rx scid len:8 dc04912e1cd53d3b server |
2025/04/30 10:05:06 [debug] 21#0: *6 quic packet rx clearflags:d3 server |
2025/04/30 10:05:06 [debug] 21#0: *6 quic packet rx number:26 len:4 server |
2025/04/30 10:05:06 [debug] 21#0: *6 quic packet len:307 via sock seq:-1 path seq:0 server |
2025/04/30 10:05:06 [debug] 21#0: *6 quic path seq:0 status tx:2948 rx:8859 valid:0 st:0 mtu:1200 server |
2025/04/30 10:05:06 [debug] 21#0: *6 quic frame rx early:26 STREAM id:0x60 len:257 fin:1 server |
2025/04/30 10:05:06 [debug] 21#0: *6 quic stream id:0x60 is missing server |
2025/04/30 10:05:06 [debug] 21#0: *6 quic stream id:0x60 create server |
2025/04/30 10:05:06 [debug] 21#0: *6 posix_memalign: 000055CC52A279E0:16384 @16 server |
2025/04/30 10:05:06 [debug] 21#0: *6 reusable connection: 0 server |
2025/04/30 10:05:06 [debug] 21#0: *31 add cleanup: 000055CC52A27AA0 server |
2025/04/30 10:05:06 [debug] 21#0: *31 post event 000055CC529F4AD0 server |
2025/04/30 10:05:06 [debug] 21#0: *6 quic stream id:0x60 flow control msd:257/65536 md:6425/8585216 server |
2025/04/30 10:05:06 [debug] 21#0: *6 malloc: 000055CC52A71260:4096 server |
2025/04/30 10:05:06 [debug] 21#0: *6 posix_memalign: 000055CC52A6DA60:512 @16 server |
2025/04/30 10:05:06 [debug] 21#0: *6 quic ngx_quic_ack_packet pn:26 largest 25 fr:13 nranges:1 server |
2025/04/30 10:05:06 [debug] 21#0: *6 post event 000055CC529DA248 server |
2025/04/30 10:05:06 [debug] 21#0: *6 quic packet done rc:0 level:early decr:1 pn:26 perr:0 server |
2025/04/30 10:05:06 [debug] 21#0: *6 event timer: 6, old: 471606, new: 471624 server |
2025/04/30 10:05:06 [debug] 21#0: *6 quic state: read:74982 pto:979 server |
2025/04/30 10:05:06 [debug] 21#0: timer delta: 0 server |
2025/04/30 10:05:06 [debug] 21#0: posted event 000055CC529F4AD0 server |
2025/04/30 10:05:06 [debug] 21#0: *31 delete posted event 000055CC529F4AD0 server |
2025/04/30 10:05:06 [debug] 21#0: *31 quic init stream server |
2025/04/30 10:05:06 [debug] 21#0: *31 http3 init request stream server |
2025/04/30 10:05:06 [debug] 21#0: *31 add cleanup: 000055CC52A27B10 server |
2025/04/30 10:05:06 [debug] 21#0: *6 event timer del: 6: 471624 server |
2025/04/30 10:05:06 [debug] 21#0: *31 http wait request handler server |
2025/04/30 10:05:06 [debug] 21#0: *6 quic stream id:0x60 recv buf:1024 server |
2025/04/30 10:05:06 [debug] 21#0: *31 quic stream id:0x60 recv len:257 server |
2025/04/30 10:05:06 [debug] 21#0: *6 quic stream id:0x60 flow update 257 server |
2025/04/30 10:05:06 [debug] 21#0: *31 reusable connection: 0 server |
2025/04/30 10:05:06 [debug] 21#0: *31 posix_memalign: 000055CC52A73280:4096 @16 server |
2025/04/30 10:05:06 [debug] 21#0: *31 http process request line server |
2025/04/30 10:05:06 [debug] 21#0: *31 http request line: "GET /ecyampkvcpbrptnjjhczwjwqhxddhkgyzjnkckimqhyulefwmfjwncrxoqxwahewsjcaqjsscifdfijdnxuwoirxtqdcfqoqtzmpqambhrexhuxktflqnflwwjwfecamextellyxakuckybrfndiofkqpbojxltugeuikgzeockgjtdbjvmphqlmaqxkuafwmvmazpivvuaoxskgwxrnzomxxpmwuvknfkztssabyebtsqwjistbovebuw" server |
2025/04/30 10:05:06 [debug] 21#0: *31 http uri: "/ecyampkvcpbrptnjjhczwjwqhxddhkgyzjnkckimqhyulefwmfjwncrxoqxwahewsjcaqjsscifdfijdnxuwoirxtqdcfqoqtzmpqambhrexhuxktflqnflwwjwfecamextellyxakuckybrfndiofkqpbojxltugeuikgzeockgjtdbjvmphqlmaqxkuafwmvmazpivvuaoxskgwxrnzomxxpmwuvknfkztssabyebtsqwjistbovebuw" server |
2025/04/30 10:05:06 [debug] 21#0: *31 http args: "" server |
2025/04/30 10:05:06 [debug] 21#0: *31 http exten: "" server |
2025/04/30 10:05:06 [debug] 21#0: *31 rewrite phase: 0 server |
2025/04/30 10:05:06 [debug] 21#0: *31 test location: "/" server |
2025/04/30 10:05:06 [debug] 21#0: *31 using configuration "/" server |
2025/04/30 10:05:06 [debug] 21#0: *31 http cl:-1 max:1048576 server |
2025/04/30 10:05:06 [debug] 21#0: *31 rewrite phase: 2 server |
2025/04/30 10:05:06 [debug] 21#0: *31 post rewrite phase: 3 server |
2025/04/30 10:05:06 [debug] 21#0: *31 generic phase: 4 server |
2025/04/30 10:05:06 [debug] 21#0: *31 generic phase: 5 server |
2025/04/30 10:05:06 [debug] 21#0: *31 access phase: 6 server |
2025/04/30 10:05:06 [debug] 21#0: *31 access phase: 7 server |
2025/04/30 10:05:06 [debug] 21#0: *31 post access phase: 8 server |
2025/04/30 10:05:06 [debug] 21#0: *31 generic phase: 9 server |
2025/04/30 10:05:06 [debug] 21#0: *31 generic phase: 10 server |
2025/04/30 10:05:06 [debug] 21#0: *31 content phase: 11 server |
2025/04/30 10:05:06 [debug] 21#0: *31 content phase: 12 server |
2025/04/30 10:05:06 [debug] 21#0: *31 content phase: 13 server |
2025/04/30 10:05:06 [debug] 21#0: *31 http filename: "/www/ecyampkvcpbrptnjjhczwjwqhxddhkgyzjnkckimqhyulefwmfjwncrxoqxwahewsjcaqjsscifdfijdnxuwoirxtqdcfqoqtzmpqambhrexhuxktflqnflwwjwfecamextellyxakuckybrfndiofkqpbojxltugeuikgzeockgjtdbjvmphqlmaqxkuafwmvmazpivvuaoxskgwxrnzomxxpmwuvknfkztssabyebtsqwjistbovebuw" server |
2025/04/30 10:05:06 [debug] 21#0: *31 add cleanup: 000055CC52A740A8 server |
2025/04/30 10:05:06 [debug] 21#0: *31 http static fd: 3 server |
2025/04/30 10:05:06 [debug] 21#0: *31 http set discard body server |
2025/04/30 10:05:06 [debug] 21#0: *31 http output filter "/ecyampkvcpbrptnjjhczwjwqhxddhkgyzjnkckimqhyulefwmfjwncrxoqxwahewsjcaqjsscifdfijdnxuwoirxtqdcfqoqtzmpqambhrexhuxktflqnflwwjwfecamextellyxakuckybrfndiofkqpbojxltugeuikgzeockgjtdbjvmphqlmaqxkuafwmvmazpivvuaoxskgwxrnzomxxpmwuvknfkztssabyebtsqwjistbovebuw?" server |
2025/04/30 10:05:06 [debug] 21#0: *31 http copy filter: "/ecyampkvcpbrptnjjhczwjwqhxddhkgyzjnkckimqhyulefwmfjwncrxoqxwahewsjcaqjsscifdfijdnxuwoirxtqdcfqoqtzmpqambhrexhuxktflqnflwwjwfecamextellyxakuckybrfndiofkqpbojxltugeuikgzeockgjtdbjvmphqlmaqxkuafwmvmazpivvuaoxskgwxrnzomxxpmwuvknfkztssabyebtsqwjistbovebuw?" server |
2025/04/30 10:05:06 [debug] 21#0: *31 posix_memalign: 000055CC52A74290:4096 @16 server |
2025/04/30 10:05:06 [debug] 21#0: *31 read: 3, 000055CC52A74250, 32, 0 server |
2025/04/30 10:05:06 [debug] 21#0: *31 http postpone filter "/ecyampkvcpbrptnjjhczwjwqhxddhkgyzjnkckimqhyulefwmfjwncrxoqxwahewsjcaqjsscifdfijdnxuwoirxtqdcfqoqtzmpqambhrexhuxktflqnflwwjwfecamextellyxakuckybrfndiofkqpbojxltugeuikgzeockgjtdbjvmphqlmaqxkuafwmvmazpivvuaoxskgwxrnzomxxpmwuvknfkztssabyebtsqwjistbovebuw?" 000055CC52A74240 server |
2025/04/30 10:05:06 [debug] 21#0: *31 write new buf t:1 f:0 000055CC52A74250, pos 000055CC52A74250, size: 32 file: 0, size: 0 server |
2025/04/30 10:05:06 [debug] 21#0: *31 http write filter: l:1 f:0 s:32 server |
2025/04/30 10:05:06 [debug] 21#0: *31 http write filter limit 2097152 server |
2025/04/30 10:05:06 [debug] 21#0: *6 malloc: 000055CC52A752A0:4096 server |
2025/04/30 10:05:06 [debug] 21#0: *31 quic send_chain sent:32 server |
2025/04/30 10:05:06 [debug] 21#0: *6 quic stream id:0x60 flush limit:1047808 server |
2025/04/30 10:05:06 [debug] 21#0: *6 update posted event 000055CC529DA248 server |
2025/04/30 10:05:06 [debug] 21#0: *6 quic stream id:0x60 flush len:32 last:0 server |
2025/04/30 10:05:06 [debug] 21#0: *31 http write filter 0000000000000000 server |
2025/04/30 10:05:06 [debug] 21#0: *31 http copy filter: 0 "/ecyampkvcpbrptnjjhczwjwqhxddhkgyzjnkckimqhyulefwmfjwncrxoqxwahewsjcaqjsscifdfijdnxuwoirxtqdcfqoqtzmpqambhrexhuxktflqnflwwjwfecamextellyxakuckybrfndiofkqpbojxltugeuikgzeockgjtdbjvmphqlmaqxkuafwmvmazpivvuaoxskgwxrnzomxxpmwuvknfkztssabyebtsqwjistbovebuw?" server |
2025/04/30 10:05:06 [debug] 21#0: *31 http finalize request: 0, "/ecyampkvcpbrptnjjhczwjwqhxddhkgyzjnkckimqhyulefwmfjwncrxoqxwahewsjcaqjsscifdfijdnxuwoirxtqdcfqoqtzmpqambhrexhuxktflqnflwwjwfecamextellyxakuckybrfndiofkqpbojxltugeuikgzeockgjtdbjvmphqlmaqxkuafwmvmazpivvuaoxskgwxrnzomxxpmwuvknfkztssabyebtsqwjistbovebuw?" a:1, c:1 server |
2025/04/30 10:05:06 [debug] 21#0: *31 http request count:1 blk:0 server |
2025/04/30 10:05:06 [debug] 21#0: *31 http close request server |
2025/04/30 10:05:06 [debug] 21#0: *31 http log handler server | 193.167.0.100 - - [30/Apr/2025:10:05:06 +0000] "GET /ecyampkvcpbrptnjjhczwjwqhxddhkgyzjnkckimqhyulefwmfjwncrxoqxwahewsjcaqjsscifdfijdnxuwoirxtqdcfqoqtzmpqambhrexhuxktflqnflwwjwfecamextellyxakuckybrfndiofkqpbojxltugeuikgzeockgjtdbjvmphqlmaqxkuafwmvmazpivvuaoxskgwxrnzomxxpmwuvknfkztssabyebtsqwjistbovebuw" 200 32 "-" "-" server |
2025/04/30 10:05:06 [debug] 21#0: *31 run cleanup: 000055CC52A740A8 server |
2025/04/30 10:05:06 [debug] 21#0: *31 file cleanup: fd:3 server |
2025/04/30 10:05:06 [debug] 21#0: *31 free: 000055CC52A73280, unused: 0 server |
2025/04/30 10:05:06 [debug] 21#0: *31 free: 000055CC52A74290, unused: 3501 server |
2025/04/30 10:05:06 [debug] 21#0: *31 close http connection: 6 server |
2025/04/30 10:05:06 [debug] 21#0: *31 reusable connection: 0 server |
2025/04/30 10:05:06 [debug] 21#0: *31 run cleanup: 000055CC52A27B10 server |
2025/04/30 10:05:06 [debug] 21#0: *6 event timer add: 6: 75000:471624 server |
2025/04/30 10:05:06 [debug] 21#0: *31 run cleanup: 000055CC52A27AA0 server |
2025/04/30 10:05:06 [debug] 21#0: *6 quic stream id:0x60 cleanup server |
2025/04/30 10:05:06 [debug] 21#0: *6 quic stream id:0x60 send shutdown server |
2025/04/30 10:05:06 [debug] 21#0: *6 quic stream id:0x60 flush limit:1047776 server |
2025/04/30 10:05:06 [debug] 21#0: *6 posix_memalign: 000055CC52A6DC70:512 @16 server |
2025/04/30 10:05:06 [debug] 21#0: *6 update posted event 000055CC529DA248 server |
2025/04/30 10:05:06 [debug] 21#0: *6 quic stream id:0x60 flush len:0 last:1 server |
2025/04/30 10:05:06 [debug] 21#0: *31 free: 000055CC52A279E0, unused: 14952 server |
2025/04/30 10:05:06 [debug] 21#0: posted event 000055CC529DA248 server |
2025/04/30 10:05:06 [debug] 21#0: *6 delete posted event 000055CC529DA248 server |
2025/04/30 10:05:06 [debug] 21#0: *6 quic push handler server |
2025/04/30 10:05:06 [debug] 21#0: *6 malloc: 000055CC52A73280:4096 server |
2025/04/30 10:05:06 [debug] 21#0: *6 quic output app packet max:1200 min:0 server |
2025/04/30 10:05:06 [debug] 21#0: *6 quic frame tx app:25 ACK n:1 delay:0 26-12 9-0 server |
2025/04/30 10:05:06 [debug] 21#0: *6 quic frame tx app:25 STREAM id:0x60 off:0 len:32 server |
2025/04/30 10:05:06 [debug] 21#0: *6 quic frame tx app:25 STREAM id:0x60 off:32 len:0 fin:1 server |
2025/04/30 10:05:06 [debug] 21#0: *6 quic packet tx app bytes:49 need_ack:1 number:25 encoded nl:1 trunc:0x19 server |
2025/04/30 10:05:06 [debug] 21#0: *6 sendmsg: 75 of 75 server |
2025/04/30 10:05:06 [debug] 21#0: *6 quic congestion send if:2948 server |
2025/04/30 10:05:06 [debug] 21#0: *6 quic congestion send if:2948 server |
2025/04/30 10:05:06 [debug] 21#0: *6 quic congestion send if:3023 server |
2025/04/30 10:05:06 [debug] 21#0: *6 event timer: 6, old: 471606, new: 471624 server |
2025/04/30 10:05:06 [debug] 21#0: *6 event timer del: 6: 397603 server |
2025/04/30 10:05:06 [debug] 21#0: *6 quic lost timer pto:979 server |
2025/04/30 10:05:06 [debug] 21#0: *6 event timer add: 6: 979:397603 server |
2025/04/30 10:05:06 [debug] 21#0: *6 quic state: send:74982 pto:979 server |
2025/04/30 10:05:06 [debug] 21#0: worker cycle server |
2025/04/30 10:05:06 [debug] 21#0: epoll timer: 979 server |
2025/04/30 10:05:06 [debug] 21#0: epoll: fd:6 ev:0001 d:00007F0E10F05108 server |
2025/04/30 10:05:06 [debug] 21#0: quic recvmsg on 0.0.0.0:443, ready: 0 server |
2025/04/30 10:05:06 [debug] 21#0: *6 quic recvmsg: fd:6 n:307 server |
2025/04/30 10:05:06 [debug] 21#0: *6 quic input handler server |
2025/04/30 10:05:06 [debug] 21#0: *6 quic packet rx long flags:db version:1 server |
2025/04/30 10:05:06 [debug] 21#0: *6 quic packet rx early len:282 server |
2025/04/30 10:05:06 [debug] 21#0: *6 quic packet rx dcid len:8 082c06179b217f39 server |
2025/04/30 10:05:06 [debug] 21#0: *6 quic packet rx scid len:8 dc04912e1cd53d3b server |
2025/04/30 10:05:06 [debug] 21#0: *6 quic packet rx clearflags:d3 server |
2025/04/30 10:05:06 [debug] 21#0: *6 quic packet rx number:27 len:4 server |
2025/04/30 10:05:06 [debug] 21#0: *6 quic packet len:307 via sock seq:-1 path seq:0 server |
2025/04/30 10:05:06 [debug] 21#0: *6 quic path seq:0 status tx:3023 rx:9166 valid:0 st:0 mtu:1200 server |
2025/04/30 10:05:06 [debug] 21#0: *6 quic frame rx early:27 STREAM id:0x64 len:257 fin:1 server |
2025/04/30 10:05:06 [debug] 21#0: *6 quic stream id:0x64 is missing server |
2025/04/30 10:05:06 [debug] 21#0: *6 quic stream id:0x64 create server |
2025/04/30 10:05:06 [debug] 21#0: *6 posix_memalign: 000055CC52A6DE80:512 @16 server |
2025/04/30 10:05:06 [debug] 21#0: *6 posix_memalign: 000055CC52A279E0:16384 @16 server |
2025/04/30 10:05:06 [debug] 21#0: *6 reusable connection: 0 server |
2025/04/30 10:05:06 [debug] 21#0: *32 add cleanup: 000055CC52A27AA0 server |
2025/04/30 10:05:06 [debug] 21#0: *32 post event 000055CC529F4AD0 server |
2025/04/30 10:05:06 [debug] 21#0: *6 quic stream id:0x64 flow control msd:257/65536 md:6682/8585216 server |
2025/04/30 10:05:06 [debug] 21#0: *6 malloc: 000055CC52A74290:4096 server |
2025/04/30 10:05:06 [debug] 21#0: *6 quic ngx_quic_ack_packet pn:27 largest 26 fr:14 nranges:1 server |
2025/04/30 10:05:06 [debug] 21#0: *6 post event 000055CC529DA248 server |
2025/04/30 10:05:06 [debug] 21#0: *6 quic packet done rc:0 level:early decr:1 pn:27 perr:0 server |
2025/04/30 10:05:06 [debug] 21#0: *6 event timer: 6, old: 471606, new: 471625 server |
2025/04/30 10:05:06 [debug] 21#0: *6 quic state: read:74981 pto:978 server |
2025/04/30 10:05:06 [debug] 21#0: timer delta: 1 server |
2025/04/30 10:05:06 [debug] 21#0: posted event 000055CC529F4AD0 server |
2025/04/30 10:05:06 [debug] 21#0: *32 delete posted event 000055CC529F4AD0 server |
2025/04/30 10:05:06 [debug] 21#0: *32 quic init stream server |
2025/04/30 10:05:06 [debug] 21#0: *32 http3 init request stream server |
2025/04/30 10:05:06 [debug] 21#0: *32 add cleanup: 000055CC52A27B10 server |
2025/04/30 10:05:06 [debug] 21#0: *6 event timer del: 6: 471624 server |
2025/04/30 10:05:06 [debug] 21#0: *32 http wait request handler server |
2025/04/30 10:05:06 [debug] 21#0: *6 quic stream id:0x64 recv buf:1024 server |
2025/04/30 10:05:06 [debug] 21#0: *32 quic stream id:0x64 recv len:257 server |
2025/04/30 10:05:06 [debug] 21#0: *6 quic stream id:0x64 flow update 257 server |
2025/04/30 10:05:06 [debug] 21#0: *32 reusable connection: 0 server |
2025/04/30 10:05:06 [debug] 21#0: *32 posix_memalign: 000055CC52A762B0:4096 @16 server |
2025/04/30 10:05:06 [debug] 21#0: *32 http process request line server |
2025/04/30 10:05:06 [debug] 21#0: *32 http request line: "GET /syxgjfghpbfnvoitbbptdpqjkmcljaocdiqfzcljoajaxvjoezdyvtzktpricrtsyamkodcrcnbhplslxnxkdxinlnfekoccbfoztvuvjoyyawcyrffzujcepzgvsefenehrngrncnsbsvspjsowcuxmocqttwfvexpsrogiqqxyjtabzcwpnxtpqkfcmuiixpgddxjppuborjmzsytabkxyjsypjacnqfflutrrkpoymabfrajoybsugq" server |
2025/04/30 10:05:06 [debug] 21#0: *32 http uri: "/syxgjfghpbfnvoitbbptdpqjkmcljaocdiqfzcljoajaxvjoezdyvtzktpricrtsyamkodcrcnbhplslxnxkdxinlnfekoccbfoztvuvjoyyawcyrffzujcepzgvsefenehrngrncnsbsvspjsowcuxmocqttwfvexpsrogiqqxyjtabzcwpnxtpqkfcmuiixpgddxjppuborjmzsytabkxyjsypjacnqfflutrrkpoymabfrajoybsugq" server |
2025/04/30 10:05:06 [debug] 21#0: *32 http args: "" server |
2025/04/30 10:05:06 [debug] 21#0: *32 http exten: "" server |
2025/04/30 10:05:06 [debug] 21#0: *32 rewrite phase: 0 server |
2025/04/30 10:05:06 [debug] 21#0: *32 test location: "/" server |
2025/04/30 10:05:06 [debug] 21#0: *32 using configuration "/" server |
2025/04/30 10:05:06 [debug] 21#0: *32 http cl:-1 max:1048576 server |
2025/04/30 10:05:06 [debug] 21#0: *32 rewrite phase: 2 server |
2025/04/30 10:05:06 [debug] 21#0: *32 post rewrite phase: 3 server |
2025/04/30 10:05:06 [debug] 21#0: *32 generic phase: 4 server |
2025/04/30 10:05:06 [debug] 21#0: *32 generic phase: 5 server |
2025/04/30 10:05:06 [debug] 21#0: *32 access phase: 6 server |
2025/04/30 10:05:06 [debug] 21#0: *32 access phase: 7 server |
2025/04/30 10:05:06 [debug] 21#0: *32 post access phase: 8 server |
2025/04/30 10:05:06 [debug] 21#0: *32 generic phase: 9 server |
2025/04/30 10:05:06 [debug] 21#0: *32 generic phase: 10 server |
2025/04/30 10:05:06 [debug] 21#0: *32 content phase: 11 server |
2025/04/30 10:05:06 [debug] 21#0: *32 content phase: 12 server |
2025/04/30 10:05:06 [debug] 21#0: *32 content phase: 13 server |
2025/04/30 10:05:06 [debug] 21#0: *32 http filename: "/www/syxgjfghpbfnvoitbbptdpqjkmcljaocdiqfzcljoajaxvjoezdyvtzktpricrtsyamkodcrcnbhplslxnxkdxinlnfekoccbfoztvuvjoyyawcyrffzujcepzgvsefenehrngrncnsbsvspjsowcuxmocqttwfvexpsrogiqqxyjtabzcwpnxtpqkfcmuiixpgddxjppuborjmzsytabkxyjsypjacnqfflutrrkpoymabfrajoybsugq" server |
2025/04/30 10:05:06 [debug] 21#0: *32 add cleanup: 000055CC52A770D8 server |
2025/04/30 10:05:06 [debug] 21#0: *32 http static fd: 3 server |
2025/04/30 10:05:06 [debug] 21#0: *32 http set discard body server |
2025/04/30 10:05:06 [debug] 21#0: *32 http output filter "/syxgjfghpbfnvoitbbptdpqjkmcljaocdiqfzcljoajaxvjoezdyvtzktpricrtsyamkodcrcnbhplslxnxkdxinlnfekoccbfoztvuvjoyyawcyrffzujcepzgvsefenehrngrncnsbsvspjsowcuxmocqttwfvexpsrogiqqxyjtabzcwpnxtpqkfcmuiixpgddxjppuborjmzsytabkxyjsypjacnqfflutrrkpoymabfrajoybsugq?" server |
2025/04/30 10:05:06 [debug] 21#0: *32 http copy filter: "/syxgjfghpbfnvoitbbptdpqjkmcljaocdiqfzcljoajaxvjoezdyvtzktpricrtsyamkodcrcnbhplslxnxkdxinlnfekoccbfoztvuvjoyyawcyrffzujcepzgvsefenehrngrncnsbsvspjsowcuxmocqttwfvexpsrogiqqxyjtabzcwpnxtpqkfcmuiixpgddxjppuborjmzsytabkxyjsypjacnqfflutrrkpoymabfrajoybsugq?" server |
2025/04/30 10:05:06 [debug] 21#0: *32 posix_memalign: 000055CC52A772C0:4096 @16 server |
2025/04/30 10:05:06 [debug] 21#0: *32 read: 3, 000055CC52A77280, 32, 0 server |
2025/04/30 10:05:06 [debug] 21#0: *32 http postpone filter "/syxgjfghpbfnvoitbbptdpqjkmcljaocdiqfzcljoajaxvjoezdyvtzktpricrtsyamkodcrcnbhplslxnxkdxinlnfekoccbfoztvuvjoyyawcyrffzujcepzgvsefenehrngrncnsbsvspjsowcuxmocqttwfvexpsrogiqqxyjtabzcwpnxtpqkfcmuiixpgddxjppuborjmzsytabkxyjsypjacnqfflutrrkpoymabfrajoybsugq?" 000055CC52A77270 server |
2025/04/30 10:05:06 [debug] 21#0: *32 write new buf t:1 f:0 000055CC52A77280, pos 000055CC52A77280, size: 32 file: 0, size: 0 server |
2025/04/30 10:05:06 [debug] 21#0: *32 http write filter: l:1 f:0 s:32 server |
2025/04/30 10:05:06 [debug] 21#0: *32 http write filter limit 2097152 server |
2025/04/30 10:05:06 [debug] 21#0: *6 malloc: 000055CC52A782D0:4096 server |
2025/04/30 10:05:06 [debug] 21#0: *32 quic send_chain sent:32 server |
2025/04/30 10:05:06 [debug] 21#0: *6 quic stream id:0x64 flush limit:1047776 server |
2025/04/30 10:05:06 [debug] 21#0: *6 posix_memalign: 000055CC52A792E0:512 @16 server |
2025/04/30 10:05:06 [debug] 21#0: *6 update posted event 000055CC529DA248 server |
2025/04/30 10:05:06 [debug] 21#0: *6 quic stream id:0x64 flush len:32 last:0 server |
2025/04/30 10:05:06 [debug] 21#0: *32 http write filter 0000000000000000 server |
2025/04/30 10:05:06 [debug] 21#0: *32 http copy filter: 0 "/syxgjfghpbfnvoitbbptdpqjkmcljaocdiqfzcljoajaxvjoezdyvtzktpricrtsyamkodcrcnbhplslxnxkdxinlnfekoccbfoztvuvjoyyawcyrffzujcepzgvsefenehrngrncnsbsvspjsowcuxmocqttwfvexpsrogiqqxyjtabzcwpnxtpqkfcmuiixpgddxjppuborjmzsytabkxyjsypjacnqfflutrrkpoymabfrajoybsugq?" server |
2025/04/30 10:05:06 [debug] 21#0: *32 http finalize request: 0, "/syxgjfghpbfnvoitbbptdpqjkmcljaocdiqfzcljoajaxvjoezdyvtzktpricrtsyamkodcrcnbhplslxnxkdxinlnfekoccbfoztvuvjoyyawcyrffzujcepzgvsefenehrngrncnsbsvspjsowcuxmocqttwfvexpsrogiqqxyjtabzcwpnxtpqkfcmuiixpgddxjppuborjmzsytabkxyjsypjacnqfflutrrkpoymabfrajoybsugq?" a:1, c:1 server |
2025/04/30 10:05:06 [debug] 21#0: *32 http request count:1 blk:0 server |
2025/04/30 10:05:06 [debug] 21#0: *32 http close request server |
2025/04/30 10:05:06 [debug] 21#0: *32 http log handler server | 193.167.0.100 - - [30/Apr/2025:10:05:06 +0000] "GET /syxgjfghpbfnvoitbbptdpqjkmcljaocdiqfzcljoajaxvjoezdyvtzktpricrtsyamkodcrcnbhplslxnxkdxinlnfekoccbfoztvuvjoyyawcyrffzujcepzgvsefenehrngrncnsbsvspjsowcuxmocqttwfvexpsrogiqqxyjtabzcwpnxtpqkfcmuiixpgddxjppuborjmzsytabkxyjsypjacnqfflutrrkpoymabfrajoybsugq" 200 32 "-" "-" server |
2025/04/30 10:05:06 [debug] 21#0: *32 run cleanup: 000055CC52A770D8 server |
2025/04/30 10:05:06 [debug] 21#0: *32 file cleanup: fd:3 server |
2025/04/30 10:05:06 [debug] 21#0: *32 free: 000055CC52A762B0, unused: 0 server |
2025/04/30 10:05:06 [debug] 21#0: *32 free: 000055CC52A772C0, unused: 3501 server |
2025/04/30 10:05:06 [debug] 21#0: *32 close http connection: 6 server |
2025/04/30 10:05:06 [debug] 21#0: *32 reusable connection: 0 server |
2025/04/30 10:05:06 [debug] 21#0: *32 run cleanup: 000055CC52A27B10 server |
2025/04/30 10:05:06 [debug] 21#0: *6 event timer add: 6: 75000:471625 server |
2025/04/30 10:05:06 [debug] 21#0: *32 run cleanup: 000055CC52A27AA0 server |
2025/04/30 10:05:06 [debug] 21#0: *6 quic stream id:0x64 cleanup server |
2025/04/30 10:05:06 [debug] 21#0: *6 quic stream id:0x64 send shutdown server |
2025/04/30 10:05:06 [debug] 21#0: *6 quic stream id:0x64 flush limit:1047744 server |
2025/04/30 10:05:06 [debug] 21#0: *6 update posted event 000055CC529DA248 server |
2025/04/30 10:05:06 [debug] 21#0: *6 quic stream id:0x64 flush len:0 last:1 server |
2025/04/30 10:05:06 [debug] 21#0: *32 free: 000055CC52A279E0, unused: 14952 server |
2025/04/30 10:05:06 [debug] 21#0: posted event 000055CC529DA248 server |
2025/04/30 10:05:06 [debug] 21#0: *6 delete posted event 000055CC529DA248 server |
2025/04/30 10:05:06 [debug] 21#0: *6 quic push handler server |
2025/04/30 10:05:06 [debug] 21#0: *6 posix_memalign: 000055CC52A762B0:512 @16 server |
2025/04/30 10:05:06 [debug] 21#0: *6 malloc: 000055CC52A764C0:4096 server |
2025/04/30 10:05:06 [debug] 21#0: *6 quic output app packet max:1200 min:0 server |
2025/04/30 10:05:06 [debug] 21#0: *6 quic frame tx app:26 ACK n:1 delay:0 27-12 9-0 server |
2025/04/30 10:05:06 [debug] 21#0: *6 quic frame tx app:26 STREAM id:0x64 off:0 len:32 server |
2025/04/30 10:05:06 [debug] 21#0: *6 quic frame tx app:26 STREAM id:0x64 off:32 len:0 fin:1 server |
2025/04/30 10:05:06 [debug] 21#0: *6 quic packet tx app bytes:49 need_ack:1 number:26 encoded nl:1 trunc:0x1a server |
2025/04/30 10:05:06 [debug] 21#0: *6 sendmsg: 75 of 75 server |
2025/04/30 10:05:06 [debug] 21#0: *6 quic congestion send if:3023 server |
2025/04/30 10:05:06 [debug] 21#0: *6 quic congestion send if:3023 server |
2025/04/30 10:05:06 [debug] 21#0: *6 quic congestion send if:3098 server |
2025/04/30 10:05:06 [debug] 21#0: *6 event timer: 6, old: 471606, new: 471625 server |
2025/04/30 10:05:06 [debug] 21#0: *6 event timer del: 6: 397603 server |
2025/04/30 10:05:06 [debug] 21#0: *6 quic lost timer pto:978 server |
2025/04/30 10:05:06 [debug] 21#0: *6 event timer add: 6: 978:397603 server |
2025/04/30 10:05:06 [debug] 21#0: *6 quic state: send:74981 pto:978 server |
2025/04/30 10:05:06 [debug] 21#0: worker cycle server |
2025/04/30 10:05:06 [debug] 21#0: epoll timer: 978 server |
2025/04/30 10:05:06 [debug] 21#0: epoll: fd:6 ev:0001 d:00007F0E10F05108 server |
2025/04/30 10:05:06 [debug] 21#0: quic recvmsg on 0.0.0.0:443, ready: 0 server |
2025/04/30 10:05:06 [debug] 21#0: *6 quic recvmsg: fd:6 n:307 server |
2025/04/30 10:05:06 [debug] 21#0: *6 quic input handler server |
2025/04/30 10:05:06 [debug] 21#0: *6 quic packet rx long flags:da version:1 server |
2025/04/30 10:05:06 [debug] 21#0: *6 quic packet rx early len:282 server |
2025/04/30 10:05:06 [debug] 21#0: *6 quic packet rx dcid len:8 082c06179b217f39 server |
2025/04/30 10:05:06 [debug] 21#0: *6 quic packet rx scid len:8 dc04912e1cd53d3b server |
2025/04/30 10:05:06 [debug] 21#0: *6 quic packet rx clearflags:d3 server |
2025/04/30 10:05:06 [debug] 21#0: *6 quic packet rx number:28 len:4 server |
2025/04/30 10:05:06 [debug] 21#0: *6 quic packet len:307 via sock seq:-1 path seq:0 server |
2025/04/30 10:05:06 [debug] 21#0: *6 quic path seq:0 status tx:3098 rx:9473 valid:0 st:0 mtu:1200 server |
2025/04/30 10:05:06 [debug] 21#0: *6 quic frame rx early:28 STREAM id:0x68 len:257 fin:1 server |
2025/04/30 10:05:06 [debug] 21#0: *6 quic stream id:0x68 is missing server |
2025/04/30 10:05:06 [debug] 21#0: *6 quic stream id:0x68 create server |
2025/04/30 10:05:06 [debug] 21#0: *6 posix_memalign: 000055CC52A279E0:16384 @16 server |
2025/04/30 10:05:06 [debug] 21#0: *6 reusable connection: 0 server |
2025/04/30 10:05:06 [debug] 21#0: *33 add cleanup: 000055CC52A27AA0 server |
2025/04/30 10:05:06 [debug] 21#0: *33 post event 000055CC529F4AD0 server |
2025/04/30 10:05:06 [debug] 21#0: *6 quic stream id:0x68 flow control msd:257/65536 md:6939/8585216 server |
2025/04/30 10:05:06 [debug] 21#0: *6 malloc: 000055CC52A794F0:4096 server |
2025/04/30 10:05:06 [debug] 21#0: *6 posix_memalign: 000055CC52A774D0:512 @16 server |
2025/04/30 10:05:06 [debug] 21#0: *6 quic ngx_quic_ack_packet pn:28 largest 27 fr:15 nranges:1 server |
2025/04/30 10:05:06 [debug] 21#0: *6 post event 000055CC529DA248 server |
2025/04/30 10:05:06 [debug] 21#0: *6 quic packet done rc:0 level:early decr:1 pn:28 perr:0 server |
2025/04/30 10:05:06 [debug] 21#0: *6 event timer: 6, old: 471606, new: 471626 server |
2025/04/30 10:05:06 [debug] 21#0: *6 quic state: read:74980 pto:977 server |
2025/04/30 10:05:06 [debug] 21#0: timer delta: 1 server |
2025/04/30 10:05:06 [debug] 21#0: posted event 000055CC529F4AD0 server |
2025/04/30 10:05:06 [debug] 21#0: *33 delete posted event 000055CC529F4AD0 server |
2025/04/30 10:05:06 [debug] 21#0: *33 quic init stream server |
2025/04/30 10:05:06 [debug] 21#0: *33 http3 init request stream server |
2025/04/30 10:05:06 [debug] 21#0: *33 add cleanup: 000055CC52A27B10 server |
2025/04/30 10:05:06 [debug] 21#0: *6 event timer del: 6: 471625 server |
2025/04/30 10:05:06 [debug] 21#0: *33 http wait request handler server |
2025/04/30 10:05:06 [debug] 21#0: *6 quic stream id:0x68 recv buf:1024 server |
2025/04/30 10:05:06 [debug] 21#0: *33 quic stream id:0x68 recv len:257 server |
2025/04/30 10:05:06 [debug] 21#0: *6 quic stream id:0x68 flow update 257 server |
2025/04/30 10:05:06 [debug] 21#0: *33 reusable connection: 0 server |
2025/04/30 10:05:06 [debug] 21#0: *33 posix_memalign: 000055CC52A7A500:4096 @16 server |
2025/04/30 10:05:06 [debug] 21#0: *33 http process request line server |
2025/04/30 10:05:06 [debug] 21#0: *33 http request line: "GET /luznftptbicrklhfwnvxyqdvittivcumrfptfxlaejdkenepjakcpdgwscsikbckddjnksiawtkluvrkpkuwuqanicdyunrcaglurqlznozjyjijgldveatwoglqdodkdsrxabrcxtiwjicilbcsnibkxnobysyenntcvwtdpeyqbtrucwodhqellyhnkjveijaltbvthundiarvhnmecpxzawtomdhmlnqdvgslwkiycoksewsjuznjqx" server |
2025/04/30 10:05:06 [debug] 21#0: *33 http uri: "/luznftptbicrklhfwnvxyqdvittivcumrfptfxlaejdkenepjakcpdgwscsikbckddjnksiawtkluvrkpkuwuqanicdyunrcaglurqlznozjyjijgldveatwoglqdodkdsrxabrcxtiwjicilbcsnibkxnobysyenntcvwtdpeyqbtrucwodhqellyhnkjveijaltbvthundiarvhnmecpxzawtomdhmlnqdvgslwkiycoksewsjuznjqx" server |
2025/04/30 10:05:06 [debug] 21#0: *33 http args: "" server |
2025/04/30 10:05:06 [debug] 21#0: *33 http exten: "" server |
2025/04/30 10:05:06 [debug] 21#0: *33 rewrite phase: 0 server |
2025/04/30 10:05:06 [debug] 21#0: *33 test location: "/" server |
2025/04/30 10:05:06 [debug] 21#0: *33 using configuration "/" server |
2025/04/30 10:05:06 [debug] 21#0: *33 http cl:-1 max:1048576 server |
2025/04/30 10:05:06 [debug] 21#0: *33 rewrite phase: 2 server |
2025/04/30 10:05:06 [debug] 21#0: *33 post rewrite phase: 3 server |
2025/04/30 10:05:06 [debug] 21#0: *33 generic phase: 4 server |
2025/04/30 10:05:06 [debug] 21#0: *33 generic phase: 5 server |
2025/04/30 10:05:06 [debug] 21#0: *33 access phase: 6 server |
2025/04/30 10:05:06 [debug] 21#0: *33 access phase: 7 server |
2025/04/30 10:05:06 [debug] 21#0: *33 post access phase: 8 server |
2025/04/30 10:05:06 [debug] 21#0: *33 generic phase: 9 server |
2025/04/30 10:05:06 [debug] 21#0: *33 generic phase: 10 server |
2025/04/30 10:05:06 [debug] 21#0: *33 content phase: 11 server |
2025/04/30 10:05:06 [debug] 21#0: *33 content phase: 12 server |
2025/04/30 10:05:06 [debug] 21#0: *33 content phase: 13 server |
2025/04/30 10:05:06 [debug] 21#0: *33 http filename: "/www/luznftptbicrklhfwnvxyqdvittivcumrfptfxlaejdkenepjakcpdgwscsikbckddjnksiawtkluvrkpkuwuqanicdyunrcaglurqlznozjyjijgldveatwoglqdodkdsrxabrcxtiwjicilbcsnibkxnobysyenntcvwtdpeyqbtrucwodhqellyhnkjveijaltbvthundiarvhnmecpxzawtomdhmlnqdvgslwkiycoksewsjuznjqx" server |
2025/04/30 10:05:06 [debug] 21#0: *33 add cleanup: 000055CC52A7B328 server |
2025/04/30 10:05:06 [debug] 21#0: *33 http static fd: 3 server |
2025/04/30 10:05:06 [debug] 21#0: *33 http set discard body server |
2025/04/30 10:05:06 [debug] 21#0: *33 http output filter "/luznftptbicrklhfwnvxyqdvittivcumrfptfxlaejdkenepjakcpdgwscsikbckddjnksiawtkluvrkpkuwuqanicdyunrcaglurqlznozjyjijgldveatwoglqdodkdsrxabrcxtiwjicilbcsnibkxnobysyenntcvwtdpeyqbtrucwodhqellyhnkjveijaltbvthundiarvhnmecpxzawtomdhmlnqdvgslwkiycoksewsjuznjqx?" server |
2025/04/30 10:05:06 [debug] 21#0: *33 http copy filter: "/luznftptbicrklhfwnvxyqdvittivcumrfptfxlaejdkenepjakcpdgwscsikbckddjnksiawtkluvrkpkuwuqanicdyunrcaglurqlznozjyjijgldveatwoglqdodkdsrxabrcxtiwjicilbcsnibkxnobysyenntcvwtdpeyqbtrucwodhqellyhnkjveijaltbvthundiarvhnmecpxzawtomdhmlnqdvgslwkiycoksewsjuznjqx?" server |
2025/04/30 10:05:06 [debug] 21#0: *33 posix_memalign: 000055CC52A7B510:4096 @16 server |
2025/04/30 10:05:06 [debug] 21#0: *33 read: 3, 000055CC52A7B4D0, 32, 0 server |
2025/04/30 10:05:06 [debug] 21#0: *33 http postpone filter "/luznftptbicrklhfwnvxyqdvittivcumrfptfxlaejdkenepjakcpdgwscsikbckddjnksiawtkluvrkpkuwuqanicdyunrcaglurqlznozjyjijgldveatwoglqdodkdsrxabrcxtiwjicilbcsnibkxnobysyenntcvwtdpeyqbtrucwodhqellyhnkjveijaltbvthundiarvhnmecpxzawtomdhmlnqdvgslwkiycoksewsjuznjqx?" 000055CC52A7B4C0 server |
2025/04/30 10:05:06 [debug] 21#0: *33 write new buf t:1 f:0 000055CC52A7B4D0, pos 000055CC52A7B4D0, size: 32 file: 0, size: 0 server |
2025/04/30 10:05:06 [debug] 21#0: *33 http write filter: l:1 f:0 s:32 server |
2025/04/30 10:05:06 [debug] 21#0: *33 http write filter limit 2097152 server |
2025/04/30 10:05:06 [debug] 21#0: *6 malloc: 000055CC52A7C520:4096 server |
2025/04/30 10:05:06 [debug] 21#0: *33 quic send_chain sent:32 server |
2025/04/30 10:05:06 [debug] 21#0: *6 quic stream id:0x68 flush limit:1047744 server |
2025/04/30 10:05:06 [debug] 21#0: *6 update posted event 000055CC529DA248 server |
2025/04/30 10:05:06 [debug] 21#0: *6 quic stream id:0x68 flush len:32 last:0 server |
2025/04/30 10:05:06 [debug] 21#0: *33 http write filter 0000000000000000 server |
2025/04/30 10:05:06 [debug] 21#0: *33 http copy filter: 0 "/luznftptbicrklhfwnvxyqdvittivcumrfptfxlaejdkenepjakcpdgwscsikbckddjnksiawtkluvrkpkuwuqanicdyunrcaglurqlznozjyjijgldveatwoglqdodkdsrxabrcxtiwjicilbcsnibkxnobysyenntcvwtdpeyqbtrucwodhqellyhnkjveijaltbvthundiarvhnmecpxzawtomdhmlnqdvgslwkiycoksewsjuznjqx?" server |
2025/04/30 10:05:06 [debug] 21#0: *33 http finalize request: 0, "/luznftptbicrklhfwnvxyqdvittivcumrfptfxlaejdkenepjakcpdgwscsikbckddjnksiawtkluvrkpkuwuqanicdyunrcaglurqlznozjyjijgldveatwoglqdodkdsrxabrcxtiwjicilbcsnibkxnobysyenntcvwtdpeyqbtrucwodhqellyhnkjveijaltbvthundiarvhnmecpxzawtomdhmlnqdvgslwkiycoksewsjuznjqx?" a:1, c:1 server |
2025/04/30 10:05:06 [debug] 21#0: *33 http request count:1 blk:0 server |
2025/04/30 10:05:06 [debug] 21#0: *33 http close request server |
2025/04/30 10:05:06 [debug] 21#0: *33 http log handler server | 193.167.0.100 - - [30/Apr/2025:10:05:06 +0000] "GET /luznftptbicrklhfwnvxyqdvittivcumrfptfxlaejdkenepjakcpdgwscsikbckddjnksiawtkluvrkpkuwuqanicdyunrcaglurqlznozjyjijgldveatwoglqdodkdsrxabrcxtiwjicilbcsnibkxnobysyenntcvwtdpeyqbtrucwodhqellyhnkjveijaltbvthundiarvhnmecpxzawtomdhmlnqdvgslwkiycoksewsjuznjqx" 200 32 "-" "-" server |
2025/04/30 10:05:06 [debug] 21#0: *33 run cleanup: 000055CC52A7B328 server |
2025/04/30 10:05:06 [debug] 21#0: *33 file cleanup: fd:3 server |
2025/04/30 10:05:06 [debug] 21#0: *33 free: 000055CC52A7A500, unused: 0 server |
2025/04/30 10:05:06 [debug] 21#0: *33 free: 000055CC52A7B510, unused: 3501 server |
2025/04/30 10:05:06 [debug] 21#0: *33 close http connection: 6 server |
2025/04/30 10:05:06 [debug] 21#0: *33 reusable connection: 0 server |
2025/04/30 10:05:06 [debug] 21#0: *33 run cleanup: 000055CC52A27B10 server |
2025/04/30 10:05:06 [debug] 21#0: *6 event timer add: 6: 75000:471626 server |
2025/04/30 10:05:06 [debug] 21#0: *33 run cleanup: 000055CC52A27AA0 server |
2025/04/30 10:05:06 [debug] 21#0: *6 quic stream id:0x68 cleanup server |
2025/04/30 10:05:06 [debug] 21#0: *6 quic stream id:0x68 send shutdown server |
2025/04/30 10:05:06 [debug] 21#0: *6 quic stream id:0x68 flush limit:1047712 server |
2025/04/30 10:05:06 [debug] 21#0: *6 posix_memalign: 000055CC52A776E0:512 @16 server |
2025/04/30 10:05:06 [debug] 21#0: *6 update posted event 000055CC529DA248 server |
2025/04/30 10:05:06 [debug] 21#0: *6 quic stream id:0x68 flush len:0 last:1 server |
2025/04/30 10:05:06 [debug] 21#0: *33 free: 000055CC52A279E0, unused: 14952 server |
2025/04/30 10:05:06 [debug] 21#0: posted event 000055CC529DA248 server |
2025/04/30 10:05:06 [debug] 21#0: *6 delete posted event 000055CC529DA248 server |
2025/04/30 10:05:06 [debug] 21#0: *6 quic push handler server |
2025/04/30 10:05:06 [debug] 21#0: *6 malloc: 000055CC52A7A500:4096 server |
2025/04/30 10:05:06 [debug] 21#0: *6 quic output app packet max:1200 min:0 server |
2025/04/30 10:05:06 [debug] 21#0: *6 quic frame tx app:27 ACK n:1 delay:0 28-12 9-0 server |
2025/04/30 10:05:06 [debug] 21#0: *6 quic frame tx app:27 STREAM id:0x68 off:0 len:32 server |
2025/04/30 10:05:06 [debug] 21#0: *6 quic frame tx app:27 STREAM id:0x68 off:32 len:0 fin:1 server |
2025/04/30 10:05:06 [debug] 21#0: *6 quic packet tx app bytes:49 need_ack:1 number:27 encoded nl:1 trunc:0x1b server |
2025/04/30 10:05:06 [debug] 21#0: *6 sendmsg: 75 of 75 server |
2025/04/30 10:05:06 [debug] 21#0: *6 quic congestion send if:3098 server |
2025/04/30 10:05:06 [debug] 21#0: *6 quic congestion send if:3098 server |
2025/04/30 10:05:06 [debug] 21#0: *6 quic congestion send if:3173 server |
2025/04/30 10:05:06 [debug] 21#0: *6 event timer: 6, old: 471606, new: 471626 server |
2025/04/30 10:05:06 [debug] 21#0: *6 event timer del: 6: 397603 server |
2025/04/30 10:05:06 [debug] 21#0: *6 quic lost timer pto:977 server |
2025/04/30 10:05:06 [debug] 21#0: *6 event timer add: 6: 977:397603 server |
2025/04/30 10:05:06 [debug] 21#0: *6 quic state: send:74980 pto:977 server |
2025/04/30 10:05:06 [debug] 21#0: worker cycle server |
2025/04/30 10:05:06 [debug] 21#0: epoll timer: 977 server |
2025/04/30 10:05:06 [debug] 21#0: epoll: fd:6 ev:0001 d:00007F0E10F05108 server |
2025/04/30 10:05:06 [debug] 21#0: quic recvmsg on 0.0.0.0:443, ready: 0 server |
2025/04/30 10:05:06 [debug] 21#0: *6 quic recvmsg: fd:6 n:307 server |
2025/04/30 10:05:06 [debug] 21#0: *6 quic input handler server |
2025/04/30 10:05:06 [debug] 21#0: *6 quic packet rx long flags:d6 version:1 server |
2025/04/30 10:05:06 [debug] 21#0: *6 quic packet rx early len:282 server |
2025/04/30 10:05:06 [debug] 21#0: *6 quic packet rx dcid len:8 082c06179b217f39 server |
2025/04/30 10:05:06 [debug] 21#0: *6 quic packet rx scid len:8 dc04912e1cd53d3b server |
2025/04/30 10:05:06 [debug] 21#0: *6 quic packet rx clearflags:d3 server |
2025/04/30 10:05:06 [debug] 21#0: *6 quic packet rx number:29 len:4 server |
2025/04/30 10:05:06 [debug] 21#0: *6 quic packet len:307 via sock seq:-1 path seq:0 server |
2025/04/30 10:05:06 [debug] 21#0: *6 quic path seq:0 status tx:3173 rx:9780 valid:0 st:0 mtu:1200 server |
2025/04/30 10:05:06 [debug] 21#0: *6 quic frame rx early:29 STREAM id:0x6c len:257 fin:1 server |
2025/04/30 10:05:06 [debug] 21#0: *6 quic stream id:0x6c is missing server |
2025/04/30 10:05:06 [debug] 21#0: *6 quic stream id:0x6c create server |
2025/04/30 10:05:06 [debug] 21#0: *6 posix_memalign: 000055CC52A778F0:512 @16 server |
2025/04/30 10:05:06 [debug] 21#0: *6 posix_memalign: 000055CC52A279E0:16384 @16 server |
2025/04/30 10:05:06 [debug] 21#0: *6 reusable connection: 0 server |
2025/04/30 10:05:06 [debug] 21#0: *34 add cleanup: 000055CC52A27AA0 server |
2025/04/30 10:05:06 [debug] 21#0: *34 post event 000055CC529F4AD0 server |
2025/04/30 10:05:06 [debug] 21#0: *6 quic stream id:0x6c flow control msd:257/65536 md:7196/8585216 server |
2025/04/30 10:05:06 [debug] 21#0: *6 malloc: 000055CC52A7B510:4096 server |
2025/04/30 10:05:06 [debug] 21#0: *6 quic ngx_quic_ack_packet pn:29 largest 28 fr:16 nranges:1 server |
2025/04/30 10:05:06 [debug] 21#0: *6 post event 000055CC529DA248 server |
2025/04/30 10:05:06 [debug] 21#0: *6 quic packet done rc:0 level:early decr:1 pn:29 perr:0 server |
2025/04/30 10:05:06 [debug] 21#0: *6 event timer: 6, old: 471606, new: 471627 server |
2025/04/30 10:05:06 [debug] 21#0: *6 quic state: read:74979 pto:976 server |
2025/04/30 10:05:06 [debug] 21#0: timer delta: 1 server |
2025/04/30 10:05:06 [debug] 21#0: posted event 000055CC529F4AD0 server |
2025/04/30 10:05:06 [debug] 21#0: *34 delete posted event 000055CC529F4AD0 server |
2025/04/30 10:05:06 [debug] 21#0: *34 quic init stream server |
2025/04/30 10:05:06 [debug] 21#0: *34 http3 init request stream server |
2025/04/30 10:05:06 [debug] 21#0: *34 add cleanup: 000055CC52A27B10 server |
2025/04/30 10:05:06 [debug] 21#0: *6 event timer del: 6: 471626 server |
2025/04/30 10:05:06 [debug] 21#0: *34 http wait request handler server |
2025/04/30 10:05:06 [debug] 21#0: *6 quic stream id:0x6c recv buf:1024 server |
2025/04/30 10:05:06 [debug] 21#0: *34 quic stream id:0x6c recv len:257 server |
2025/04/30 10:05:06 [debug] 21#0: *6 quic stream id:0x6c flow update 257 server |
2025/04/30 10:05:06 [debug] 21#0: *34 reusable connection: 0 server |
2025/04/30 10:05:06 [debug] 21#0: *34 posix_memalign: 000055CC52A7D530:4096 @16 server |
2025/04/30 10:05:06 [debug] 21#0: *34 http process request line server |
2025/04/30 10:05:06 [debug] 21#0: *34 http request line: "GET /ykfulhbmjgeudpmwzpilmwuwrjvdwggdmhhvewokffcvqqvtcgkjeronlqytutjjwrspubvkozugjtrglijibwmrdqdoduznktsrbwetfsrehnqcxklyurvnwsaiyilpyhjnahllpchigszigzrgyepmdaowtukwrvvoptnfqfuynwfehajklmxfdzgapmmxzbttuwrfoxwaaqrdfzzkqazqzqycfoxifiubrygqrlgpprnsopibbdfviy" server |
2025/04/30 10:05:06 [debug] 21#0: *34 http uri: "/ykfulhbmjgeudpmwzpilmwuwrjvdwggdmhhvewokffcvqqvtcgkjeronlqytutjjwrspubvkozugjtrglijibwmrdqdoduznktsrbwetfsrehnqcxklyurvnwsaiyilpyhjnahllpchigszigzrgyepmdaowtukwrvvoptnfqfuynwfehajklmxfdzgapmmxzbttuwrfoxwaaqrdfzzkqazqzqycfoxifiubrygqrlgpprnsopibbdfviy" server |
2025/04/30 10:05:06 [debug] 21#0: *34 http args: "" server |
2025/04/30 10:05:06 [debug] 21#0: *34 http exten: "" server |
2025/04/30 10:05:06 [debug] 21#0: *34 rewrite phase: 0 server |
2025/04/30 10:05:06 [debug] 21#0: *34 test location: "/" server |
2025/04/30 10:05:06 [debug] 21#0: *34 using configuration "/" server |
2025/04/30 10:05:06 [debug] 21#0: *34 http cl:-1 max:1048576 server |
2025/04/30 10:05:06 [debug] 21#0: *34 rewrite phase: 2 server |
2025/04/30 10:05:06 [debug] 21#0: *34 post rewrite phase: 3 server |
2025/04/30 10:05:06 [debug] 21#0: *34 generic phase: 4 server |
2025/04/30 10:05:06 [debug] 21#0: *34 generic phase: 5 server |
2025/04/30 10:05:06 [debug] 21#0: *34 access phase: 6 server |
2025/04/30 10:05:06 [debug] 21#0: *34 access phase: 7 server |
2025/04/30 10:05:06 [debug] 21#0: *34 post access phase: 8 server |
2025/04/30 10:05:06 [debug] 21#0: *34 generic phase: 9 server |
2025/04/30 10:05:06 [debug] 21#0: *34 generic phase: 10 server |
2025/04/30 10:05:06 [debug] 21#0: *34 content phase: 11 server |
2025/04/30 10:05:06 [debug] 21#0: *34 content phase: 12 server |
2025/04/30 10:05:06 [debug] 21#0: *34 content phase: 13 server |
2025/04/30 10:05:06 [debug] 21#0: *34 http filename: "/www/ykfulhbmjgeudpmwzpilmwuwrjvdwggdmhhvewokffcvqqvtcgkjeronlqytutjjwrspubvkozugjtrglijibwmrdqdoduznktsrbwetfsrehnqcxklyurvnwsaiyilpyhjnahllpchigszigzrgyepmdaowtukwrvvoptnfqfuynwfehajklmxfdzgapmmxzbttuwrfoxwaaqrdfzzkqazqzqycfoxifiubrygqrlgpprnsopibbdfviy" server |
2025/04/30 10:05:06 [debug] 21#0: *34 add cleanup: 000055CC52A7E358 server |
