2025/04/30 10:05:06 [debug] 21#0: posted event 000055CC529F4AD0 server |
2025/04/30 10:05:06 [debug] 21#0: *41 delete posted event 000055CC529F4AD0 server |
2025/04/30 10:05:06 [debug] 21#0: *41 quic init stream server |
2025/04/30 10:05:06 [debug] 21#0: *41 http3 init request stream server |
2025/04/30 10:05:06 [debug] 21#0: *41 add cleanup: 000055CC52A87700 server |
2025/04/30 10:05:06 [debug] 21#0: *6 event timer del: 6: 471648 server |
2025/04/30 10:05:06 [debug] 21#0: *41 http wait request handler server |
2025/04/30 10:05:06 [debug] 21#0: *6 quic stream id:0x88 recv buf:1024 server |
2025/04/30 10:05:06 [debug] 21#0: *41 quic stream id:0x88 recv len:257 server |
2025/04/30 10:05:06 [debug] 21#0: *6 quic stream id:0x88 flow update 257 server |
2025/04/30 10:05:06 [debug] 21#0: *41 reusable connection: 0 server |
2025/04/30 10:05:06 [debug] 21#0: *41 posix_memalign: 000055CC52A93660:4096 @16 server |
2025/04/30 10:05:06 [debug] 21#0: *41 http process request line server |
2025/04/30 10:05:06 [debug] 21#0: *41 http request line: "GET /gyerqverlybrtfpeyrgocwipoyvagcquxuzrwkqrnyodeppbpcgzutswdthzvozektlgdtszwkjnlmemedypjmrvnpvqehyoxwnswcvfovkoaqinvdjjxpzrdgmajkusyckzrumhadlgdvpyvbmfrzthntuqbnmyiwmdcsyzwcjjqlnccpvxigezgbrsyjxbtswerdzjjtawergdupjlmwxsivhhdxdkdqwbcobvcqgpygymomilmgsxlh" server |
2025/04/30 10:05:06 [debug] 21#0: *41 http uri: "/gyerqverlybrtfpeyrgocwipoyvagcquxuzrwkqrnyodeppbpcgzutswdthzvozektlgdtszwkjnlmemedypjmrvnpvqehyoxwnswcvfovkoaqinvdjjxpzrdgmajkusyckzrumhadlgdvpyvbmfrzthntuqbnmyiwmdcsyzwcjjqlnccpvxigezgbrsyjxbtswerdzjjtawergdupjlmwxsivhhdxdkdqwbcobvcqgpygymomilmgsxlh" server |
2025/04/30 10:05:06 [debug] 21#0: *41 http args: "" server |
2025/04/30 10:05:06 [debug] 21#0: *41 http exten: "" server |
2025/04/30 10:05:06 [debug] 21#0: *41 rewrite phase: 0 server |
2025/04/30 10:05:06 [debug] 21#0: *41 test location: "/" server |
2025/04/30 10:05:06 [debug] 21#0: *41 using configuration "/" server |
2025/04/30 10:05:06 [debug] 21#0: *41 http cl:-1 max:1048576 server |
2025/04/30 10:05:06 [debug] 21#0: *41 rewrite phase: 2 server |
2025/04/30 10:05:06 [debug] 21#0: *41 post rewrite phase: 3 server |
2025/04/30 10:05:06 [debug] 21#0: *41 generic phase: 4 server |
2025/04/30 10:05:06 [debug] 21#0: *41 generic phase: 5 server |
2025/04/30 10:05:06 [debug] 21#0: *41 access phase: 6 server |
2025/04/30 10:05:06 [debug] 21#0: *41 access phase: 7 server |
2025/04/30 10:05:06 [debug] 21#0: *41 post access phase: 8 server |
2025/04/30 10:05:06 [debug] 21#0: *41 generic phase: 9 server |
2025/04/30 10:05:06 [debug] 21#0: *41 generic phase: 10 server |
2025/04/30 10:05:06 [debug] 21#0: *41 content phase: 11 server |
2025/04/30 10:05:06 [debug] 21#0: *41 content phase: 12 server |
2025/04/30 10:05:06 [debug] 21#0: *41 content phase: 13 server |
2025/04/30 10:05:06 [debug] 21#0: *41 http filename: "/www/gyerqverlybrtfpeyrgocwipoyvagcquxuzrwkqrnyodeppbpcgzutswdthzvozektlgdtszwkjnlmemedypjmrvnpvqehyoxwnswcvfovkoaqinvdjjxpzrdgmajkusyckzrumhadlgdvpyvbmfrzthntuqbnmyiwmdcsyzwcjjqlnccpvxigezgbrsyjxbtswerdzjjtawergdupjlmwxsivhhdxdkdqwbcobvcqgpygymomilmgsxlh" server |
2025/04/30 10:05:06 [debug] 21#0: *41 add cleanup: 000055CC52A94488 server |
2025/04/30 10:05:06 [debug] 21#0: *41 http static fd: 3 server |
2025/04/30 10:05:06 [debug] 21#0: *41 http set discard body server |
2025/04/30 10:05:06 [debug] 21#0: *41 http output filter "/gyerqverlybrtfpeyrgocwipoyvagcquxuzrwkqrnyodeppbpcgzutswdthzvozektlgdtszwkjnlmemedypjmrvnpvqehyoxwnswcvfovkoaqinvdjjxpzrdgmajkusyckzrumhadlgdvpyvbmfrzthntuqbnmyiwmdcsyzwcjjqlnccpvxigezgbrsyjxbtswerdzjjtawergdupjlmwxsivhhdxdkdqwbcobvcqgpygymomilmgsxlh?" server |
2025/04/30 10:05:06 [debug] 21#0: *41 http copy filter: "/gyerqverlybrtfpeyrgocwipoyvagcquxuzrwkqrnyodeppbpcgzutswdthzvozektlgdtszwkjnlmemedypjmrvnpvqehyoxwnswcvfovkoaqinvdjjxpzrdgmajkusyckzrumhadlgdvpyvbmfrzthntuqbnmyiwmdcsyzwcjjqlnccpvxigezgbrsyjxbtswerdzjjtawergdupjlmwxsivhhdxdkdqwbcobvcqgpygymomilmgsxlh?" server |
2025/04/30 10:05:06 [debug] 21#0: *41 posix_memalign: 000055CC52A94670:4096 @16 server |
2025/04/30 10:05:06 [debug] 21#0: *41 read: 3, 000055CC52A94630, 32, 0 server |
2025/04/30 10:05:06 [debug] 21#0: *41 http postpone filter "/gyerqverlybrtfpeyrgocwipoyvagcquxuzrwkqrnyodeppbpcgzutswdthzvozektlgdtszwkjnlmemedypjmrvnpvqehyoxwnswcvfovkoaqinvdjjxpzrdgmajkusyckzrumhadlgdvpyvbmfrzthntuqbnmyiwmdcsyzwcjjqlnccpvxigezgbrsyjxbtswerdzjjtawergdupjlmwxsivhhdxdkdqwbcobvcqgpygymomilmgsxlh?" 000055CC52A94620 server |
2025/04/30 10:05:06 [debug] 21#0: *41 write new buf t:1 f:0 000055CC52A94630, pos 000055CC52A94630, size: 32 file: 0, size: 0 server |
2025/04/30 10:05:06 [debug] 21#0: *41 http write filter: l:1 f:0 s:32 server |
2025/04/30 10:05:06 [debug] 21#0: *41 http write filter limit 2097152 server |
2025/04/30 10:05:06 [debug] 21#0: *6 malloc: 000055CC52A95680:4096 server |
2025/04/30 10:05:06 [debug] 21#0: *41 quic send_chain sent:32 server |
2025/04/30 10:05:06 [debug] 21#0: *6 quic stream id:0x88 flush limit:1047488 server |
2025/04/30 10:05:06 [debug] 21#0: *6 update posted event 000055CC529DA248 server |
2025/04/30 10:05:06 [debug] 21#0: *6 quic stream id:0x88 flush len:32 last:0 server |
2025/04/30 10:05:06 [debug] 21#0: *41 http write filter 0000000000000000 server |
2025/04/30 10:05:06 [debug] 21#0: *41 http copy filter: 0 "/gyerqverlybrtfpeyrgocwipoyvagcquxuzrwkqrnyodeppbpcgzutswdthzvozektlgdtszwkjnlmemedypjmrvnpvqehyoxwnswcvfovkoaqinvdjjxpzrdgmajkusyckzrumhadlgdvpyvbmfrzthntuqbnmyiwmdcsyzwcjjqlnccpvxigezgbrsyjxbtswerdzjjtawergdupjlmwxsivhhdxdkdqwbcobvcqgpygymomilmgsxlh?" server |
2025/04/30 10:05:06 [debug] 21#0: *41 http finalize request: 0, "/gyerqverlybrtfpeyrgocwipoyvagcquxuzrwkqrnyodeppbpcgzutswdthzvozektlgdtszwkjnlmemedypjmrvnpvqehyoxwnswcvfovkoaqinvdjjxpzrdgmajkusyckzrumhadlgdvpyvbmfrzthntuqbnmyiwmdcsyzwcjjqlnccpvxigezgbrsyjxbtswerdzjjtawergdupjlmwxsivhhdxdkdqwbcobvcqgpygymomilmgsxlh?" a:1, c:1 server |
2025/04/30 10:05:06 [debug] 21#0: *41 http request count:1 blk:0 server |
2025/04/30 10:05:06 [debug] 21#0: *41 http close request server |
2025/04/30 10:05:06 [debug] 21#0: *41 http log handler server | 193.167.0.100 - - [30/Apr/2025:10:05:06 +0000] "GET /gyerqverlybrtfpeyrgocwipoyvagcquxuzrwkqrnyodeppbpcgzutswdthzvozektlgdtszwkjnlmemedypjmrvnpvqehyoxwnswcvfovkoaqinvdjjxpzrdgmajkusyckzrumhadlgdvpyvbmfrzthntuqbnmyiwmdcsyzwcjjqlnccpvxigezgbrsyjxbtswerdzjjtawergdupjlmwxsivhhdxdkdqwbcobvcqgpygymomilmgsxlh" 200 32 "-" "-" server |
2025/04/30 10:05:06 [debug] 21#0: *41 run cleanup: 000055CC52A94488 server |
2025/04/30 10:05:06 [debug] 21#0: *41 file cleanup: fd:3 server |
2025/04/30 10:05:06 [debug] 21#0: *41 free: 000055CC52A93660, unused: 0 server |
2025/04/30 10:05:06 [debug] 21#0: *41 free: 000055CC52A94670, unused: 3501 server |
2025/04/30 10:05:06 [debug] 21#0: *41 close http connection: 6 server |
2025/04/30 10:05:06 [debug] 21#0: *41 reusable connection: 0 server |
2025/04/30 10:05:06 [debug] 21#0: *41 run cleanup: 000055CC52A87700 server |
2025/04/30 10:05:06 [debug] 21#0: *6 event timer add: 6: 75000:471649 server |
2025/04/30 10:05:06 [debug] 21#0: *41 run cleanup: 000055CC52A87690 server |
2025/04/30 10:05:06 [debug] 21#0: *6 quic stream id:0x88 cleanup server |
2025/04/30 10:05:06 [debug] 21#0: *6 quic stream id:0x88 send shutdown server |
2025/04/30 10:05:06 [debug] 21#0: *6 quic stream id:0x88 flush limit:1047456 server |
2025/04/30 10:05:06 [debug] 21#0: *6 posix_memalign: 000055CC52A2B040:512 @16 server |
2025/04/30 10:05:06 [debug] 21#0: *6 update posted event 000055CC529DA248 server |
2025/04/30 10:05:06 [debug] 21#0: *6 quic stream id:0x88 flush len:0 last:1 server |
2025/04/30 10:05:06 [debug] 21#0: *41 free: 000055CC52A875D0, unused: 14952 server |
2025/04/30 10:05:06 [debug] 21#0: posted event 000055CC529DA248 server |
2025/04/30 10:05:06 [debug] 21#0: *6 delete posted event 000055CC529DA248 server |
2025/04/30 10:05:06 [debug] 21#0: *6 quic push handler server |
2025/04/30 10:05:06 [debug] 21#0: *6 malloc: 000055CC52A93660:4096 server |
2025/04/30 10:05:06 [debug] 21#0: *6 quic output app packet max:1200 min:0 server |
2025/04/30 10:05:06 [debug] 21#0: *6 quic frame tx app:36 ACK n:1 delay:0 36-12 9-0 server |
2025/04/30 10:05:06 [debug] 21#0: *6 quic frame tx app:36 STREAM id:0x88 off:0 len:32 server |
2025/04/30 10:05:06 [debug] 21#0: *6 quic frame tx app:36 STREAM id:0x88 off:32 len:0 fin:1 server |
2025/04/30 10:05:06 [debug] 21#0: *6 quic packet tx app bytes:49 need_ack:1 number:36 encoded nl:1 trunc:0x24 server |
2025/04/30 10:05:06 [debug] 21#0: *6 sendmsg: 75 of 75 server |
2025/04/30 10:05:06 [debug] 21#0: *6 quic congestion send if:3585 server |
2025/04/30 10:05:06 [debug] 21#0: *6 quic congestion send if:3585 server |
2025/04/30 10:05:06 [debug] 21#0: *6 quic congestion send if:3660 server |
2025/04/30 10:05:06 [debug] 21#0: *6 event timer: 6, old: 471606, new: 471649 server |
2025/04/30 10:05:06 [debug] 21#0: *6 event timer del: 6: 397670 server |
2025/04/30 10:05:06 [debug] 21#0: *6 quic lost timer pto:1022 server |
2025/04/30 10:05:06 [debug] 21#0: *6 event timer add: 6: 1022:397671 server |
2025/04/30 10:05:06 [debug] 21#0: *6 quic state: send:74957 pto:1022 server |
2025/04/30 10:05:06 [debug] 21#0: worker cycle server |
2025/04/30 10:05:06 [debug] 21#0: epoll timer: 95 server |
2025/04/30 10:05:06 [debug] 21#0: epoll: fd:6 ev:0001 d:00007F0E10F05108 server |
2025/04/30 10:05:06 [debug] 21#0: quic recvmsg on 0.0.0.0:443, ready: 0 server |
2025/04/30 10:05:06 [debug] 21#0: *6 quic recvmsg: fd:6 n:303 server |
2025/04/30 10:05:06 [debug] 21#0: *6 quic input handler server |
2025/04/30 10:05:06 [debug] 21#0: *6 quic packet rx short flags:66 server |
2025/04/30 10:05:06 [debug] 21#0: *6 quic packet rx dcid len:20 00000000000030024ecd684e63baeee4c3d2f622 server |
2025/04/30 10:05:06 [debug] 21#0: *6 quic packet rx clearflags:63 server |
2025/04/30 10:05:06 [debug] 21#0: *6 quic packet rx number:37 len:4 server |
2025/04/30 10:05:06 [debug] 21#0: *6 quic packet len:303 via sock seq:0 path seq:0 server |
2025/04/30 10:05:06 [debug] 21#0: *6 quic path seq:0 status tx:4080 rx:12308 valid:1 st:2 mtu:1200 server |
2025/04/30 10:05:06 [debug] 21#0: *6 quic frame rx app:37 STREAM id:0x8c len:257 fin:1 server |
2025/04/30 10:05:06 [debug] 21#0: *6 quic stream id:0x8c is missing server |
2025/04/30 10:05:06 [debug] 21#0: *6 quic stream id:0x8c create server |
2025/04/30 10:05:06 [debug] 21#0: *6 posix_memalign: 000055CC52A2B250:512 @16 server |
2025/04/30 10:05:06 [debug] 21#0: *6 posix_memalign: 000055CC52A875D0:16384 @16 server |
2025/04/30 10:05:06 [debug] 21#0: *6 reusable connection: 0 server |
2025/04/30 10:05:06 [debug] 21#0: *42 add cleanup: 000055CC52A87690 server |
2025/04/30 10:05:06 [debug] 21#0: *42 post event 000055CC529F4AD0 server |
2025/04/30 10:05:06 [debug] 21#0: *6 quic stream id:0x8c flow control msd:257/65536 md:9252/8585216 server |
2025/04/30 10:05:06 [debug] 21#0: *6 malloc: 000055CC52A94670:4096 server |
2025/04/30 10:05:06 [debug] 21#0: *6 quic ngx_quic_ack_packet pn:37 largest 36 fr:24 nranges:1 server |
2025/04/30 10:05:06 [debug] 21#0: *6 post event 000055CC529DA248 server |
2025/04/30 10:05:06 [debug] 21#0: *6 quic packet done rc:0 level:app decr:1 pn:37 perr:0 server |
2025/04/30 10:05:06 [debug] 21#0: *6 event timer: 6, old: 471606, new: 471650 server |
2025/04/30 10:05:06 [debug] 21#0: *6 quic state: read:74956 pto:1021 server |
2025/04/30 10:05:06 [debug] 21#0: timer delta: 1 server |
2025/04/30 10:05:06 [debug] 21#0: posted event 000055CC529F4AD0 server |
2025/04/30 10:05:06 [debug] 21#0: *42 delete posted event 000055CC529F4AD0 server |
2025/04/30 10:05:06 [debug] 21#0: *42 quic init stream server |
2025/04/30 10:05:06 [debug] 21#0: *42 http3 init request stream server |
2025/04/30 10:05:06 [debug] 21#0: *42 add cleanup: 000055CC52A87700 server |
2025/04/30 10:05:06 [debug] 21#0: *6 event timer del: 6: 471649 server |
2025/04/30 10:05:06 [debug] 21#0: *42 http wait request handler server |
2025/04/30 10:05:06 [debug] 21#0: *6 quic stream id:0x8c recv buf:1024 server |
2025/04/30 10:05:06 [debug] 21#0: *42 quic stream id:0x8c recv len:257 server |
2025/04/30 10:05:06 [debug] 21#0: *6 quic stream id:0x8c flow update 257 server |
2025/04/30 10:05:06 [debug] 21#0: *42 reusable connection: 0 server |
2025/04/30 10:05:06 [debug] 21#0: *42 posix_memalign: 000055CC52A96690:4096 @16 server |
2025/04/30 10:05:06 [debug] 21#0: *42 http process request line server |
2025/04/30 10:05:06 [debug] 21#0: *42 http request line: "GET /qveefiutntppsjuuhgtcmgemnwsexhcxyubgldyavssgljvojoyrujqagikteaklaypepmqcyeazlsukabkszvdeefgetxbxzlidpiuqwkcrdsqhveeecmbybnfmtwtgbwwemrczvixwcoceefthmdyhxkyriogrjnzzgmkckzxtdqqxgfmaxfrqzdjtntpjfjipaeqmynxqiemazigdcnpmgqioemdmpteiobxldafypmloocjxgdcdnp" server |
2025/04/30 10:05:06 [debug] 21#0: *42 http uri: "/qveefiutntppsjuuhgtcmgemnwsexhcxyubgldyavssgljvojoyrujqagikteaklaypepmqcyeazlsukabkszvdeefgetxbxzlidpiuqwkcrdsqhveeecmbybnfmtwtgbwwemrczvixwcoceefthmdyhxkyriogrjnzzgmkckzxtdqqxgfmaxfrqzdjtntpjfjipaeqmynxqiemazigdcnpmgqioemdmpteiobxldafypmloocjxgdcdnp" server |
2025/04/30 10:05:06 [debug] 21#0: *42 http args: "" server |
2025/04/30 10:05:06 [debug] 21#0: *42 http exten: "" server |
2025/04/30 10:05:06 [debug] 21#0: *42 rewrite phase: 0 server |
2025/04/30 10:05:06 [debug] 21#0: *42 test location: "/" server |
2025/04/30 10:05:06 [debug] 21#0: *42 using configuration "/" server |
2025/04/30 10:05:06 [debug] 21#0: *42 http cl:-1 max:1048576 server |
2025/04/30 10:05:06 [debug] 21#0: *42 rewrite phase: 2 server |
2025/04/30 10:05:06 [debug] 21#0: *42 post rewrite phase: 3 server |
2025/04/30 10:05:06 [debug] 21#0: *42 generic phase: 4 server |
2025/04/30 10:05:06 [debug] 21#0: *42 generic phase: 5 server |
2025/04/30 10:05:06 [debug] 21#0: *42 access phase: 6 server |
2025/04/30 10:05:06 [debug] 21#0: *42 access phase: 7 server |
2025/04/30 10:05:06 [debug] 21#0: *42 post access phase: 8 server |
2025/04/30 10:05:06 [debug] 21#0: *42 generic phase: 9 server |
2025/04/30 10:05:06 [debug] 21#0: *42 generic phase: 10 server |
2025/04/30 10:05:06 [debug] 21#0: *42 content phase: 11 server |
2025/04/30 10:05:06 [debug] 21#0: *42 content phase: 12 server |
2025/04/30 10:05:06 [debug] 21#0: *42 content phase: 13 server |
2025/04/30 10:05:06 [debug] 21#0: *42 http filename: "/www/qveefiutntppsjuuhgtcmgemnwsexhcxyubgldyavssgljvojoyrujqagikteaklaypepmqcyeazlsukabkszvdeefgetxbxzlidpiuqwkcrdsqhveeecmbybnfmtwtgbwwemrczvixwcoceefthmdyhxkyriogrjnzzgmkckzxtdqqxgfmaxfrqzdjtntpjfjipaeqmynxqiemazigdcnpmgqioemdmpteiobxldafypmloocjxgdcdnp" server |
2025/04/30 10:05:06 [debug] 21#0: *42 add cleanup: 000055CC52A974B8 server |
2025/04/30 10:05:06 [debug] 21#0: *42 http static fd: 3 server |
2025/04/30 10:05:06 [debug] 21#0: *42 http set discard body server |
2025/04/30 10:05:06 [debug] 21#0: *42 http output filter "/qveefiutntppsjuuhgtcmgemnwsexhcxyubgldyavssgljvojoyrujqagikteaklaypepmqcyeazlsukabkszvdeefgetxbxzlidpiuqwkcrdsqhveeecmbybnfmtwtgbwwemrczvixwcoceefthmdyhxkyriogrjnzzgmkckzxtdqqxgfmaxfrqzdjtntpjfjipaeqmynxqiemazigdcnpmgqioemdmpteiobxldafypmloocjxgdcdnp?" server |
2025/04/30 10:05:06 [debug] 21#0: *42 http copy filter: "/qveefiutntppsjuuhgtcmgemnwsexhcxyubgldyavssgljvojoyrujqagikteaklaypepmqcyeazlsukabkszvdeefgetxbxzlidpiuqwkcrdsqhveeecmbybnfmtwtgbwwemrczvixwcoceefthmdyhxkyriogrjnzzgmkckzxtdqqxgfmaxfrqzdjtntpjfjipaeqmynxqiemazigdcnpmgqioemdmpteiobxldafypmloocjxgdcdnp?" server |
2025/04/30 10:05:06 [debug] 21#0: *42 posix_memalign: 000055CC52A976A0:4096 @16 server |
2025/04/30 10:05:06 [debug] 21#0: *42 read: 3, 000055CC52A97660, 32, 0 server |
2025/04/30 10:05:06 [debug] 21#0: *42 http postpone filter "/qveefiutntppsjuuhgtcmgemnwsexhcxyubgldyavssgljvojoyrujqagikteaklaypepmqcyeazlsukabkszvdeefgetxbxzlidpiuqwkcrdsqhveeecmbybnfmtwtgbwwemrczvixwcoceefthmdyhxkyriogrjnzzgmkckzxtdqqxgfmaxfrqzdjtntpjfjipaeqmynxqiemazigdcnpmgqioemdmpteiobxldafypmloocjxgdcdnp?" 000055CC52A97650 server |
2025/04/30 10:05:06 [debug] 21#0: *42 write new buf t:1 f:0 000055CC52A97660, pos 000055CC52A97660, size: 32 file: 0, size: 0 server |
2025/04/30 10:05:06 [debug] 21#0: *42 http write filter: l:1 f:0 s:32 server |
2025/04/30 10:05:06 [debug] 21#0: *42 http write filter limit 2097152 server |
2025/04/30 10:05:06 [debug] 21#0: *6 malloc: 000055CC52A986B0:4096 server |
2025/04/30 10:05:06 [debug] 21#0: *42 quic send_chain sent:32 server |
2025/04/30 10:05:06 [debug] 21#0: *6 quic stream id:0x8c flush limit:1047456 server |
2025/04/30 10:05:06 [debug] 21#0: *6 posix_memalign: 000055CC52A2B460:512 @16 server |
2025/04/30 10:05:06 [debug] 21#0: *6 update posted event 000055CC529DA248 server |
2025/04/30 10:05:06 [debug] 21#0: *6 quic stream id:0x8c flush len:32 last:0 server |
2025/04/30 10:05:06 [debug] 21#0: *42 http write filter 0000000000000000 server |
2025/04/30 10:05:06 [debug] 21#0: *42 http copy filter: 0 "/qveefiutntppsjuuhgtcmgemnwsexhcxyubgldyavssgljvojoyrujqagikteaklaypepmqcyeazlsukabkszvdeefgetxbxzlidpiuqwkcrdsqhveeecmbybnfmtwtgbwwemrczvixwcoceefthmdyhxkyriogrjnzzgmkckzxtdqqxgfmaxfrqzdjtntpjfjipaeqmynxqiemazigdcnpmgqioemdmpteiobxldafypmloocjxgdcdnp?" server |
2025/04/30 10:05:06 [debug] 21#0: *42 http finalize request: 0, "/qveefiutntppsjuuhgtcmgemnwsexhcxyubgldyavssgljvojoyrujqagikteaklaypepmqcyeazlsukabkszvdeefgetxbxzlidpiuqwkcrdsqhveeecmbybnfmtwtgbwwemrczvixwcoceefthmdyhxkyriogrjnzzgmkckzxtdqqxgfmaxfrqzdjtntpjfjipaeqmynxqiemazigdcnpmgqioemdmpteiobxldafypmloocjxgdcdnp?" a:1, c:1 server |
2025/04/30 10:05:06 [debug] 21#0: *42 http request count:1 blk:0 server |
2025/04/30 10:05:06 [debug] 21#0: *42 http close request server |
2025/04/30 10:05:06 [debug] 21#0: *42 http log handler server | 193.167.0.100 - - [30/Apr/2025:10:05:06 +0000] "GET /qveefiutntppsjuuhgtcmgemnwsexhcxyubgldyavssgljvojoyrujqagikteaklaypepmqcyeazlsukabkszvdeefgetxbxzlidpiuqwkcrdsqhveeecmbybnfmtwtgbwwemrczvixwcoceefthmdyhxkyriogrjnzzgmkckzxtdqqxgfmaxfrqzdjtntpjfjipaeqmynxqiemazigdcnpmgqioemdmpteiobxldafypmloocjxgdcdnp" 200 32 "-" "-" server |
2025/04/30 10:05:06 [debug] 21#0: *42 run cleanup: 000055CC52A974B8 server |
2025/04/30 10:05:06 [debug] 21#0: *42 file cleanup: fd:3 server |
2025/04/30 10:05:06 [debug] 21#0: *42 free: 000055CC52A96690, unused: 0 server |
2025/04/30 10:05:06 [debug] 21#0: *42 free: 000055CC52A976A0, unused: 3501 server |
2025/04/30 10:05:06 [debug] 21#0: *42 close http connection: 6 server |
2025/04/30 10:05:06 [debug] 21#0: *42 reusable connection: 0 server |
2025/04/30 10:05:06 [debug] 21#0: *42 run cleanup: 000055CC52A87700 server |
2025/04/30 10:05:06 [debug] 21#0: *6 event timer add: 6: 75000:471650 server |
2025/04/30 10:05:06 [debug] 21#0: *42 run cleanup: 000055CC52A87690 server |
2025/04/30 10:05:06 [debug] 21#0: *6 quic stream id:0x8c cleanup server |
2025/04/30 10:05:06 [debug] 21#0: *6 quic stream id:0x8c send shutdown server |
2025/04/30 10:05:06 [debug] 21#0: *6 quic stream id:0x8c flush limit:1047424 server |
2025/04/30 10:05:06 [debug] 21#0: *6 update posted event 000055CC529DA248 server |
2025/04/30 10:05:06 [debug] 21#0: *6 quic stream id:0x8c flush len:0 last:1 server |
2025/04/30 10:05:06 [debug] 21#0: *42 free: 000055CC52A875D0, unused: 14952 server |
2025/04/30 10:05:06 [debug] 21#0: posted event 000055CC529DA248 server |
2025/04/30 10:05:06 [debug] 21#0: *6 delete posted event 000055CC529DA248 server |
2025/04/30 10:05:06 [debug] 21#0: *6 quic push handler server |
2025/04/30 10:05:06 [debug] 21#0: *6 posix_memalign: 000055CC52A2B670:512 @16 server |
2025/04/30 10:05:06 [debug] 21#0: *6 malloc: 000055CC52A96690:4096 server |
2025/04/30 10:05:06 [debug] 21#0: *6 quic output app packet max:1200 min:0 server |
2025/04/30 10:05:06 [debug] 21#0: *6 quic frame tx app:37 ACK n:1 delay:0 37-12 9-0 server |
2025/04/30 10:05:06 [debug] 21#0: *6 quic frame tx app:37 STREAM id:0x8c off:0 len:32 server |
2025/04/30 10:05:06 [debug] 21#0: *6 quic frame tx app:37 STREAM id:0x8c off:32 len:0 fin:1 server |
2025/04/30 10:05:06 [debug] 21#0: *6 quic packet tx app bytes:49 need_ack:1 number:37 encoded nl:1 trunc:0x25 server |
2025/04/30 10:05:06 [debug] 21#0: *6 sendmsg: 75 of 75 server |
2025/04/30 10:05:06 [debug] 21#0: *6 quic congestion send if:3660 server |
2025/04/30 10:05:06 [debug] 21#0: *6 quic congestion send if:3660 server |
2025/04/30 10:05:06 [debug] 21#0: *6 quic congestion send if:3735 server |
2025/04/30 10:05:06 [debug] 21#0: *6 event timer: 6, old: 471606, new: 471650 server |
2025/04/30 10:05:06 [debug] 21#0: *6 event timer del: 6: 397671 server |
2025/04/30 10:05:06 [debug] 21#0: *6 quic lost timer pto:1022 server |
2025/04/30 10:05:06 [debug] 21#0: *6 event timer add: 6: 1022:397672 server |
2025/04/30 10:05:06 [debug] 21#0: *6 quic state: send:74956 pto:1022 server |
2025/04/30 10:05:06 [debug] 21#0: worker cycle server |
2025/04/30 10:05:06 [debug] 21#0: epoll timer: 94 server |
2025/04/30 10:05:06 [debug] 21#0: epoll: fd:6 ev:0001 d:00007F0E10F05108 server |
2025/04/30 10:05:06 [debug] 21#0: quic recvmsg on 0.0.0.0:443, ready: 0 server |
2025/04/30 10:05:06 [debug] 21#0: *6 quic recvmsg: fd:6 n:303 server |
2025/04/30 10:05:06 [debug] 21#0: *6 quic input handler server |
2025/04/30 10:05:06 [debug] 21#0: *6 quic packet rx short flags:68 server |
2025/04/30 10:05:06 [debug] 21#0: *6 quic packet rx dcid len:20 00000000000030024ecd684e63baeee4c3d2f622 server |
2025/04/30 10:05:06 [debug] 21#0: *6 quic packet rx clearflags:63 server |
2025/04/30 10:05:06 [debug] 21#0: *6 quic packet rx number:38 len:4 server |
2025/04/30 10:05:06 [debug] 21#0: *6 quic packet len:303 via sock seq:0 path seq:0 server |
2025/04/30 10:05:06 [debug] 21#0: *6 quic path seq:0 status tx:4155 rx:12611 valid:1 st:2 mtu:1200 server |
2025/04/30 10:05:06 [debug] 21#0: *6 quic frame rx app:38 STREAM id:0x90 len:257 fin:1 server |
2025/04/30 10:05:06 [debug] 21#0: *6 quic stream id:0x90 is missing server |
2025/04/30 10:05:06 [debug] 21#0: *6 quic stream id:0x90 create server |
2025/04/30 10:05:06 [debug] 21#0: *6 posix_memalign: 000055CC52A875D0:16384 @16 server |
2025/04/30 10:05:06 [debug] 21#0: *6 reusable connection: 0 server |
2025/04/30 10:05:06 [debug] 21#0: *43 add cleanup: 000055CC52A87690 server |
2025/04/30 10:05:06 [debug] 21#0: *43 post event 000055CC529F4AD0 server |
2025/04/30 10:05:06 [debug] 21#0: *6 quic stream id:0x90 flow control msd:257/65536 md:9509/8585216 server |
2025/04/30 10:05:06 [debug] 21#0: *6 malloc: 000055CC52A976A0:4096 server |
2025/04/30 10:05:06 [debug] 21#0: *6 posix_memalign: 000055CC52A996C0:512 @16 server |
2025/04/30 10:05:06 [debug] 21#0: *6 quic ngx_quic_ack_packet pn:38 largest 37 fr:25 nranges:1 server |
2025/04/30 10:05:06 [debug] 21#0: *6 post event 000055CC529DA248 server |
2025/04/30 10:05:06 [debug] 21#0: *6 quic packet done rc:0 level:app decr:1 pn:38 perr:0 server |
2025/04/30 10:05:06 [debug] 21#0: *6 event timer: 6, old: 471606, new: 471650 server |
2025/04/30 10:05:06 [debug] 21#0: *6 quic state: read:74956 pto:1022 server |
2025/04/30 10:05:06 [debug] 21#0: timer delta: 0 server |
2025/04/30 10:05:06 [debug] 21#0: posted event 000055CC529F4AD0 server |
2025/04/30 10:05:06 [debug] 21#0: *43 delete posted event 000055CC529F4AD0 server |
2025/04/30 10:05:06 [debug] 21#0: *43 quic init stream server |
2025/04/30 10:05:06 [debug] 21#0: *43 http3 init request stream server |
2025/04/30 10:05:06 [debug] 21#0: *43 add cleanup: 000055CC52A87700 server |
2025/04/30 10:05:06 [debug] 21#0: *6 event timer del: 6: 471650 server |
2025/04/30 10:05:06 [debug] 21#0: *43 http wait request handler server |
2025/04/30 10:05:06 [debug] 21#0: *6 quic stream id:0x90 recv buf:1024 server |
2025/04/30 10:05:06 [debug] 21#0: *43 quic stream id:0x90 recv len:257 server |
2025/04/30 10:05:06 [debug] 21#0: *6 quic stream id:0x90 flow update 257 server |
2025/04/30 10:05:06 [debug] 21#0: *43 reusable connection: 0 server |
2025/04/30 10:05:06 [debug] 21#0: *43 posix_memalign: 000055CC52A998D0:4096 @16 server |
2025/04/30 10:05:06 [debug] 21#0: *43 http process request line server |
2025/04/30 10:05:06 [debug] 21#0: *43 http request line: "GET /zwcahxnuijjgezlqudadmstwvhyfrfsbbgdmiekpajvmkeatqamtpmfnezwmuirftwlpmjkdgqcuywukdnyccmqyjyjdrlfrziyacvsglxeihnsqfdysnmllcxqcswcoivbnfburqdgchqeaxrzluedfvztxoobwkgpfiroerwoqpxkpznaxagvcqzawsrelhthjtsbufobjleiqmonujurmfpoyxlmbmfnvdfjhdyddjealvlemzdsrts" server |
2025/04/30 10:05:06 [debug] 21#0: *43 http uri: "/zwcahxnuijjgezlqudadmstwvhyfrfsbbgdmiekpajvmkeatqamtpmfnezwmuirftwlpmjkdgqcuywukdnyccmqyjyjdrlfrziyacvsglxeihnsqfdysnmllcxqcswcoivbnfburqdgchqeaxrzluedfvztxoobwkgpfiroerwoqpxkpznaxagvcqzawsrelhthjtsbufobjleiqmonujurmfpoyxlmbmfnvdfjhdyddjealvlemzdsrts" server |
2025/04/30 10:05:06 [debug] 21#0: *43 http args: "" server |
2025/04/30 10:05:06 [debug] 21#0: *43 http exten: "" server |
2025/04/30 10:05:06 [debug] 21#0: *43 rewrite phase: 0 server |
2025/04/30 10:05:06 [debug] 21#0: *43 test location: "/" server |
2025/04/30 10:05:06 [debug] 21#0: *43 using configuration "/" server |
2025/04/30 10:05:06 [debug] 21#0: *43 http cl:-1 max:1048576 server |
2025/04/30 10:05:06 [debug] 21#0: *43 rewrite phase: 2 server |
2025/04/30 10:05:06 [debug] 21#0: *43 post rewrite phase: 3 server |
2025/04/30 10:05:06 [debug] 21#0: *43 generic phase: 4 server |
2025/04/30 10:05:06 [debug] 21#0: *43 generic phase: 5 server |
2025/04/30 10:05:06 [debug] 21#0: *43 access phase: 6 server |
2025/04/30 10:05:06 [debug] 21#0: *43 access phase: 7 server |
2025/04/30 10:05:06 [debug] 21#0: *43 post access phase: 8 server |
2025/04/30 10:05:06 [debug] 21#0: *43 generic phase: 9 server |
2025/04/30 10:05:06 [debug] 21#0: *43 generic phase: 10 server |
2025/04/30 10:05:06 [debug] 21#0: *43 content phase: 11 server |
2025/04/30 10:05:06 [debug] 21#0: *43 content phase: 12 server |
2025/04/30 10:05:06 [debug] 21#0: *43 content phase: 13 server |
2025/04/30 10:05:06 [debug] 21#0: *43 http filename: "/www/zwcahxnuijjgezlqudadmstwvhyfrfsbbgdmiekpajvmkeatqamtpmfnezwmuirftwlpmjkdgqcuywukdnyccmqyjyjdrlfrziyacvsglxeihnsqfdysnmllcxqcswcoivbnfburqdgchqeaxrzluedfvztxoobwkgpfiroerwoqpxkpznaxagvcqzawsrelhthjtsbufobjleiqmonujurmfpoyxlmbmfnvdfjhdyddjealvlemzdsrts" server |
2025/04/30 10:05:06 [debug] 21#0: *43 add cleanup: 000055CC52A9A6F8 server |
2025/04/30 10:05:06 [debug] 21#0: *43 http static fd: 3 server |
2025/04/30 10:05:06 [debug] 21#0: *43 http set discard body server |
2025/04/30 10:05:06 [debug] 21#0: *43 http output filter "/zwcahxnuijjgezlqudadmstwvhyfrfsbbgdmiekpajvmkeatqamtpmfnezwmuirftwlpmjkdgqcuywukdnyccmqyjyjdrlfrziyacvsglxeihnsqfdysnmllcxqcswcoivbnfburqdgchqeaxrzluedfvztxoobwkgpfiroerwoqpxkpznaxagvcqzawsrelhthjtsbufobjleiqmonujurmfpoyxlmbmfnvdfjhdyddjealvlemzdsrts?" server |
2025/04/30 10:05:06 [debug] 21#0: *43 http copy filter: "/zwcahxnuijjgezlqudadmstwvhyfrfsbbgdmiekpajvmkeatqamtpmfnezwmuirftwlpmjkdgqcuywukdnyccmqyjyjdrlfrziyacvsglxeihnsqfdysnmllcxqcswcoivbnfburqdgchqeaxrzluedfvztxoobwkgpfiroerwoqpxkpznaxagvcqzawsrelhthjtsbufobjleiqmonujurmfpoyxlmbmfnvdfjhdyddjealvlemzdsrts?" server |
2025/04/30 10:05:06 [debug] 21#0: *43 posix_memalign: 000055CC52A9A8E0:4096 @16 server |
2025/04/30 10:05:06 [debug] 21#0: *43 read: 3, 000055CC52A9A8A0, 32, 0 server |
2025/04/30 10:05:06 [debug] 21#0: *43 http postpone filter "/zwcahxnuijjgezlqudadmstwvhyfrfsbbgdmiekpajvmkeatqamtpmfnezwmuirftwlpmjkdgqcuywukdnyccmqyjyjdrlfrziyacvsglxeihnsqfdysnmllcxqcswcoivbnfburqdgchqeaxrzluedfvztxoobwkgpfiroerwoqpxkpznaxagvcqzawsrelhthjtsbufobjleiqmonujurmfpoyxlmbmfnvdfjhdyddjealvlemzdsrts?" 000055CC52A9A890 server |
2025/04/30 10:05:06 [debug] 21#0: *43 write new buf t:1 f:0 000055CC52A9A8A0, pos 000055CC52A9A8A0, size: 32 file: 0, size: 0 server |
2025/04/30 10:05:06 [debug] 21#0: *43 http write filter: l:1 f:0 s:32 server |
2025/04/30 10:05:06 [debug] 21#0: *43 http write filter limit 2097152 server |
2025/04/30 10:05:06 [debug] 21#0: *6 malloc: 000055CC52A9B8F0:4096 server |
2025/04/30 10:05:06 [debug] 21#0: *43 quic send_chain sent:32 server |
2025/04/30 10:05:06 [debug] 21#0: *6 quic stream id:0x90 flush limit:1047424 server |
2025/04/30 10:05:06 [debug] 21#0: *6 update posted event 000055CC529DA248 server |
2025/04/30 10:05:06 [debug] 21#0: *6 quic stream id:0x90 flush len:32 last:0 server |
2025/04/30 10:05:06 [debug] 21#0: *43 http write filter 0000000000000000 server |
2025/04/30 10:05:06 [debug] 21#0: *43 http copy filter: 0 "/zwcahxnuijjgezlqudadmstwvhyfrfsbbgdmiekpajvmkeatqamtpmfnezwmuirftwlpmjkdgqcuywukdnyccmqyjyjdrlfrziyacvsglxeihnsqfdysnmllcxqcswcoivbnfburqdgchqeaxrzluedfvztxoobwkgpfiroerwoqpxkpznaxagvcqzawsrelhthjtsbufobjleiqmonujurmfpoyxlmbmfnvdfjhdyddjealvlemzdsrts?" server |
2025/04/30 10:05:06 [debug] 21#0: *43 http finalize request: 0, "/zwcahxnuijjgezlqudadmstwvhyfrfsbbgdmiekpajvmkeatqamtpmfnezwmuirftwlpmjkdgqcuywukdnyccmqyjyjdrlfrziyacvsglxeihnsqfdysnmllcxqcswcoivbnfburqdgchqeaxrzluedfvztxoobwkgpfiroerwoqpxkpznaxagvcqzawsrelhthjtsbufobjleiqmonujurmfpoyxlmbmfnvdfjhdyddjealvlemzdsrts?" a:1, c:1 server |
2025/04/30 10:05:06 [debug] 21#0: *43 http request count:1 blk:0 server |
2025/04/30 10:05:06 [debug] 21#0: *43 http close request server |
2025/04/30 10:05:06 [debug] 21#0: *43 http log handler server | 193.167.0.100 - - [30/Apr/2025:10:05:06 +0000] "GET /zwcahxnuijjgezlqudadmstwvhyfrfsbbgdmiekpajvmkeatqamtpmfnezwmuirftwlpmjkdgqcuywukdnyccmqyjyjdrlfrziyacvsglxeihnsqfdysnmllcxqcswcoivbnfburqdgchqeaxrzluedfvztxoobwkgpfiroerwoqpxkpznaxagvcqzawsrelhthjtsbufobjleiqmonujurmfpoyxlmbmfnvdfjhdyddjealvlemzdsrts" 200 32 "-" "-" server |
2025/04/30 10:05:06 [debug] 21#0: *43 run cleanup: 000055CC52A9A6F8 server |
2025/04/30 10:05:06 [debug] 21#0: *43 file cleanup: fd:3 server |
2025/04/30 10:05:06 [debug] 21#0: *43 free: 000055CC52A998D0, unused: 0 server |
2025/04/30 10:05:06 [debug] 21#0: *43 free: 000055CC52A9A8E0, unused: 3501 server |
2025/04/30 10:05:06 [debug] 21#0: *43 close http connection: 6 server |
2025/04/30 10:05:06 [debug] 21#0: *43 reusable connection: 0 server |
2025/04/30 10:05:06 [debug] 21#0: *43 run cleanup: 000055CC52A87700 server |
2025/04/30 10:05:06 [debug] 21#0: *6 event timer add: 6: 75000:471650 server |
2025/04/30 10:05:06 [debug] 21#0: *43 run cleanup: 000055CC52A87690 server |
2025/04/30 10:05:06 [debug] 21#0: *6 quic stream id:0x90 cleanup server |
2025/04/30 10:05:06 [debug] 21#0: *6 quic stream id:0x90 send shutdown server |
2025/04/30 10:05:06 [debug] 21#0: *6 quic stream id:0x90 flush limit:1047392 server |
2025/04/30 10:05:06 [debug] 21#0: *6 posix_memalign: 000055CC52A998D0:512 @16 server |
2025/04/30 10:05:06 [debug] 21#0: *6 update posted event 000055CC529DA248 server |
2025/04/30 10:05:06 [debug] 21#0: *6 quic stream id:0x90 flush len:0 last:1 server |
2025/04/30 10:05:06 [debug] 21#0: *43 free: 000055CC52A875D0, unused: 14952 server |
2025/04/30 10:05:06 [debug] 21#0: posted event 000055CC529DA248 server |
2025/04/30 10:05:06 [debug] 21#0: *6 delete posted event 000055CC529DA248 server |
2025/04/30 10:05:06 [debug] 21#0: *6 quic push handler server |
2025/04/30 10:05:06 [debug] 21#0: *6 malloc: 000055CC52A99AE0:4096 server |
2025/04/30 10:05:06 [debug] 21#0: *6 quic output app packet max:1200 min:0 server |
2025/04/30 10:05:06 [debug] 21#0: *6 quic frame tx app:38 ACK n:1 delay:0 38-12 9-0 server |
2025/04/30 10:05:06 [debug] 21#0: *6 quic frame tx app:38 STREAM id:0x90 off:0 len:32 server |
2025/04/30 10:05:06 [debug] 21#0: *6 quic frame tx app:38 STREAM id:0x90 off:32 len:0 fin:1 server |
2025/04/30 10:05:06 [debug] 21#0: *6 quic packet tx app bytes:49 need_ack:1 number:38 encoded nl:1 trunc:0x26 server |
2025/04/30 10:05:06 [debug] 21#0: *6 sendmsg: 75 of 75 server |
2025/04/30 10:05:06 [debug] 21#0: *6 quic congestion send if:3735 server |
2025/04/30 10:05:06 [debug] 21#0: *6 quic congestion send if:3735 server |
2025/04/30 10:05:06 [debug] 21#0: *6 quic congestion send if:3810 server |
2025/04/30 10:05:06 [debug] 21#0: *6 event timer: 6, old: 471606, new: 471650 server |
2025/04/30 10:05:06 [debug] 21#0: *6 event timer del: 6: 397672 server |
2025/04/30 10:05:06 [debug] 21#0: *6 quic lost timer pto:1022 server |
2025/04/30 10:05:06 [debug] 21#0: *6 event timer add: 6: 1022:397672 server |
2025/04/30 10:05:06 [debug] 21#0: *6 quic state: send:74956 pto:1022 server |
2025/04/30 10:05:06 [debug] 21#0: worker cycle server |
2025/04/30 10:05:06 [debug] 21#0: epoll timer: 94 server |
2025/04/30 10:05:06 [debug] 21#0: epoll: fd:6 ev:0001 d:00007F0E10F05108 server |
2025/04/30 10:05:06 [debug] 21#0: quic recvmsg on 0.0.0.0:443, ready: 0 server |
2025/04/30 10:05:06 [debug] 21#0: *6 quic recvmsg: fd:6 n:303 server |
2025/04/30 10:05:06 [debug] 21#0: *6 quic input handler server |
2025/04/30 10:05:06 [debug] 21#0: *6 quic packet rx short flags:7e server |
2025/04/30 10:05:06 [debug] 21#0: *6 quic packet rx dcid len:20 00000000000030024ecd684e63baeee4c3d2f622 server |
2025/04/30 10:05:06 [debug] 21#0: *6 quic packet rx clearflags:63 server |
2025/04/30 10:05:06 [debug] 21#0: *6 quic packet rx number:39 len:4 server |
2025/04/30 10:05:06 [debug] 21#0: *6 quic packet len:303 via sock seq:0 path seq:0 server |
2025/04/30 10:05:06 [debug] 21#0: *6 quic path seq:0 status tx:4230 rx:12914 valid:1 st:2 mtu:1200 server |
2025/04/30 10:05:06 [debug] 21#0: *6 quic frame rx app:39 STREAM id:0x94 len:257 fin:1 server |
2025/04/30 10:05:06 [debug] 21#0: *6 quic stream id:0x94 is missing server |
2025/04/30 10:05:06 [debug] 21#0: *6 quic stream id:0x94 create server |
2025/04/30 10:05:06 [debug] 21#0: *6 posix_memalign: 000055CC52A9AAF0:512 @16 server |
2025/04/30 10:05:06 [debug] 21#0: *6 posix_memalign: 000055CC52A875D0:16384 @16 server |
2025/04/30 10:05:06 [debug] 21#0: *6 reusable connection: 0 server |
2025/04/30 10:05:06 [debug] 21#0: *44 add cleanup: 000055CC52A87690 server |
2025/04/30 10:05:06 [debug] 21#0: *44 post event 000055CC529F4AD0 server |
2025/04/30 10:05:06 [debug] 21#0: *6 quic stream id:0x94 flow control msd:257/65536 md:9766/8585216 server |
2025/04/30 10:05:06 [debug] 21#0: *6 malloc: 000055CC52A9C900:4096 server |
2025/04/30 10:05:06 [debug] 21#0: *6 quic ngx_quic_ack_packet pn:39 largest 38 fr:26 nranges:1 server |
2025/04/30 10:05:06 [debug] 21#0: *6 post event 000055CC529DA248 server |
2025/04/30 10:05:06 [debug] 21#0: *6 quic packet done rc:0 level:app decr:1 pn:39 perr:0 server |
2025/04/30 10:05:06 [debug] 21#0: *6 event timer: 6, old: 471606, new: 471651 server |
2025/04/30 10:05:06 [debug] 21#0: *6 quic state: read:74955 pto:1021 server |
2025/04/30 10:05:06 [debug] 21#0: timer delta: 1 server |
2025/04/30 10:05:06 [debug] 21#0: posted event 000055CC529F4AD0 server |
2025/04/30 10:05:06 [debug] 21#0: *44 delete posted event 000055CC529F4AD0 server |
2025/04/30 10:05:06 [debug] 21#0: *44 quic init stream server |
2025/04/30 10:05:06 [debug] 21#0: *44 http3 init request stream server |
2025/04/30 10:05:06 [debug] 21#0: *44 add cleanup: 000055CC52A87700 server |
2025/04/30 10:05:06 [debug] 21#0: *6 event timer del: 6: 471650 server |
2025/04/30 10:05:06 [debug] 21#0: *44 http wait request handler server |
2025/04/30 10:05:06 [debug] 21#0: *6 quic stream id:0x94 recv buf:1024 server |
2025/04/30 10:05:06 [debug] 21#0: *44 quic stream id:0x94 recv len:257 server |
2025/04/30 10:05:06 [debug] 21#0: *6 quic stream id:0x94 flow update 257 server |
2025/04/30 10:05:06 [debug] 21#0: *44 reusable connection: 0 server |
2025/04/30 10:05:06 [debug] 21#0: *44 posix_memalign: 000055CC52A9D910:4096 @16 server |
2025/04/30 10:05:06 [debug] 21#0: *44 http process request line server |
2025/04/30 10:05:06 [debug] 21#0: *44 http request line: "GET /ahdhstwzmkieiywjlrufymmrtveszbyifqbjfyjrzuxnjhmxhgdtujdqduscnbxwpkeommntxhhpmqeoiusdiqgpvkrmmqmkenbgsmvvgamqzwmbijnddpsehfgwhfqaapxkeltehepmvjawkmjsuhvvfbuinsxwalpxbkkyhwphitttrpwtavfhtgqccsxoejmmclaqnwloluvudqnqzayybdrowbtaxwbtmaoiuvzmqfzdjfcndezmrf" server |
2025/04/30 10:05:06 [debug] 21#0: *44 http uri: "/ahdhstwzmkieiywjlrufymmrtveszbyifqbjfyjrzuxnjhmxhgdtujdqduscnbxwpkeommntxhhpmqeoiusdiqgpvkrmmqmkenbgsmvvgamqzwmbijnddpsehfgwhfqaapxkeltehepmvjawkmjsuhvvfbuinsxwalpxbkkyhwphitttrpwtavfhtgqccsxoejmmclaqnwloluvudqnqzayybdrowbtaxwbtmaoiuvzmqfzdjfcndezmrf" server |
2025/04/30 10:05:06 [debug] 21#0: *44 http args: "" server |
2025/04/30 10:05:06 [debug] 21#0: *44 http exten: "" server |
2025/04/30 10:05:06 [debug] 21#0: *44 rewrite phase: 0 server |
2025/04/30 10:05:06 [debug] 21#0: *44 test location: "/" server |
2025/04/30 10:05:06 [debug] 21#0: *44 using configuration "/" server |
2025/04/30 10:05:06 [debug] 21#0: *44 http cl:-1 max:1048576 server |
2025/04/30 10:05:06 [debug] 21#0: *44 rewrite phase: 2 server |
2025/04/30 10:05:06 [debug] 21#0: *44 post rewrite phase: 3 server |
2025/04/30 10:05:06 [debug] 21#0: *44 generic phase: 4 server |
2025/04/30 10:05:06 [debug] 21#0: *44 generic phase: 5 server |
2025/04/30 10:05:06 [debug] 21#0: *44 access phase: 6 server |
2025/04/30 10:05:06 [debug] 21#0: *44 access phase: 7 server |
2025/04/30 10:05:06 [debug] 21#0: *44 post access phase: 8 server |
2025/04/30 10:05:06 [debug] 21#0: *44 generic phase: 9 server |
2025/04/30 10:05:06 [debug] 21#0: *44 generic phase: 10 server |
2025/04/30 10:05:06 [debug] 21#0: *44 content phase: 11 server |
2025/04/30 10:05:06 [debug] 21#0: *44 content phase: 12 server |
2025/04/30 10:05:06 [debug] 21#0: *44 content phase: 13 server |
2025/04/30 10:05:06 [debug] 21#0: *44 http filename: "/www/ahdhstwzmkieiywjlrufymmrtveszbyifqbjfyjrzuxnjhmxhgdtujdqduscnbxwpkeommntxhhpmqeoiusdiqgpvkrmmqmkenbgsmvvgamqzwmbijnddpsehfgwhfqaapxkeltehepmvjawkmjsuhvvfbuinsxwalpxbkkyhwphitttrpwtavfhtgqccsxoejmmclaqnwloluvudqnqzayybdrowbtaxwbtmaoiuvzmqfzdjfcndezmrf" server |
2025/04/30 10:05:06 [debug] 21#0: *44 add cleanup: 000055CC52A9E738 server |
2025/04/30 10:05:06 [debug] 21#0: *44 http static fd: 3 server |
2025/04/30 10:05:06 [debug] 21#0: *44 http set discard body server |
2025/04/30 10:05:06 [debug] 21#0: *44 http output filter "/ahdhstwzmkieiywjlrufymmrtveszbyifqbjfyjrzuxnjhmxhgdtujdqduscnbxwpkeommntxhhpmqeoiusdiqgpvkrmmqmkenbgsmvvgamqzwmbijnddpsehfgwhfqaapxkeltehepmvjawkmjsuhvvfbuinsxwalpxbkkyhwphitttrpwtavfhtgqccsxoejmmclaqnwloluvudqnqzayybdrowbtaxwbtmaoiuvzmqfzdjfcndezmrf?" server |
2025/04/30 10:05:06 [debug] 21#0: *44 http copy filter: "/ahdhstwzmkieiywjlrufymmrtveszbyifqbjfyjrzuxnjhmxhgdtujdqduscnbxwpkeommntxhhpmqeoiusdiqgpvkrmmqmkenbgsmvvgamqzwmbijnddpsehfgwhfqaapxkeltehepmvjawkmjsuhvvfbuinsxwalpxbkkyhwphitttrpwtavfhtgqccsxoejmmclaqnwloluvudqnqzayybdrowbtaxwbtmaoiuvzmqfzdjfcndezmrf?" server |
2025/04/30 10:05:06 [debug] 21#0: *44 posix_memalign: 000055CC52A9E920:4096 @16 server |
2025/04/30 10:05:06 [debug] 21#0: *44 read: 3, 000055CC52A9E8E0, 32, 0 server |
2025/04/30 10:05:06 [debug] 21#0: *44 http postpone filter "/ahdhstwzmkieiywjlrufymmrtveszbyifqbjfyjrzuxnjhmxhgdtujdqduscnbxwpkeommntxhhpmqeoiusdiqgpvkrmmqmkenbgsmvvgamqzwmbijnddpsehfgwhfqaapxkeltehepmvjawkmjsuhvvfbuinsxwalpxbkkyhwphitttrpwtavfhtgqccsxoejmmclaqnwloluvudqnqzayybdrowbtaxwbtmaoiuvzmqfzdjfcndezmrf?" 000055CC52A9E8D0 server |
2025/04/30 10:05:06 [debug] 21#0: *44 write new buf t:1 f:0 000055CC52A9E8E0, pos 000055CC52A9E8E0, size: 32 file: 0, size: 0 server |
2025/04/30 10:05:06 [debug] 21#0: *44 http write filter: l:1 f:0 s:32 server |
2025/04/30 10:05:06 [debug] 21#0: *44 http write filter limit 2097152 server |
2025/04/30 10:05:06 [debug] 21#0: *6 malloc: 000055CC52A9F930:4096 server |
2025/04/30 10:05:06 [debug] 21#0: *44 quic send_chain sent:32 server |
2025/04/30 10:05:06 [debug] 21#0: *6 quic stream id:0x94 flush limit:1047392 server |
2025/04/30 10:05:06 [debug] 21#0: *6 posix_memalign: 000055CC52A9AD00:512 @16 server |
2025/04/30 10:05:06 [debug] 21#0: *6 update posted event 000055CC529DA248 server |
2025/04/30 10:05:06 [debug] 21#0: *6 quic stream id:0x94 flush len:32 last:0 server |
2025/04/30 10:05:06 [debug] 21#0: *44 http write filter 0000000000000000 server |
2025/04/30 10:05:06 [debug] 21#0: *44 http copy filter: 0 "/ahdhstwzmkieiywjlrufymmrtveszbyifqbjfyjrzuxnjhmxhgdtujdqduscnbxwpkeommntxhhpmqeoiusdiqgpvkrmmqmkenbgsmvvgamqzwmbijnddpsehfgwhfqaapxkeltehepmvjawkmjsuhvvfbuinsxwalpxbkkyhwphitttrpwtavfhtgqccsxoejmmclaqnwloluvudqnqzayybdrowbtaxwbtmaoiuvzmqfzdjfcndezmrf?" server |
2025/04/30 10:05:06 [debug] 21#0: *44 http finalize request: 0, "/ahdhstwzmkieiywjlrufymmrtveszbyifqbjfyjrzuxnjhmxhgdtujdqduscnbxwpkeommntxhhpmqeoiusdiqgpvkrmmqmkenbgsmvvgamqzwmbijnddpsehfgwhfqaapxkeltehepmvjawkmjsuhvvfbuinsxwalpxbkkyhwphitttrpwtavfhtgqccsxoejmmclaqnwloluvudqnqzayybdrowbtaxwbtmaoiuvzmqfzdjfcndezmrf?" a:1, c:1 server |
2025/04/30 10:05:06 [debug] 21#0: *44 http request count:1 blk:0 server |
2025/04/30 10:05:06 [debug] 21#0: *44 http close request server |
2025/04/30 10:05:06 [debug] 21#0: *44 http log handler server | 193.167.0.100 - - [30/Apr/2025:10:05:06 +0000] "GET /ahdhstwzmkieiywjlrufymmrtveszbyifqbjfyjrzuxnjhmxhgdtujdqduscnbxwpkeommntxhhpmqeoiusdiqgpvkrmmqmkenbgsmvvgamqzwmbijnddpsehfgwhfqaapxkeltehepmvjawkmjsuhvvfbuinsxwalpxbkkyhwphitttrpwtavfhtgqccsxoejmmclaqnwloluvudqnqzayybdrowbtaxwbtmaoiuvzmqfzdjfcndezmrf" 200 32 "-" "-" server |
2025/04/30 10:05:06 [debug] 21#0: *44 run cleanup: 000055CC52A9E738 server |
2025/04/30 10:05:06 [debug] 21#0: *44 file cleanup: fd:3 server |
2025/04/30 10:05:06 [debug] 21#0: *44 free: 000055CC52A9D910, unused: 0 server |
2025/04/30 10:05:06 [debug] 21#0: *44 free: 000055CC52A9E920, unused: 3501 server |
2025/04/30 10:05:06 [debug] 21#0: *44 close http connection: 6 server |
2025/04/30 10:05:06 [debug] 21#0: *44 reusable connection: 0 server |
2025/04/30 10:05:06 [debug] 21#0: *44 run cleanup: 000055CC52A87700 server |
2025/04/30 10:05:06 [debug] 21#0: *6 event timer add: 6: 75000:471651 server |
2025/04/30 10:05:06 [debug] 21#0: *44 run cleanup: 000055CC52A87690 server |
2025/04/30 10:05:06 [debug] 21#0: *6 quic stream id:0x94 cleanup server |
2025/04/30 10:05:06 [debug] 21#0: *6 quic stream id:0x94 send shutdown server |
2025/04/30 10:05:06 [debug] 21#0: *6 quic stream id:0x94 flush limit:1047360 server |
2025/04/30 10:05:06 [debug] 21#0: *6 update posted event 000055CC529DA248 server |
2025/04/30 10:05:06 [debug] 21#0: *6 quic stream id:0x94 flush len:0 last:1 server |
2025/04/30 10:05:06 [debug] 21#0: *44 free: 000055CC52A875D0, unused: 14952 server |
2025/04/30 10:05:06 [debug] 21#0: posted event 000055CC529DA248 server |
2025/04/30 10:05:06 [debug] 21#0: *6 delete posted event 000055CC529DA248 server |
2025/04/30 10:05:06 [debug] 21#0: *6 quic push handler server |
2025/04/30 10:05:06 [debug] 21#0: *6 posix_memalign: 000055CC52A9AF10:512 @16 server |
2025/04/30 10:05:06 [debug] 21#0: *6 malloc: 000055CC52A9D910:4096 server |
2025/04/30 10:05:06 [debug] 21#0: *6 quic output app packet max:1200 min:0 server |
2025/04/30 10:05:06 [debug] 21#0: *6 quic frame tx app:39 ACK n:1 delay:0 39-12 9-0 server |
2025/04/30 10:05:06 [debug] 21#0: *6 quic frame tx app:39 STREAM id:0x94 off:0 len:32 server |
2025/04/30 10:05:06 [debug] 21#0: *6 quic frame tx app:39 STREAM id:0x94 off:32 len:0 fin:1 server |
2025/04/30 10:05:06 [debug] 21#0: *6 quic packet tx app bytes:49 need_ack:1 number:39 encoded nl:1 trunc:0x27 server |
2025/04/30 10:05:06 [debug] 21#0: *6 sendmsg: 75 of 75 server |
2025/04/30 10:05:06 [debug] 21#0: *6 quic congestion send if:3810 server |
2025/04/30 10:05:06 [debug] 21#0: *6 quic congestion send if:3810 server |
2025/04/30 10:05:06 [debug] 21#0: *6 quic congestion send if:3885 server |
2025/04/30 10:05:06 [debug] 21#0: *6 event timer: 6, old: 471606, new: 471651 server |
2025/04/30 10:05:06 [debug] 21#0: *6 event timer del: 6: 397672 server |
2025/04/30 10:05:06 [debug] 21#0: *6 quic lost timer pto:1022 server |
2025/04/30 10:05:06 [debug] 21#0: *6 event timer add: 6: 1022:397673 server |
2025/04/30 10:05:06 [debug] 21#0: *6 quic state: send:74955 pto:1022 server |
2025/04/30 10:05:06 [debug] 21#0: worker cycle server |
2025/04/30 10:05:06 [debug] 21#0: epoll timer: 93 server |
2025/04/30 10:05:06 [debug] 21#0: epoll: fd:6 ev:0001 d:00007F0E10F05108 server |
2025/04/30 10:05:06 [debug] 21#0: quic recvmsg on 0.0.0.0:443, ready: 0 server |
2025/04/30 10:05:06 [debug] 21#0: *6 quic recvmsg: fd:6 n:303 server |
2025/04/30 10:05:06 [debug] 21#0: *6 quic input handler server |
2025/04/30 10:05:06 [debug] 21#0: *6 quic packet rx short flags:6d server |
2025/04/30 10:05:06 [debug] 21#0: *6 quic packet rx dcid len:20 00000000000030024ecd684e63baeee4c3d2f622 server |
2025/04/30 10:05:06 [debug] 21#0: *6 quic packet rx clearflags:63 server |
2025/04/30 10:05:06 [debug] 21#0: *6 quic packet rx number:40 len:4 server |
2025/04/30 10:05:06 [debug] 21#0: *6 quic packet len:303 via sock seq:0 path seq:0 server |
2025/04/30 10:05:06 [debug] 21#0: *6 quic path seq:0 status tx:4305 rx:13217 valid:1 st:2 mtu:1200 server |
2025/04/30 10:05:06 [debug] 21#0: *6 quic frame rx app:40 STREAM id:0x98 len:257 fin:1 server |
2025/04/30 10:05:06 [debug] 21#0: *6 quic stream id:0x98 is missing server |
2025/04/30 10:05:06 [debug] 21#0: *6 quic stream id:0x98 create server |
2025/04/30 10:05:06 [debug] 21#0: *6 posix_memalign: 000055CC52A875D0:16384 @16 server |
2025/04/30 10:05:06 [debug] 21#0: *6 reusable connection: 0 server |
2025/04/30 10:05:06 [debug] 21#0: *45 add cleanup: 000055CC52A87690 server |
2025/04/30 10:05:06 [debug] 21#0: *45 post event 000055CC529F4AD0 server |
2025/04/30 10:05:06 [debug] 21#0: *6 quic stream id:0x98 flow control msd:257/65536 md:10023/8585216 server |
2025/04/30 10:05:06 [debug] 21#0: *6 malloc: 000055CC52A9E920:4096 server |
2025/04/30 10:05:06 [debug] 21#0: *6 posix_memalign: 000055CC52A9B120:512 @16 server |
2025/04/30 10:05:06 [debug] 21#0: *6 quic ngx_quic_ack_packet pn:40 largest 39 fr:27 nranges:1 server |
2025/04/30 10:05:06 [debug] 21#0: *6 post event 000055CC529DA248 server |
2025/04/30 10:05:06 [debug] 21#0: *6 quic packet done rc:0 level:app decr:1 pn:40 perr:0 server |
2025/04/30 10:05:06 [debug] 21#0: *6 event timer: 6, old: 471606, new: 471651 server |
2025/04/30 10:05:06 [debug] 21#0: *6 quic state: read:74955 pto:1022 server |
2025/04/30 10:05:06 [debug] 21#0: timer delta: 0 server |
2025/04/30 10:05:06 [debug] 21#0: posted event 000055CC529F4AD0 server |
2025/04/30 10:05:06 [debug] 21#0: *45 delete posted event 000055CC529F4AD0 server |
2025/04/30 10:05:06 [debug] 21#0: *45 quic init stream server |
2025/04/30 10:05:06 [debug] 21#0: *45 http3 init request stream server |
2025/04/30 10:05:06 [debug] 21#0: *45 add cleanup: 000055CC52A87700 server |
2025/04/30 10:05:06 [debug] 21#0: *6 event timer del: 6: 471651 server |
2025/04/30 10:05:06 [debug] 21#0: *45 http wait request handler server |
2025/04/30 10:05:06 [debug] 21#0: *6 quic stream id:0x98 recv buf:1024 server |
2025/04/30 10:05:06 [debug] 21#0: *45 quic stream id:0x98 recv len:257 server |
2025/04/30 10:05:06 [debug] 21#0: *6 quic stream id:0x98 flow update 257 server |
2025/04/30 10:05:06 [debug] 21#0: *45 reusable connection: 0 server |
2025/04/30 10:05:06 [debug] 21#0: *45 posix_memalign: 000055CC52AA0940:4096 @16 server |
2025/04/30 10:05:06 [debug] 21#0: *45 http process request line server |
2025/04/30 10:05:06 [debug] 21#0: *45 http request line: "GET /izxaoocqtedueayugevuebtdubnfqelyovqhspqialerohdyakwrybpaxbrntuhqexynmiuxyooxsppcjixzszcipxgscbtzywsdpkvqevovjplaqhmzwkdrbkqdnagexksifrobgryuuzdujnepecxinrcqtqrpjuprasajmxdczfhqllrhwjziwcpiexmiqamlbuxvzqictblbmyupdfuvmqngtynvbdzsgxmbialhaclqurhooecvym" server |
2025/04/30 10:05:06 [debug] 21#0: *45 http uri: "/izxaoocqtedueayugevuebtdubnfqelyovqhspqialerohdyakwrybpaxbrntuhqexynmiuxyooxsppcjixzszcipxgscbtzywsdpkvqevovjplaqhmzwkdrbkqdnagexksifrobgryuuzdujnepecxinrcqtqrpjuprasajmxdczfhqllrhwjziwcpiexmiqamlbuxvzqictblbmyupdfuvmqngtynvbdzsgxmbialhaclqurhooecvym" server |
2025/04/30 10:05:06 [debug] 21#0: *45 http args: "" server |
2025/04/30 10:05:06 [debug] 21#0: *45 http exten: "" server |
2025/04/30 10:05:06 [debug] 21#0: *45 rewrite phase: 0 server |
2025/04/30 10:05:06 [debug] 21#0: *45 test location: "/" server |
2025/04/30 10:05:06 [debug] 21#0: *45 using configuration "/" server |
2025/04/30 10:05:06 [debug] 21#0: *45 http cl:-1 max:1048576 server |
2025/04/30 10:05:06 [debug] 21#0: *45 rewrite phase: 2 server |
2025/04/30 10:05:06 [debug] 21#0: *45 post rewrite phase: 3 server |
2025/04/30 10:05:06 [debug] 21#0: *45 generic phase: 4 server |
2025/04/30 10:05:06 [debug] 21#0: *45 generic phase: 5 server |
2025/04/30 10:05:06 [debug] 21#0: *45 access phase: 6 server |
2025/04/30 10:05:06 [debug] 21#0: *45 access phase: 7 server |
2025/04/30 10:05:06 [debug] 21#0: *45 post access phase: 8 server |
2025/04/30 10:05:06 [debug] 21#0: *45 generic phase: 9 server |
2025/04/30 10:05:06 [debug] 21#0: *45 generic phase: 10 server |
2025/04/30 10:05:06 [debug] 21#0: *45 content phase: 11 server |
2025/04/30 10:05:06 [debug] 21#0: *45 content phase: 12 server |
2025/04/30 10:05:06 [debug] 21#0: *45 content phase: 13 server |
2025/04/30 10:05:06 [debug] 21#0: *45 http filename: "/www/izxaoocqtedueayugevuebtdubnfqelyovqhspqialerohdyakwrybpaxbrntuhqexynmiuxyooxsppcjixzszcipxgscbtzywsdpkvqevovjplaqhmzwkdrbkqdnagexksifrobgryuuzdujnepecxinrcqtqrpjuprasajmxdczfhqllrhwjziwcpiexmiqamlbuxvzqictblbmyupdfuvmqngtynvbdzsgxmbialhaclqurhooecvym" server |
2025/04/30 10:05:06 [debug] 21#0: *45 add cleanup: 000055CC52AA1768 server |
2025/04/30 10:05:06 [debug] 21#0: *45 http static fd: 3 server |
2025/04/30 10:05:06 [debug] 21#0: *45 http set discard body server |
2025/04/30 10:05:06 [debug] 21#0: *45 http output filter "/izxaoocqtedueayugevuebtdubnfqelyovqhspqialerohdyakwrybpaxbrntuhqexynmiuxyooxsppcjixzszcipxgscbtzywsdpkvqevovjplaqhmzwkdrbkqdnagexksifrobgryuuzdujnepecxinrcqtqrpjuprasajmxdczfhqllrhwjziwcpiexmiqamlbuxvzqictblbmyupdfuvmqngtynvbdzsgxmbialhaclqurhooecvym?" server |
2025/04/30 10:05:06 [debug] 21#0: *45 http copy filter: "/izxaoocqtedueayugevuebtdubnfqelyovqhspqialerohdyakwrybpaxbrntuhqexynmiuxyooxsppcjixzszcipxgscbtzywsdpkvqevovjplaqhmzwkdrbkqdnagexksifrobgryuuzdujnepecxinrcqtqrpjuprasajmxdczfhqllrhwjziwcpiexmiqamlbuxvzqictblbmyupdfuvmqngtynvbdzsgxmbialhaclqurhooecvym?" server |
