2025/04/30 10:05:06 [debug] 21#0: epoll: fd:6 ev:0001 d:00007F0E10F05108 server |
2025/04/30 10:05:06 [debug] 21#0: quic recvmsg on 0.0.0.0:443, ready: 0 server |
2025/04/30 10:05:06 [debug] 21#0: *6 quic recvmsg: fd:6 n:306 server |
2025/04/30 10:05:06 [debug] 21#0: *6 quic input handler server |
2025/04/30 10:05:06 [debug] 21#0: *6 quic packet rx long flags:d9 version:1 server |
2025/04/30 10:05:06 [debug] 21#0: *6 quic packet rx early len:281 server |
2025/04/30 10:05:06 [debug] 21#0: *6 quic packet rx dcid len:8 082c06179b217f39 server |
2025/04/30 10:05:06 [debug] 21#0: *6 quic packet rx scid len:8 dc04912e1cd53d3b server |
2025/04/30 10:05:06 [debug] 21#0: *6 quic packet rx clearflags:d3 server |
2025/04/30 10:05:06 [debug] 21#0: *6 quic packet rx number:6 len:4 server |
2025/04/30 10:05:06 [debug] 21#0: *6 quic packet len:306 via sock seq:-1 path seq:0 server |
2025/04/30 10:05:06 [debug] 21#0: *6 quic path seq:0 status tx:1626 rx:3342 valid:0 st:0 mtu:1200 server |
2025/04/30 10:05:06 [debug] 21#0: *6 quic frame rx early:6 STREAM id:0x18 len:257 fin:1 server |
2025/04/30 10:05:06 [debug] 21#0: *6 quic stream id:0x18 is missing server |
2025/04/30 10:05:06 [debug] 21#0: *6 quic stream id:0x18 create server |
2025/04/30 10:05:06 [debug] 21#0: *6 posix_memalign: 000055CC52A279E0:16384 @16 server |
2025/04/30 10:05:06 [debug] 21#0: *6 reusable connection: 0 server |
2025/04/30 10:05:06 [debug] 21#0: *13 add cleanup: 000055CC52A27AA0 server |
2025/04/30 10:05:06 [debug] 21#0: *13 post event 000055CC529F4AD0 server |
2025/04/30 10:05:06 [debug] 21#0: *6 quic stream id:0x18 flow control msd:257/65536 md:1799/8585216 server |
2025/04/30 10:05:06 [debug] 21#0: *6 malloc: 000055CC52A38CD0:4096 server |
2025/04/30 10:05:06 [debug] 21#0: *6 posix_memalign: 000055CC52A372E0:512 @16 server |
2025/04/30 10:05:06 [debug] 21#0: *6 quic ngx_quic_ack_packet pn:6 largest 5 fr:5 nranges:0 server |
2025/04/30 10:05:06 [debug] 21#0: *6 post event 000055CC529DA248 server |
2025/04/30 10:05:06 [debug] 21#0: *6 quic packet done rc:0 level:early decr:1 pn:6 perr:0 server |
2025/04/30 10:05:06 [debug] 21#0: *6 event timer: 6, old: 471606, new: 471611 server |
2025/04/30 10:05:06 [debug] 21#0: *6 quic state: read:74995 pto:992 server |
2025/04/30 10:05:06 [debug] 21#0: timer delta: 1 server |
2025/04/30 10:05:06 [debug] 21#0: posted event 000055CC529F4AD0 server |
2025/04/30 10:05:06 [debug] 21#0: *13 delete posted event 000055CC529F4AD0 server |
2025/04/30 10:05:06 [debug] 21#0: *13 quic init stream server |
2025/04/30 10:05:06 [debug] 21#0: *13 http3 init request stream server |
2025/04/30 10:05:06 [debug] 21#0: *13 add cleanup: 000055CC52A27B10 server |
2025/04/30 10:05:06 [debug] 21#0: *6 event timer del: 6: 471610 server |
2025/04/30 10:05:06 [debug] 21#0: *13 http wait request handler server |
2025/04/30 10:05:06 [debug] 21#0: *6 quic stream id:0x18 recv buf:1024 server |
2025/04/30 10:05:06 [debug] 21#0: *13 quic stream id:0x18 recv len:257 server |
2025/04/30 10:05:06 [debug] 21#0: *6 quic stream id:0x18 flow update 257 server |
2025/04/30 10:05:06 [debug] 21#0: *13 reusable connection: 0 server |
2025/04/30 10:05:06 [debug] 21#0: *13 posix_memalign: 000055CC52A39CE0:4096 @16 server |
2025/04/30 10:05:06 [debug] 21#0: *13 http process request line server |
2025/04/30 10:05:06 [debug] 21#0: *13 http request line: "GET /kfkxuxdnaftzveacrohurlplohczwixhbupxvnqjvumgguchmlvdijcebfkgfqbaisiqtrkjlfoyrdubxuxsugbdcvvyfmzxjhzbyddtddejtdjeblohgdvlccpzxsmweiaczvpwrrktfpvviviyjvzwlyauwomwpasqeqqfmpetqgwgraakkcekwgkdwlryqkzlxhnwbwkkdlpucsrezswlpqpldlkzihxxzbnzwyejjcwtlyjepspbtl" server |
2025/04/30 10:05:06 [debug] 21#0: *13 http uri: "/kfkxuxdnaftzveacrohurlplohczwixhbupxvnqjvumgguchmlvdijcebfkgfqbaisiqtrkjlfoyrdubxuxsugbdcvvyfmzxjhzbyddtddejtdjeblohgdvlccpzxsmweiaczvpwrrktfpvviviyjvzwlyauwomwpasqeqqfmpetqgwgraakkcekwgkdwlryqkzlxhnwbwkkdlpucsrezswlpqpldlkzihxxzbnzwyejjcwtlyjepspbtl" server |
2025/04/30 10:05:06 [debug] 21#0: *13 http args: "" server |
2025/04/30 10:05:06 [debug] 21#0: *13 http exten: "" server |
2025/04/30 10:05:06 [debug] 21#0: *13 rewrite phase: 0 server |
2025/04/30 10:05:06 [debug] 21#0: *13 test location: "/" server |
2025/04/30 10:05:06 [debug] 21#0: *13 using configuration "/" server |
2025/04/30 10:05:06 [debug] 21#0: *13 http cl:-1 max:1048576 server |
2025/04/30 10:05:06 [debug] 21#0: *13 rewrite phase: 2 server |
2025/04/30 10:05:06 [debug] 21#0: *13 post rewrite phase: 3 server |
2025/04/30 10:05:06 [debug] 21#0: *13 generic phase: 4 server |
2025/04/30 10:05:06 [debug] 21#0: *13 generic phase: 5 server |
2025/04/30 10:05:06 [debug] 21#0: *13 access phase: 6 server |
2025/04/30 10:05:06 [debug] 21#0: *13 access phase: 7 server |
2025/04/30 10:05:06 [debug] 21#0: *13 post access phase: 8 server |
2025/04/30 10:05:06 [debug] 21#0: *13 generic phase: 9 server |
2025/04/30 10:05:06 [debug] 21#0: *13 generic phase: 10 server |
2025/04/30 10:05:06 [debug] 21#0: *13 content phase: 11 server |
2025/04/30 10:05:06 [debug] 21#0: *13 content phase: 12 server |
2025/04/30 10:05:06 [debug] 21#0: *13 content phase: 13 server |
2025/04/30 10:05:06 [debug] 21#0: *13 http filename: "/www/kfkxuxdnaftzveacrohurlplohczwixhbupxvnqjvumgguchmlvdijcebfkgfqbaisiqtrkjlfoyrdubxuxsugbdcvvyfmzxjhzbyddtddejtdjeblohgdvlccpzxsmweiaczvpwrrktfpvviviyjvzwlyauwomwpasqeqqfmpetqgwgraakkcekwgkdwlryqkzlxhnwbwkkdlpucsrezswlpqpldlkzihxxzbnzwyejjcwtlyjepspbtl" server |
2025/04/30 10:05:06 [debug] 21#0: *13 add cleanup: 000055CC52A3AB08 server |
2025/04/30 10:05:06 [debug] 21#0: *13 http static fd: 3 server |
2025/04/30 10:05:06 [debug] 21#0: *13 http set discard body server |
2025/04/30 10:05:06 [debug] 21#0: *13 http output filter "/kfkxuxdnaftzveacrohurlplohczwixhbupxvnqjvumgguchmlvdijcebfkgfqbaisiqtrkjlfoyrdubxuxsugbdcvvyfmzxjhzbyddtddejtdjeblohgdvlccpzxsmweiaczvpwrrktfpvviviyjvzwlyauwomwpasqeqqfmpetqgwgraakkcekwgkdwlryqkzlxhnwbwkkdlpucsrezswlpqpldlkzihxxzbnzwyejjcwtlyjepspbtl?" server |
2025/04/30 10:05:06 [debug] 21#0: *13 http copy filter: "/kfkxuxdnaftzveacrohurlplohczwixhbupxvnqjvumgguchmlvdijcebfkgfqbaisiqtrkjlfoyrdubxuxsugbdcvvyfmzxjhzbyddtddejtdjeblohgdvlccpzxsmweiaczvpwrrktfpvviviyjvzwlyauwomwpasqeqqfmpetqgwgraakkcekwgkdwlryqkzlxhnwbwkkdlpucsrezswlpqpldlkzihxxzbnzwyejjcwtlyjepspbtl?" server |
2025/04/30 10:05:06 [debug] 21#0: *13 posix_memalign: 000055CC52A3BD00:4096 @16 server |
2025/04/30 10:05:06 [debug] 21#0: *13 read: 3, 000055CC52A3ACB0, 32, 0 server |
2025/04/30 10:05:06 [debug] 21#0: *13 http postpone filter "/kfkxuxdnaftzveacrohurlplohczwixhbupxvnqjvumgguchmlvdijcebfkgfqbaisiqtrkjlfoyrdubxuxsugbdcvvyfmzxjhzbyddtddejtdjeblohgdvlccpzxsmweiaczvpwrrktfpvviviyjvzwlyauwomwpasqeqqfmpetqgwgraakkcekwgkdwlryqkzlxhnwbwkkdlpucsrezswlpqpldlkzihxxzbnzwyejjcwtlyjepspbtl?" 000055CC52A3ACA0 server |
2025/04/30 10:05:06 [debug] 21#0: *13 write new buf t:1 f:0 000055CC52A3ACB0, pos 000055CC52A3ACB0, size: 32 file: 0, size: 0 server |
2025/04/30 10:05:06 [debug] 21#0: *13 http write filter: l:1 f:0 s:32 server |
2025/04/30 10:05:06 [debug] 21#0: *13 http write filter limit 2097152 server |
2025/04/30 10:05:06 [debug] 21#0: *6 malloc: 000055CC52A3CD10:4096 server |
2025/04/30 10:05:06 [debug] 21#0: *13 quic send_chain sent:32 server |
2025/04/30 10:05:06 [debug] 21#0: *6 quic stream id:0x18 flush limit:1048384 server |
2025/04/30 10:05:06 [debug] 21#0: *6 update posted event 000055CC529DA248 server |
2025/04/30 10:05:06 [debug] 21#0: *6 quic stream id:0x18 flush len:32 last:0 server |
2025/04/30 10:05:06 [debug] 21#0: *13 http write filter 0000000000000000 server |
2025/04/30 10:05:06 [debug] 21#0: *13 http copy filter: 0 "/kfkxuxdnaftzveacrohurlplohczwixhbupxvnqjvumgguchmlvdijcebfkgfqbaisiqtrkjlfoyrdubxuxsugbdcvvyfmzxjhzbyddtddejtdjeblohgdvlccpzxsmweiaczvpwrrktfpvviviyjvzwlyauwomwpasqeqqfmpetqgwgraakkcekwgkdwlryqkzlxhnwbwkkdlpucsrezswlpqpldlkzihxxzbnzwyejjcwtlyjepspbtl?" server |
2025/04/30 10:05:06 [debug] 21#0: *13 http finalize request: 0, "/kfkxuxdnaftzveacrohurlplohczwixhbupxvnqjvumgguchmlvdijcebfkgfqbaisiqtrkjlfoyrdubxuxsugbdcvvyfmzxjhzbyddtddejtdjeblohgdvlccpzxsmweiaczvpwrrktfpvviviyjvzwlyauwomwpasqeqqfmpetqgwgraakkcekwgkdwlryqkzlxhnwbwkkdlpucsrezswlpqpldlkzihxxzbnzwyejjcwtlyjepspbtl?" a:1, c:1 server |
2025/04/30 10:05:06 [debug] 21#0: *13 http request count:1 blk:0 server |
2025/04/30 10:05:06 [debug] 21#0: *13 http close request server |
2025/04/30 10:05:06 [debug] 21#0: *13 http log handler server | 193.167.0.100 - - [30/Apr/2025:10:05:06 +0000] "GET /kfkxuxdnaftzveacrohurlplohczwixhbupxvnqjvumgguchmlvdijcebfkgfqbaisiqtrkjlfoyrdubxuxsugbdcvvyfmzxjhzbyddtddejtdjeblohgdvlccpzxsmweiaczvpwrrktfpvviviyjvzwlyauwomwpasqeqqfmpetqgwgraakkcekwgkdwlryqkzlxhnwbwkkdlpucsrezswlpqpldlkzihxxzbnzwyejjcwtlyjepspbtl" 200 32 "-" "-" server |
2025/04/30 10:05:06 [debug] 21#0: *13 run cleanup: 000055CC52A3AB08 server |
2025/04/30 10:05:06 [debug] 21#0: *13 file cleanup: fd:3 server |
2025/04/30 10:05:06 [debug] 21#0: *13 free: 000055CC52A39CE0, unused: 0 server |
2025/04/30 10:05:06 [debug] 21#0: *13 free: 000055CC52A3BD00, unused: 3501 server |
2025/04/30 10:05:06 [debug] 21#0: *13 close http connection: 6 server |
2025/04/30 10:05:06 [debug] 21#0: *13 reusable connection: 0 server |
2025/04/30 10:05:06 [debug] 21#0: *13 run cleanup: 000055CC52A27B10 server |
2025/04/30 10:05:06 [debug] 21#0: *6 event timer add: 6: 75000:471611 server |
2025/04/30 10:05:06 [debug] 21#0: *13 run cleanup: 000055CC52A27AA0 server |
2025/04/30 10:05:06 [debug] 21#0: *6 quic stream id:0x18 cleanup server |
2025/04/30 10:05:06 [debug] 21#0: *6 quic stream id:0x18 send shutdown server |
2025/04/30 10:05:06 [debug] 21#0: *6 quic stream id:0x18 flush limit:1048352 server |
2025/04/30 10:05:06 [debug] 21#0: *6 posix_memalign: 000055CC52A374F0:512 @16 server |
2025/04/30 10:05:06 [debug] 21#0: *6 update posted event 000055CC529DA248 server |
2025/04/30 10:05:06 [debug] 21#0: *6 quic stream id:0x18 flush len:0 last:1 server |
2025/04/30 10:05:06 [debug] 21#0: *13 free: 000055CC52A279E0, unused: 14952 server |
2025/04/30 10:05:06 [debug] 21#0: posted event 000055CC529DA248 server |
2025/04/30 10:05:06 [debug] 21#0: *6 delete posted event 000055CC529DA248 server |
2025/04/30 10:05:06 [debug] 21#0: *6 quic push handler server |
2025/04/30 10:05:06 [debug] 21#0: *6 quic output app packet max:1200 min:0 server |
2025/04/30 10:05:06 [debug] 21#0: *6 quic frame tx app:7 ACK n:0 delay:0 6-0 server |
2025/04/30 10:05:06 [debug] 21#0: *6 quic frame tx app:7 STREAM id:0x18 off:0 len:32 server |
2025/04/30 10:05:06 [debug] 21#0: *6 quic frame tx app:7 STREAM id:0x18 off:32 len:0 fin:1 server |
2025/04/30 10:05:06 [debug] 21#0: *6 quic packet tx app bytes:45 need_ack:1 number:7 encoded nl:1 trunc:0x7 server |
2025/04/30 10:05:06 [debug] 21#0: *6 sendmsg: 71 of 71 server |
2025/04/30 10:05:06 [debug] 21#0: *6 quic congestion send if:1626 server |
2025/04/30 10:05:06 [debug] 21#0: *6 quic congestion send if:1626 server |
2025/04/30 10:05:06 [debug] 21#0: *6 quic congestion send if:1697 server |
2025/04/30 10:05:06 [debug] 21#0: *6 event timer: 6, old: 471606, new: 471611 server |
2025/04/30 10:05:06 [debug] 21#0: *6 event timer del: 6: 397603 server |
2025/04/30 10:05:06 [debug] 21#0: *6 quic lost timer pto:992 server |
2025/04/30 10:05:06 [debug] 21#0: *6 event timer add: 6: 992:397603 server |
2025/04/30 10:05:06 [debug] 21#0: *6 quic state: send:74995 pto:992 server |
2025/04/30 10:05:06 [debug] 21#0: worker cycle server |
2025/04/30 10:05:06 [debug] 21#0: epoll timer: 992 server |
2025/04/30 10:05:06 [debug] 21#0: epoll: fd:6 ev:0001 d:00007F0E10F05108 server |
2025/04/30 10:05:06 [debug] 21#0: quic recvmsg on 0.0.0.0:443, ready: 0 server |
2025/04/30 10:05:06 [debug] 21#0: *6 quic recvmsg: fd:6 n:306 server |
2025/04/30 10:05:06 [debug] 21#0: *6 quic input handler server |
2025/04/30 10:05:06 [debug] 21#0: *6 quic packet rx long flags:d3 version:1 server |
2025/04/30 10:05:06 [debug] 21#0: *6 quic packet rx early len:281 server |
2025/04/30 10:05:06 [debug] 21#0: *6 quic packet rx dcid len:8 082c06179b217f39 server |
2025/04/30 10:05:06 [debug] 21#0: *6 quic packet rx scid len:8 dc04912e1cd53d3b server |
2025/04/30 10:05:06 [debug] 21#0: *6 quic packet rx clearflags:d3 server |
2025/04/30 10:05:06 [debug] 21#0: *6 quic packet rx number:7 len:4 server |
2025/04/30 10:05:06 [debug] 21#0: *6 quic packet len:306 via sock seq:-1 path seq:0 server |
2025/04/30 10:05:06 [debug] 21#0: *6 quic path seq:0 status tx:1697 rx:3648 valid:0 st:0 mtu:1200 server |
2025/04/30 10:05:06 [debug] 21#0: *6 quic frame rx early:7 STREAM id:0x1c len:257 fin:1 server |
2025/04/30 10:05:06 [debug] 21#0: *6 quic stream id:0x1c is missing server |
2025/04/30 10:05:06 [debug] 21#0: *6 quic stream id:0x1c create server |
2025/04/30 10:05:06 [debug] 21#0: *6 posix_memalign: 000055CC52A37700:512 @16 server |
2025/04/30 10:05:06 [debug] 21#0: *6 posix_memalign: 000055CC52A279E0:16384 @16 server |
2025/04/30 10:05:06 [debug] 21#0: *6 reusable connection: 0 server |
2025/04/30 10:05:06 [debug] 21#0: *14 add cleanup: 000055CC52A27AA0 server |
2025/04/30 10:05:06 [debug] 21#0: *14 post event 000055CC529F4AD0 server |
2025/04/30 10:05:06 [debug] 21#0: *6 quic stream id:0x1c flow control msd:257/65536 md:2056/8585216 server |
2025/04/30 10:05:06 [debug] 21#0: *6 malloc: 000055CC52A3BD00:4096 server |
2025/04/30 10:05:06 [debug] 21#0: *6 quic ngx_quic_ack_packet pn:7 largest 6 fr:6 nranges:0 server |
2025/04/30 10:05:06 [debug] 21#0: *6 post event 000055CC529DA248 server |
2025/04/30 10:05:06 [debug] 21#0: *6 quic packet done rc:0 level:early decr:1 pn:7 perr:0 server |
2025/04/30 10:05:06 [debug] 21#0: *6 event timer: 6, old: 471606, new: 471612 server |
2025/04/30 10:05:06 [debug] 21#0: *6 quic state: read:74994 pto:991 server |
2025/04/30 10:05:06 [debug] 21#0: timer delta: 1 server |
2025/04/30 10:05:06 [debug] 21#0: posted event 000055CC529F4AD0 server |
2025/04/30 10:05:06 [debug] 21#0: *14 delete posted event 000055CC529F4AD0 server |
2025/04/30 10:05:06 [debug] 21#0: *14 quic init stream server |
2025/04/30 10:05:06 [debug] 21#0: *14 http3 init request stream server |
2025/04/30 10:05:06 [debug] 21#0: *14 add cleanup: 000055CC52A27B10 server |
2025/04/30 10:05:06 [debug] 21#0: *6 event timer del: 6: 471611 server |
2025/04/30 10:05:06 [debug] 21#0: *14 http wait request handler server |
2025/04/30 10:05:06 [debug] 21#0: *6 quic stream id:0x1c recv buf:1024 server |
2025/04/30 10:05:06 [debug] 21#0: *14 quic stream id:0x1c recv len:257 server |
2025/04/30 10:05:06 [debug] 21#0: *6 quic stream id:0x1c flow update 257 server |
2025/04/30 10:05:06 [debug] 21#0: *14 reusable connection: 0 server |
2025/04/30 10:05:06 [debug] 21#0: *14 posix_memalign: 000055CC52A39CE0:4096 @16 server |
2025/04/30 10:05:06 [debug] 21#0: *14 http process request line server |
2025/04/30 10:05:06 [debug] 21#0: *14 http request line: "GET /rijjshzihgfyvticgnzfgqdsewerpewxspudptbtuwggctecrdvirbquxaimlhdvwjgsmjumuqryllqksjngkaghvuovaqwegqjfloyuqgqdtspstxtlrhyojowarulrlrcdqsgqeayaphgdhflulmfsgnmhfbuzpjywtcebgxnievsrvkgmtsycpavjarjuyfzwfyoyjqwgdyqmgaresphbmwzosfuehaqdisirbxngechvluguthwrth" server |
2025/04/30 10:05:06 [debug] 21#0: *14 http uri: "/rijjshzihgfyvticgnzfgqdsewerpewxspudptbtuwggctecrdvirbquxaimlhdvwjgsmjumuqryllqksjngkaghvuovaqwegqjfloyuqgqdtspstxtlrhyojowarulrlrcdqsgqeayaphgdhflulmfsgnmhfbuzpjywtcebgxnievsrvkgmtsycpavjarjuyfzwfyoyjqwgdyqmgaresphbmwzosfuehaqdisirbxngechvluguthwrth" server |
2025/04/30 10:05:06 [debug] 21#0: *14 http args: "" server |
2025/04/30 10:05:06 [debug] 21#0: *14 http exten: "" server |
2025/04/30 10:05:06 [debug] 21#0: *14 rewrite phase: 0 server |
2025/04/30 10:05:06 [debug] 21#0: *14 test location: "/" server |
2025/04/30 10:05:06 [debug] 21#0: *14 using configuration "/" server |
2025/04/30 10:05:06 [debug] 21#0: *14 http cl:-1 max:1048576 server |
2025/04/30 10:05:06 [debug] 21#0: *14 rewrite phase: 2 server |
2025/04/30 10:05:06 [debug] 21#0: *14 post rewrite phase: 3 server |
2025/04/30 10:05:06 [debug] 21#0: *14 generic phase: 4 server |
2025/04/30 10:05:06 [debug] 21#0: *14 generic phase: 5 server |
2025/04/30 10:05:06 [debug] 21#0: *14 access phase: 6 server |
2025/04/30 10:05:06 [debug] 21#0: *14 access phase: 7 server |
2025/04/30 10:05:06 [debug] 21#0: *14 post access phase: 8 server |
2025/04/30 10:05:06 [debug] 21#0: *14 generic phase: 9 server |
2025/04/30 10:05:06 [debug] 21#0: *14 generic phase: 10 server |
2025/04/30 10:05:06 [debug] 21#0: *14 content phase: 11 server |
2025/04/30 10:05:06 [debug] 21#0: *14 content phase: 12 server |
2025/04/30 10:05:06 [debug] 21#0: *14 content phase: 13 server |
2025/04/30 10:05:06 [debug] 21#0: *14 http filename: "/www/rijjshzihgfyvticgnzfgqdsewerpewxspudptbtuwggctecrdvirbquxaimlhdvwjgsmjumuqryllqksjngkaghvuovaqwegqjfloyuqgqdtspstxtlrhyojowarulrlrcdqsgqeayaphgdhflulmfsgnmhfbuzpjywtcebgxnievsrvkgmtsycpavjarjuyfzwfyoyjqwgdyqmgaresphbmwzosfuehaqdisirbxngechvluguthwrth" server |
2025/04/30 10:05:06 [debug] 21#0: *14 add cleanup: 000055CC52A3AB08 server |
2025/04/30 10:05:06 [debug] 21#0: *14 http static fd: 3 server |
2025/04/30 10:05:06 [debug] 21#0: *14 http set discard body server |
2025/04/30 10:05:06 [debug] 21#0: *14 http output filter "/rijjshzihgfyvticgnzfgqdsewerpewxspudptbtuwggctecrdvirbquxaimlhdvwjgsmjumuqryllqksjngkaghvuovaqwegqjfloyuqgqdtspstxtlrhyojowarulrlrcdqsgqeayaphgdhflulmfsgnmhfbuzpjywtcebgxnievsrvkgmtsycpavjarjuyfzwfyoyjqwgdyqmgaresphbmwzosfuehaqdisirbxngechvluguthwrth?" server |
2025/04/30 10:05:06 [debug] 21#0: *14 http copy filter: "/rijjshzihgfyvticgnzfgqdsewerpewxspudptbtuwggctecrdvirbquxaimlhdvwjgsmjumuqryllqksjngkaghvuovaqwegqjfloyuqgqdtspstxtlrhyojowarulrlrcdqsgqeayaphgdhflulmfsgnmhfbuzpjywtcebgxnievsrvkgmtsycpavjarjuyfzwfyoyjqwgdyqmgaresphbmwzosfuehaqdisirbxngechvluguthwrth?" server |
2025/04/30 10:05:06 [debug] 21#0: *14 posix_memalign: 000055CC52A3DD20:4096 @16 server |
2025/04/30 10:05:06 [debug] 21#0: *14 read: 3, 000055CC52A3ACB0, 32, 0 server |
2025/04/30 10:05:06 [debug] 21#0: *14 http postpone filter "/rijjshzihgfyvticgnzfgqdsewerpewxspudptbtuwggctecrdvirbquxaimlhdvwjgsmjumuqryllqksjngkaghvuovaqwegqjfloyuqgqdtspstxtlrhyojowarulrlrcdqsgqeayaphgdhflulmfsgnmhfbuzpjywtcebgxnievsrvkgmtsycpavjarjuyfzwfyoyjqwgdyqmgaresphbmwzosfuehaqdisirbxngechvluguthwrth?" 000055CC52A3ACA0 server |
2025/04/30 10:05:06 [debug] 21#0: *14 write new buf t:1 f:0 000055CC52A3ACB0, pos 000055CC52A3ACB0, size: 32 file: 0, size: 0 server |
2025/04/30 10:05:06 [debug] 21#0: *14 http write filter: l:1 f:0 s:32 server |
2025/04/30 10:05:06 [debug] 21#0: *14 http write filter limit 2097152 server |
2025/04/30 10:05:06 [debug] 21#0: *6 malloc: 000055CC52A3ED30:4096 server |
2025/04/30 10:05:06 [debug] 21#0: *14 quic send_chain sent:32 server |
2025/04/30 10:05:06 [debug] 21#0: *6 quic stream id:0x1c flush limit:1048352 server |
2025/04/30 10:05:06 [debug] 21#0: *6 update posted event 000055CC529DA248 server |
2025/04/30 10:05:06 [debug] 21#0: *6 quic stream id:0x1c flush len:32 last:0 server |
2025/04/30 10:05:06 [debug] 21#0: *14 http write filter 0000000000000000 server |
2025/04/30 10:05:06 [debug] 21#0: *14 http copy filter: 0 "/rijjshzihgfyvticgnzfgqdsewerpewxspudptbtuwggctecrdvirbquxaimlhdvwjgsmjumuqryllqksjngkaghvuovaqwegqjfloyuqgqdtspstxtlrhyojowarulrlrcdqsgqeayaphgdhflulmfsgnmhfbuzpjywtcebgxnievsrvkgmtsycpavjarjuyfzwfyoyjqwgdyqmgaresphbmwzosfuehaqdisirbxngechvluguthwrth?" server |
2025/04/30 10:05:06 [debug] 21#0: *14 http finalize request: 0, "/rijjshzihgfyvticgnzfgqdsewerpewxspudptbtuwggctecrdvirbquxaimlhdvwjgsmjumuqryllqksjngkaghvuovaqwegqjfloyuqgqdtspstxtlrhyojowarulrlrcdqsgqeayaphgdhflulmfsgnmhfbuzpjywtcebgxnievsrvkgmtsycpavjarjuyfzwfyoyjqwgdyqmgaresphbmwzosfuehaqdisirbxngechvluguthwrth?" a:1, c:1 server |
2025/04/30 10:05:06 [debug] 21#0: *14 http request count:1 blk:0 server |
2025/04/30 10:05:06 [debug] 21#0: *14 http close request server |
2025/04/30 10:05:06 [debug] 21#0: *14 http log handler server | 193.167.0.100 - - [30/Apr/2025:10:05:06 +0000] "GET /rijjshzihgfyvticgnzfgqdsewerpewxspudptbtuwggctecrdvirbquxaimlhdvwjgsmjumuqryllqksjngkaghvuovaqwegqjfloyuqgqdtspstxtlrhyojowarulrlrcdqsgqeayaphgdhflulmfsgnmhfbuzpjywtcebgxnievsrvkgmtsycpavjarjuyfzwfyoyjqwgdyqmgaresphbmwzosfuehaqdisirbxngechvluguthwrth" 200 32 "-" "-" server |
2025/04/30 10:05:06 [debug] 21#0: *14 run cleanup: 000055CC52A3AB08 server |
2025/04/30 10:05:06 [debug] 21#0: *14 file cleanup: fd:3 server |
2025/04/30 10:05:06 [debug] 21#0: *14 free: 000055CC52A39CE0, unused: 0 server |
2025/04/30 10:05:06 [debug] 21#0: *14 free: 000055CC52A3DD20, unused: 3501 server |
2025/04/30 10:05:06 [debug] 21#0: *14 close http connection: 6 server |
2025/04/30 10:05:06 [debug] 21#0: *14 reusable connection: 0 server |
2025/04/30 10:05:06 [debug] 21#0: *14 run cleanup: 000055CC52A27B10 server |
2025/04/30 10:05:06 [debug] 21#0: *6 event timer add: 6: 75000:471612 server |
2025/04/30 10:05:06 [debug] 21#0: *14 run cleanup: 000055CC52A27AA0 server |
2025/04/30 10:05:06 [debug] 21#0: *6 quic stream id:0x1c cleanup server |
2025/04/30 10:05:06 [debug] 21#0: *6 quic stream id:0x1c send shutdown server |
2025/04/30 10:05:06 [debug] 21#0: *6 quic stream id:0x1c flush limit:1048320 server |
2025/04/30 10:05:06 [debug] 21#0: *6 posix_memalign: 000055CC52A37910:512 @16 server |
2025/04/30 10:05:06 [debug] 21#0: *6 update posted event 000055CC529DA248 server |
2025/04/30 10:05:06 [debug] 21#0: *6 quic stream id:0x1c flush len:0 last:1 server |
2025/04/30 10:05:06 [debug] 21#0: *14 free: 000055CC52A279E0, unused: 14952 server |
2025/04/30 10:05:06 [debug] 21#0: posted event 000055CC529DA248 server |
2025/04/30 10:05:06 [debug] 21#0: *6 delete posted event 000055CC529DA248 server |
2025/04/30 10:05:06 [debug] 21#0: *6 quic push handler server |
2025/04/30 10:05:06 [debug] 21#0: *6 quic output app packet max:1200 min:0 server |
2025/04/30 10:05:06 [debug] 21#0: *6 quic frame tx app:8 ACK n:0 delay:0 7-0 server |
2025/04/30 10:05:06 [debug] 21#0: *6 quic frame tx app:8 STREAM id:0x1c off:0 len:32 server |
2025/04/30 10:05:06 [debug] 21#0: *6 quic frame tx app:8 STREAM id:0x1c off:32 len:0 fin:1 server |
2025/04/30 10:05:06 [debug] 21#0: *6 quic packet tx app bytes:45 need_ack:1 number:8 encoded nl:1 trunc:0x8 server |
2025/04/30 10:05:06 [debug] 21#0: *6 sendmsg: 71 of 71 server |
2025/04/30 10:05:06 [debug] 21#0: *6 quic congestion send if:1697 server |
2025/04/30 10:05:06 [debug] 21#0: *6 quic congestion send if:1697 server |
2025/04/30 10:05:06 [debug] 21#0: *6 quic congestion send if:1768 server |
2025/04/30 10:05:06 [debug] 21#0: *6 event timer: 6, old: 471606, new: 471612 server |
2025/04/30 10:05:06 [debug] 21#0: *6 event timer del: 6: 397603 server |
2025/04/30 10:05:06 [debug] 21#0: *6 quic lost timer pto:991 server |
2025/04/30 10:05:06 [debug] 21#0: *6 event timer add: 6: 991:397603 server |
2025/04/30 10:05:06 [debug] 21#0: *6 quic state: send:74994 pto:991 server |
2025/04/30 10:05:06 [debug] 21#0: worker cycle server |
2025/04/30 10:05:06 [debug] 21#0: epoll timer: 991 server |
2025/04/30 10:05:06 [debug] 21#0: epoll: fd:6 ev:0001 d:00007F0E10F05108 server |
2025/04/30 10:05:06 [debug] 21#0: quic recvmsg on 0.0.0.0:443, ready: 0 server |
2025/04/30 10:05:06 [debug] 21#0: *6 quic recvmsg: fd:6 n:306 server |
2025/04/30 10:05:06 [debug] 21#0: *6 quic input handler server |
2025/04/30 10:05:06 [debug] 21#0: *6 quic packet rx long flags:d7 version:1 server |
2025/04/30 10:05:06 [debug] 21#0: *6 quic packet rx early len:281 server |
2025/04/30 10:05:06 [debug] 21#0: *6 quic packet rx dcid len:8 082c06179b217f39 server |
2025/04/30 10:05:06 [debug] 21#0: *6 quic packet rx scid len:8 dc04912e1cd53d3b server |
2025/04/30 10:05:06 [debug] 21#0: *6 quic packet rx clearflags:d3 server |
2025/04/30 10:05:06 [debug] 21#0: *6 quic packet rx number:8 len:4 server |
2025/04/30 10:05:06 [debug] 21#0: *6 quic packet len:306 via sock seq:-1 path seq:0 server |
2025/04/30 10:05:06 [debug] 21#0: *6 quic path seq:0 status tx:1768 rx:3954 valid:0 st:0 mtu:1200 server |
2025/04/30 10:05:06 [debug] 21#0: *6 quic frame rx early:8 STREAM id:0x20 len:257 fin:1 server |
2025/04/30 10:05:06 [debug] 21#0: *6 quic stream id:0x20 is missing server |
2025/04/30 10:05:06 [debug] 21#0: *6 quic stream id:0x20 create server |
2025/04/30 10:05:06 [debug] 21#0: *6 posix_memalign: 000055CC52A3DD20:512 @16 server |
2025/04/30 10:05:06 [debug] 21#0: *6 posix_memalign: 000055CC52A279E0:16384 @16 server |
2025/04/30 10:05:06 [debug] 21#0: *6 reusable connection: 0 server |
2025/04/30 10:05:06 [debug] 21#0: *15 add cleanup: 000055CC52A27AA0 server |
2025/04/30 10:05:06 [debug] 21#0: *15 post event 000055CC529F4AD0 server |
2025/04/30 10:05:06 [debug] 21#0: *6 quic stream id:0x20 flow control msd:257/65536 md:2313/8585216 server |
2025/04/30 10:05:06 [debug] 21#0: *6 malloc: 000055CC52A39CE0:4096 server |
2025/04/30 10:05:06 [debug] 21#0: *6 quic ngx_quic_ack_packet pn:8 largest 7 fr:7 nranges:0 server |
2025/04/30 10:05:06 [debug] 21#0: *6 post event 000055CC529DA248 server |
2025/04/30 10:05:06 [debug] 21#0: *6 quic packet done rc:0 level:early decr:1 pn:8 perr:0 server |
2025/04/30 10:05:06 [debug] 21#0: *6 event timer: 6, old: 471606, new: 471613 server |
2025/04/30 10:05:06 [debug] 21#0: *6 quic state: read:74993 pto:990 server |
2025/04/30 10:05:06 [debug] 21#0: timer delta: 1 server |
2025/04/30 10:05:06 [debug] 21#0: posted event 000055CC529F4AD0 server |
2025/04/30 10:05:06 [debug] 21#0: *15 delete posted event 000055CC529F4AD0 server |
2025/04/30 10:05:06 [debug] 21#0: *15 quic init stream server |
2025/04/30 10:05:06 [debug] 21#0: *15 http3 init request stream server |
2025/04/30 10:05:06 [debug] 21#0: *15 add cleanup: 000055CC52A27B10 server |
2025/04/30 10:05:06 [debug] 21#0: *6 event timer del: 6: 471612 server |
2025/04/30 10:05:06 [debug] 21#0: *15 http wait request handler server |
2025/04/30 10:05:06 [debug] 21#0: *6 quic stream id:0x20 recv buf:1024 server |
2025/04/30 10:05:06 [debug] 21#0: *15 quic stream id:0x20 recv len:257 server |
2025/04/30 10:05:06 [debug] 21#0: *6 quic stream id:0x20 flow update 257 server |
2025/04/30 10:05:06 [debug] 21#0: *15 reusable connection: 0 server |
2025/04/30 10:05:06 [debug] 21#0: *15 posix_memalign: 000055CC52A3FD40:4096 @16 server |
2025/04/30 10:05:06 [debug] 21#0: *15 http process request line server |
2025/04/30 10:05:06 [debug] 21#0: *15 http request line: "GET /enlftdecaoafzdaafvrjsyhftstzolxwvtlyrtstqpaymoiawymlxdlsmegmwmmxfaskfjqvhdvjkoqdyjsycmiibmqmqcsvblnfcuacllzuhljlxecnifluqnxuywmzlwhysgxalzxqidxsjwccomqaexxgjkjamdxpszbgoayjzkbcwcrezirjjiyfcmkxwkkduryplronleqrcdijkaahbybzsnssktsjivlhvhgcktcvuogfbilwgl" server |
2025/04/30 10:05:06 [debug] 21#0: *15 http uri: "/enlftdecaoafzdaafvrjsyhftstzolxwvtlyrtstqpaymoiawymlxdlsmegmwmmxfaskfjqvhdvjkoqdyjsycmiibmqmqcsvblnfcuacllzuhljlxecnifluqnxuywmzlwhysgxalzxqidxsjwccomqaexxgjkjamdxpszbgoayjzkbcwcrezirjjiyfcmkxwkkduryplronleqrcdijkaahbybzsnssktsjivlhvhgcktcvuogfbilwgl" server |
2025/04/30 10:05:06 [debug] 21#0: *15 http args: "" server |
2025/04/30 10:05:06 [debug] 21#0: *15 http exten: "" server |
2025/04/30 10:05:06 [debug] 21#0: *15 rewrite phase: 0 server |
2025/04/30 10:05:06 [debug] 21#0: *15 test location: "/" server |
2025/04/30 10:05:06 [debug] 21#0: *15 using configuration "/" server |
2025/04/30 10:05:06 [debug] 21#0: *15 http cl:-1 max:1048576 server |
2025/04/30 10:05:06 [debug] 21#0: *15 rewrite phase: 2 server |
2025/04/30 10:05:06 [debug] 21#0: *15 post rewrite phase: 3 server |
2025/04/30 10:05:06 [debug] 21#0: *15 generic phase: 4 server |
2025/04/30 10:05:06 [debug] 21#0: *15 generic phase: 5 server |
2025/04/30 10:05:06 [debug] 21#0: *15 access phase: 6 server |
2025/04/30 10:05:06 [debug] 21#0: *15 access phase: 7 server |
2025/04/30 10:05:06 [debug] 21#0: *15 post access phase: 8 server |
2025/04/30 10:05:06 [debug] 21#0: *15 generic phase: 9 server |
2025/04/30 10:05:06 [debug] 21#0: *15 generic phase: 10 server |
2025/04/30 10:05:06 [debug] 21#0: *15 content phase: 11 server |
2025/04/30 10:05:06 [debug] 21#0: *15 content phase: 12 server |
2025/04/30 10:05:06 [debug] 21#0: *15 content phase: 13 server |
2025/04/30 10:05:06 [debug] 21#0: *15 http filename: "/www/enlftdecaoafzdaafvrjsyhftstzolxwvtlyrtstqpaymoiawymlxdlsmegmwmmxfaskfjqvhdvjkoqdyjsycmiibmqmqcsvblnfcuacllzuhljlxecnifluqnxuywmzlwhysgxalzxqidxsjwccomqaexxgjkjamdxpszbgoayjzkbcwcrezirjjiyfcmkxwkkduryplronleqrcdijkaahbybzsnssktsjivlhvhgcktcvuogfbilwgl" server |
2025/04/30 10:05:06 [debug] 21#0: *15 add cleanup: 000055CC52A40B68 server |
2025/04/30 10:05:06 [debug] 21#0: *15 http static fd: 3 server |
2025/04/30 10:05:06 [debug] 21#0: *15 http set discard body server |
2025/04/30 10:05:06 [debug] 21#0: *15 http output filter "/enlftdecaoafzdaafvrjsyhftstzolxwvtlyrtstqpaymoiawymlxdlsmegmwmmxfaskfjqvhdvjkoqdyjsycmiibmqmqcsvblnfcuacllzuhljlxecnifluqnxuywmzlwhysgxalzxqidxsjwccomqaexxgjkjamdxpszbgoayjzkbcwcrezirjjiyfcmkxwkkduryplronleqrcdijkaahbybzsnssktsjivlhvhgcktcvuogfbilwgl?" server |
2025/04/30 10:05:06 [debug] 21#0: *15 http copy filter: "/enlftdecaoafzdaafvrjsyhftstzolxwvtlyrtstqpaymoiawymlxdlsmegmwmmxfaskfjqvhdvjkoqdyjsycmiibmqmqcsvblnfcuacllzuhljlxecnifluqnxuywmzlwhysgxalzxqidxsjwccomqaexxgjkjamdxpszbgoayjzkbcwcrezirjjiyfcmkxwkkduryplronleqrcdijkaahbybzsnssktsjivlhvhgcktcvuogfbilwgl?" server |
2025/04/30 10:05:06 [debug] 21#0: *15 posix_memalign: 000055CC52A40D50:4096 @16 server |
2025/04/30 10:05:06 [debug] 21#0: *15 read: 3, 000055CC52A40D10, 32, 0 server |
2025/04/30 10:05:06 [debug] 21#0: *15 http postpone filter "/enlftdecaoafzdaafvrjsyhftstzolxwvtlyrtstqpaymoiawymlxdlsmegmwmmxfaskfjqvhdvjkoqdyjsycmiibmqmqcsvblnfcuacllzuhljlxecnifluqnxuywmzlwhysgxalzxqidxsjwccomqaexxgjkjamdxpszbgoayjzkbcwcrezirjjiyfcmkxwkkduryplronleqrcdijkaahbybzsnssktsjivlhvhgcktcvuogfbilwgl?" 000055CC52A40D00 server |
2025/04/30 10:05:06 [debug] 21#0: *15 write new buf t:1 f:0 000055CC52A40D10, pos 000055CC52A40D10, size: 32 file: 0, size: 0 server |
2025/04/30 10:05:06 [debug] 21#0: *15 http write filter: l:1 f:0 s:32 server |
2025/04/30 10:05:06 [debug] 21#0: *15 http write filter limit 2097152 server |
2025/04/30 10:05:06 [debug] 21#0: *6 malloc: 000055CC52A41D60:4096 server |
2025/04/30 10:05:06 [debug] 21#0: *15 quic send_chain sent:32 server |
2025/04/30 10:05:06 [debug] 21#0: *6 quic stream id:0x20 flush limit:1048320 server |
2025/04/30 10:05:06 [debug] 21#0: *6 posix_memalign: 000055CC52A3DF30:512 @16 server |
2025/04/30 10:05:06 [debug] 21#0: *6 update posted event 000055CC529DA248 server |
2025/04/30 10:05:06 [debug] 21#0: *6 quic stream id:0x20 flush len:32 last:0 server |
2025/04/30 10:05:06 [debug] 21#0: *15 http write filter 0000000000000000 server |
2025/04/30 10:05:06 [debug] 21#0: *15 http copy filter: 0 "/enlftdecaoafzdaafvrjsyhftstzolxwvtlyrtstqpaymoiawymlxdlsmegmwmmxfaskfjqvhdvjkoqdyjsycmiibmqmqcsvblnfcuacllzuhljlxecnifluqnxuywmzlwhysgxalzxqidxsjwccomqaexxgjkjamdxpszbgoayjzkbcwcrezirjjiyfcmkxwkkduryplronleqrcdijkaahbybzsnssktsjivlhvhgcktcvuogfbilwgl?" server |
2025/04/30 10:05:06 [debug] 21#0: *15 http finalize request: 0, "/enlftdecaoafzdaafvrjsyhftstzolxwvtlyrtstqpaymoiawymlxdlsmegmwmmxfaskfjqvhdvjkoqdyjsycmiibmqmqcsvblnfcuacllzuhljlxecnifluqnxuywmzlwhysgxalzxqidxsjwccomqaexxgjkjamdxpszbgoayjzkbcwcrezirjjiyfcmkxwkkduryplronleqrcdijkaahbybzsnssktsjivlhvhgcktcvuogfbilwgl?" a:1, c:1 server |
2025/04/30 10:05:06 [debug] 21#0: *15 http request count:1 blk:0 server |
2025/04/30 10:05:06 [debug] 21#0: *15 http close request server |
2025/04/30 10:05:06 [debug] 21#0: *15 http log handler server | 193.167.0.100 - - [30/Apr/2025:10:05:06 +0000] "GET /enlftdecaoafzdaafvrjsyhftstzolxwvtlyrtstqpaymoiawymlxdlsmegmwmmxfaskfjqvhdvjkoqdyjsycmiibmqmqcsvblnfcuacllzuhljlxecnifluqnxuywmzlwhysgxalzxqidxsjwccomqaexxgjkjamdxpszbgoayjzkbcwcrezirjjiyfcmkxwkkduryplronleqrcdijkaahbybzsnssktsjivlhvhgcktcvuogfbilwgl" 200 32 "-" "-" server |
2025/04/30 10:05:06 [debug] 21#0: *15 run cleanup: 000055CC52A40B68 server |
2025/04/30 10:05:06 [debug] 21#0: *15 file cleanup: fd:3 server |
2025/04/30 10:05:06 [debug] 21#0: *15 free: 000055CC52A3FD40, unused: 0 server |
2025/04/30 10:05:06 [debug] 21#0: *15 free: 000055CC52A40D50, unused: 3501 server |
2025/04/30 10:05:06 [debug] 21#0: *15 close http connection: 6 server |
2025/04/30 10:05:06 [debug] 21#0: *15 reusable connection: 0 server |
2025/04/30 10:05:06 [debug] 21#0: *15 run cleanup: 000055CC52A27B10 server |
2025/04/30 10:05:06 [debug] 21#0: *6 event timer add: 6: 75000:471613 server |
2025/04/30 10:05:06 [debug] 21#0: *15 run cleanup: 000055CC52A27AA0 server |
2025/04/30 10:05:06 [debug] 21#0: *6 quic stream id:0x20 cleanup server |
2025/04/30 10:05:06 [debug] 21#0: *6 quic stream id:0x20 send shutdown server |
2025/04/30 10:05:06 [debug] 21#0: *6 quic stream id:0x20 flush limit:1048288 server |
2025/04/30 10:05:06 [debug] 21#0: *6 update posted event 000055CC529DA248 server |
2025/04/30 10:05:06 [debug] 21#0: *6 quic stream id:0x20 flush len:0 last:1 server |
2025/04/30 10:05:06 [debug] 21#0: *15 free: 000055CC52A279E0, unused: 14952 server |
2025/04/30 10:05:06 [debug] 21#0: posted event 000055CC529DA248 server |
2025/04/30 10:05:06 [debug] 21#0: *6 delete posted event 000055CC529DA248 server |
2025/04/30 10:05:06 [debug] 21#0: *6 quic push handler server |
2025/04/30 10:05:06 [debug] 21#0: *6 quic output app packet max:1200 min:0 server |
2025/04/30 10:05:06 [debug] 21#0: *6 quic frame tx app:9 ACK n:0 delay:0 8-0 server |
2025/04/30 10:05:06 [debug] 21#0: *6 quic frame tx app:9 STREAM id:0x20 off:0 len:32 server |
2025/04/30 10:05:06 [debug] 21#0: *6 quic frame tx app:9 STREAM id:0x20 off:32 len:0 fin:1 server |
2025/04/30 10:05:06 [debug] 21#0: *6 quic packet tx app bytes:45 need_ack:1 number:9 encoded nl:1 trunc:0x9 server |
2025/04/30 10:05:06 [debug] 21#0: *6 sendmsg: 71 of 71 server |
2025/04/30 10:05:06 [debug] 21#0: *6 quic congestion send if:1768 server |
2025/04/30 10:05:06 [debug] 21#0: *6 quic congestion send if:1768 server |
2025/04/30 10:05:06 [debug] 21#0: *6 quic congestion send if:1839 server |
2025/04/30 10:05:06 [debug] 21#0: *6 event timer: 6, old: 471606, new: 471613 server |
2025/04/30 10:05:06 [debug] 21#0: *6 event timer del: 6: 397603 server |
2025/04/30 10:05:06 [debug] 21#0: *6 quic lost timer pto:990 server |
2025/04/30 10:05:06 [debug] 21#0: *6 event timer add: 6: 990:397603 server |
2025/04/30 10:05:06 [debug] 21#0: *6 quic state: send:74993 pto:990 server |
2025/04/30 10:05:06 [debug] 21#0: worker cycle server |
2025/04/30 10:05:06 [debug] 21#0: epoll timer: 990 server |
2025/04/30 10:05:06 [debug] 21#0: epoll: fd:6 ev:0001 d:00007F0E10F05108 server |
2025/04/30 10:05:06 [debug] 21#0: quic recvmsg on 0.0.0.0:443, ready: 0 server |
2025/04/30 10:05:06 [debug] 21#0: *6 quic recvmsg: fd:6 n:306 server |
2025/04/30 10:05:06 [debug] 21#0: *6 quic input handler server |
2025/04/30 10:05:06 [debug] 21#0: *6 quic packet rx long flags:dc version:1 server |
2025/04/30 10:05:06 [debug] 21#0: *6 quic packet rx early len:281 server |
2025/04/30 10:05:06 [debug] 21#0: *6 quic packet rx dcid len:8 082c06179b217f39 server |
2025/04/30 10:05:06 [debug] 21#0: *6 quic packet rx scid len:8 dc04912e1cd53d3b server |
2025/04/30 10:05:06 [debug] 21#0: *6 quic packet rx clearflags:d3 server |
2025/04/30 10:05:06 [debug] 21#0: *6 quic packet rx number:9 len:4 server |
2025/04/30 10:05:06 [debug] 21#0: *6 quic packet len:306 via sock seq:-1 path seq:0 server |
2025/04/30 10:05:06 [debug] 21#0: *6 quic path seq:0 status tx:1839 rx:4260 valid:0 st:0 mtu:1200 server |
2025/04/30 10:05:06 [debug] 21#0: *6 quic frame rx early:9 STREAM id:0x24 len:257 fin:1 server |
2025/04/30 10:05:06 [debug] 21#0: *6 quic stream id:0x24 is missing server |
2025/04/30 10:05:06 [debug] 21#0: *6 quic stream id:0x24 create server |
2025/04/30 10:05:06 [debug] 21#0: *6 posix_memalign: 000055CC52A3E140:512 @16 server |
2025/04/30 10:05:06 [debug] 21#0: *6 posix_memalign: 000055CC52A279E0:16384 @16 server |
2025/04/30 10:05:06 [debug] 21#0: *6 reusable connection: 0 server |
2025/04/30 10:05:06 [debug] 21#0: *16 add cleanup: 000055CC52A27AA0 server |
2025/04/30 10:05:06 [debug] 21#0: *16 post event 000055CC529F4AD0 server |
2025/04/30 10:05:06 [debug] 21#0: *6 quic stream id:0x24 flow control msd:257/65536 md:2570/8585216 server |
2025/04/30 10:05:06 [debug] 21#0: *6 malloc: 000055CC52A3FD40:4096 server |
2025/04/30 10:05:06 [debug] 21#0: *6 quic ngx_quic_ack_packet pn:9 largest 8 fr:8 nranges:0 server |
2025/04/30 10:05:06 [debug] 21#0: *6 post event 000055CC529DA248 server |
2025/04/30 10:05:06 [debug] 21#0: *6 quic packet done rc:0 level:early decr:1 pn:9 perr:0 server |
2025/04/30 10:05:06 [debug] 21#0: *6 event timer: 6, old: 471606, new: 471615 server |
2025/04/30 10:05:06 [debug] 21#0: *6 quic state: read:74991 pto:988 server |
2025/04/30 10:05:06 [debug] 21#0: timer delta: 2 server |
2025/04/30 10:05:06 [debug] 21#0: posted event 000055CC529F4AD0 server |
2025/04/30 10:05:06 [debug] 21#0: *16 delete posted event 000055CC529F4AD0 server |
2025/04/30 10:05:06 [debug] 21#0: *16 quic init stream server |
2025/04/30 10:05:06 [debug] 21#0: *16 http3 init request stream server |
2025/04/30 10:05:06 [debug] 21#0: *16 add cleanup: 000055CC52A27B10 server |
2025/04/30 10:05:06 [debug] 21#0: *6 event timer del: 6: 471613 server |
2025/04/30 10:05:06 [debug] 21#0: *16 http wait request handler server |
2025/04/30 10:05:06 [debug] 21#0: *6 quic stream id:0x24 recv buf:1024 server |
2025/04/30 10:05:06 [debug] 21#0: *16 quic stream id:0x24 recv len:257 server |
2025/04/30 10:05:06 [debug] 21#0: *6 quic stream id:0x24 flow update 257 server |
2025/04/30 10:05:06 [debug] 21#0: *16 reusable connection: 0 server |
2025/04/30 10:05:06 [debug] 21#0: *16 posix_memalign: 000055CC52A40D50:4096 @16 server |
2025/04/30 10:05:06 [debug] 21#0: *16 http process request line server |
2025/04/30 10:05:06 [debug] 21#0: *16 http request line: "GET /hwulxsalhwuhqocamnlmnwpduplvijwvocxybxfmpzgfqafwurlghtccgijffffmvoslkrgzleqiljxpuzphssyeudlwikdmxmhdntpktsezmbvpieoyrtilnqptgznfdsytbfyzifihgbhjeqgywqjzuqumbsdmwzsuqzrwpfzfdxfvawboovnfebgqarkhirwwchlecfnyqplbilcarfdzxwutjabizxdecezwrmzuoieamgszqwwqjc" server |
2025/04/30 10:05:06 [debug] 21#0: *16 http uri: "/hwulxsalhwuhqocamnlmnwpduplvijwvocxybxfmpzgfqafwurlghtccgijffffmvoslkrgzleqiljxpuzphssyeudlwikdmxmhdntpktsezmbvpieoyrtilnqptgznfdsytbfyzifihgbhjeqgywqjzuqumbsdmwzsuqzrwpfzfdxfvawboovnfebgqarkhirwwchlecfnyqplbilcarfdzxwutjabizxdecezwrmzuoieamgszqwwqjc" server |
2025/04/30 10:05:06 [debug] 21#0: *16 http args: "" server |
2025/04/30 10:05:06 [debug] 21#0: *16 http exten: "" server |
2025/04/30 10:05:06 [debug] 21#0: *16 rewrite phase: 0 server |
2025/04/30 10:05:06 [debug] 21#0: *16 test location: "/" server |
2025/04/30 10:05:06 [debug] 21#0: *16 using configuration "/" server |
2025/04/30 10:05:06 [debug] 21#0: *16 http cl:-1 max:1048576 server |
2025/04/30 10:05:06 [debug] 21#0: *16 rewrite phase: 2 server |
2025/04/30 10:05:06 [debug] 21#0: *16 post rewrite phase: 3 server |
2025/04/30 10:05:06 [debug] 21#0: *16 generic phase: 4 server |
2025/04/30 10:05:06 [debug] 21#0: *16 generic phase: 5 server |
2025/04/30 10:05:06 [debug] 21#0: *16 access phase: 6 server |
2025/04/30 10:05:06 [debug] 21#0: *16 access phase: 7 server |
2025/04/30 10:05:06 [debug] 21#0: *16 post access phase: 8 server |
2025/04/30 10:05:06 [debug] 21#0: *16 generic phase: 9 server |
2025/04/30 10:05:06 [debug] 21#0: *16 generic phase: 10 server |
2025/04/30 10:05:06 [debug] 21#0: *16 content phase: 11 server |
2025/04/30 10:05:06 [debug] 21#0: *16 content phase: 12 server |
2025/04/30 10:05:06 [debug] 21#0: *16 content phase: 13 server |
2025/04/30 10:05:06 [debug] 21#0: *16 http filename: "/www/hwulxsalhwuhqocamnlmnwpduplvijwvocxybxfmpzgfqafwurlghtccgijffffmvoslkrgzleqiljxpuzphssyeudlwikdmxmhdntpktsezmbvpieoyrtilnqptgznfdsytbfyzifihgbhjeqgywqjzuqumbsdmwzsuqzrwpfzfdxfvawboovnfebgqarkhirwwchlecfnyqplbilcarfdzxwutjabizxdecezwrmzuoieamgszqwwqjc" server |
2025/04/30 10:05:06 [debug] 21#0: *16 add cleanup: 000055CC52A41B78 server |
2025/04/30 10:05:06 [debug] 21#0: *16 http static fd: 3 server |
2025/04/30 10:05:06 [debug] 21#0: *16 http set discard body server |
2025/04/30 10:05:06 [debug] 21#0: *16 http output filter "/hwulxsalhwuhqocamnlmnwpduplvijwvocxybxfmpzgfqafwurlghtccgijffffmvoslkrgzleqiljxpuzphssyeudlwikdmxmhdntpktsezmbvpieoyrtilnqptgznfdsytbfyzifihgbhjeqgywqjzuqumbsdmwzsuqzrwpfzfdxfvawboovnfebgqarkhirwwchlecfnyqplbilcarfdzxwutjabizxdecezwrmzuoieamgszqwwqjc?" server |
2025/04/30 10:05:06 [debug] 21#0: *16 http copy filter: "/hwulxsalhwuhqocamnlmnwpduplvijwvocxybxfmpzgfqafwurlghtccgijffffmvoslkrgzleqiljxpuzphssyeudlwikdmxmhdntpktsezmbvpieoyrtilnqptgznfdsytbfyzifihgbhjeqgywqjzuqumbsdmwzsuqzrwpfzfdxfvawboovnfebgqarkhirwwchlecfnyqplbilcarfdzxwutjabizxdecezwrmzuoieamgszqwwqjc?" server |
2025/04/30 10:05:06 [debug] 21#0: *16 posix_memalign: 000055CC52A42D70:4096 @16 server |
2025/04/30 10:05:06 [debug] 21#0: *16 read: 3, 000055CC52A41D20, 32, 0 server |
2025/04/30 10:05:06 [debug] 21#0: *16 http postpone filter "/hwulxsalhwuhqocamnlmnwpduplvijwvocxybxfmpzgfqafwurlghtccgijffffmvoslkrgzleqiljxpuzphssyeudlwikdmxmhdntpktsezmbvpieoyrtilnqptgznfdsytbfyzifihgbhjeqgywqjzuqumbsdmwzsuqzrwpfzfdxfvawboovnfebgqarkhirwwchlecfnyqplbilcarfdzxwutjabizxdecezwrmzuoieamgszqwwqjc?" 000055CC52A41D10 server |
2025/04/30 10:05:06 [debug] 21#0: *16 write new buf t:1 f:0 000055CC52A41D20, pos 000055CC52A41D20, size: 32 file: 0, size: 0 server |
2025/04/30 10:05:06 [debug] 21#0: *16 http write filter: l:1 f:0 s:32 server |
2025/04/30 10:05:06 [debug] 21#0: *16 http write filter limit 2097152 server |
2025/04/30 10:05:06 [debug] 21#0: *6 posix_memalign: 000055CC52A3E350:512 @16 server |
2025/04/30 10:05:06 [debug] 21#0: *6 malloc: 000055CC52A43D80:4096 server |
2025/04/30 10:05:06 [debug] 21#0: *16 quic send_chain sent:32 server |
2025/04/30 10:05:06 [debug] 21#0: *6 quic stream id:0x24 flush limit:1048288 server |
2025/04/30 10:05:06 [debug] 21#0: *6 update posted event 000055CC529DA248 server |
2025/04/30 10:05:06 [debug] 21#0: *6 quic stream id:0x24 flush len:32 last:0 server |
2025/04/30 10:05:06 [debug] 21#0: *16 http write filter 0000000000000000 server |
2025/04/30 10:05:06 [debug] 21#0: *16 http copy filter: 0 "/hwulxsalhwuhqocamnlmnwpduplvijwvocxybxfmpzgfqafwurlghtccgijffffmvoslkrgzleqiljxpuzphssyeudlwikdmxmhdntpktsezmbvpieoyrtilnqptgznfdsytbfyzifihgbhjeqgywqjzuqumbsdmwzsuqzrwpfzfdxfvawboovnfebgqarkhirwwchlecfnyqplbilcarfdzxwutjabizxdecezwrmzuoieamgszqwwqjc?" server |
2025/04/30 10:05:06 [debug] 21#0: *16 http finalize request: 0, "/hwulxsalhwuhqocamnlmnwpduplvijwvocxybxfmpzgfqafwurlghtccgijffffmvoslkrgzleqiljxpuzphssyeudlwikdmxmhdntpktsezmbvpieoyrtilnqptgznfdsytbfyzifihgbhjeqgywqjzuqumbsdmwzsuqzrwpfzfdxfvawboovnfebgqarkhirwwchlecfnyqplbilcarfdzxwutjabizxdecezwrmzuoieamgszqwwqjc?" a:1, c:1 server |
2025/04/30 10:05:06 [debug] 21#0: *16 http request count:1 blk:0 server |
2025/04/30 10:05:06 [debug] 21#0: *16 http close request server |
2025/04/30 10:05:06 [debug] 21#0: *16 http log handler server | 193.167.0.100 - - [30/Apr/2025:10:05:06 +0000] "GET /hwulxsalhwuhqocamnlmnwpduplvijwvocxybxfmpzgfqafwurlghtccgijffffmvoslkrgzleqiljxpuzphssyeudlwikdmxmhdntpktsezmbvpieoyrtilnqptgznfdsytbfyzifihgbhjeqgywqjzuqumbsdmwzsuqzrwpfzfdxfvawboovnfebgqarkhirwwchlecfnyqplbilcarfdzxwutjabizxdecezwrmzuoieamgszqwwqjc" 200 32 "-" "-" server |
2025/04/30 10:05:06 [debug] 21#0: *16 run cleanup: 000055CC52A41B78 server |
2025/04/30 10:05:06 [debug] 21#0: *16 file cleanup: fd:3 server |
2025/04/30 10:05:06 [debug] 21#0: *16 free: 000055CC52A40D50, unused: 0 server |
2025/04/30 10:05:06 [debug] 21#0: *16 free: 000055CC52A42D70, unused: 3501 server |
2025/04/30 10:05:06 [debug] 21#0: *16 close http connection: 6 server |
2025/04/30 10:05:06 [debug] 21#0: *16 reusable connection: 0 server |
2025/04/30 10:05:06 [debug] 21#0: *16 run cleanup: 000055CC52A27B10 server |
2025/04/30 10:05:06 [debug] 21#0: *6 event timer add: 6: 75000:471615 server |
2025/04/30 10:05:06 [debug] 21#0: *16 run cleanup: 000055CC52A27AA0 server |
2025/04/30 10:05:06 [debug] 21#0: *6 quic stream id:0x24 cleanup server |
2025/04/30 10:05:06 [debug] 21#0: *6 quic stream id:0x24 send shutdown server |
2025/04/30 10:05:06 [debug] 21#0: *6 quic stream id:0x24 flush limit:1048256 server |
2025/04/30 10:05:06 [debug] 21#0: *6 update posted event 000055CC529DA248 server |
2025/04/30 10:05:06 [debug] 21#0: *6 quic stream id:0x24 flush len:0 last:1 server |
2025/04/30 10:05:06 [debug] 21#0: *16 free: 000055CC52A279E0, unused: 14952 server |
2025/04/30 10:05:06 [debug] 21#0: posted event 000055CC529DA248 server |
2025/04/30 10:05:06 [debug] 21#0: *6 delete posted event 000055CC529DA248 server |
2025/04/30 10:05:06 [debug] 21#0: *6 quic push handler server |
2025/04/30 10:05:06 [debug] 21#0: *6 posix_memalign: 000055CC52A3E560:512 @16 server |
2025/04/30 10:05:06 [debug] 21#0: *6 quic output app packet max:1200 min:0 server |
2025/04/30 10:05:06 [debug] 21#0: *6 quic frame tx app:10 ACK n:0 delay:0 9-0 server |
2025/04/30 10:05:06 [debug] 21#0: *6 quic frame tx app:10 STREAM id:0x24 off:0 len:32 server |
2025/04/30 10:05:06 [debug] 21#0: *6 quic frame tx app:10 STREAM id:0x24 off:32 len:0 fin:1 server |
2025/04/30 10:05:06 [debug] 21#0: *6 quic packet tx app bytes:45 need_ack:1 number:10 encoded nl:1 trunc:0xa server |
2025/04/30 10:05:06 [debug] 21#0: *6 sendmsg: 71 of 71 server |
2025/04/30 10:05:06 [debug] 21#0: *6 quic congestion send if:1839 server |
2025/04/30 10:05:06 [debug] 21#0: *6 quic congestion send if:1839 server |
2025/04/30 10:05:06 [debug] 21#0: *6 quic congestion send if:1910 server |
2025/04/30 10:05:06 [debug] 21#0: *6 event timer: 6, old: 471606, new: 471615 server |
2025/04/30 10:05:06 [debug] 21#0: *6 event timer del: 6: 397603 server |
2025/04/30 10:05:06 [debug] 21#0: *6 quic lost timer pto:988 server |
2025/04/30 10:05:06 [debug] 21#0: *6 event timer add: 6: 988:397603 server |
2025/04/30 10:05:06 [debug] 21#0: *6 quic state: send:74991 pto:988 server |
2025/04/30 10:05:06 [debug] 21#0: worker cycle server |
2025/04/30 10:05:06 [debug] 21#0: epoll timer: 988 server |
2025/04/30 10:05:06 [debug] 21#0: epoll: fd:6 ev:0001 d:00007F0E10F05108 server |
2025/04/30 10:05:06 [debug] 21#0: quic recvmsg on 0.0.0.0:443, ready: 0 server |
2025/04/30 10:05:06 [debug] 21#0: *6 quic recvmsg: fd:6 n:306 server |
2025/04/30 10:05:06 [debug] 21#0: *6 quic input handler server |
2025/04/30 10:05:06 [debug] 21#0: *6 quic packet rx long flags:d5 version:1 server |
2025/04/30 10:05:06 [debug] 21#0: *6 quic packet rx early len:281 server |
2025/04/30 10:05:06 [debug] 21#0: *6 quic packet rx dcid len:8 082c06179b217f39 server |
2025/04/30 10:05:06 [debug] 21#0: *6 quic packet rx scid len:8 dc04912e1cd53d3b server |
2025/04/30 10:05:06 [debug] 21#0: *6 quic packet rx clearflags:d3 server |
2025/04/30 10:05:06 [debug] 21#0: *6 quic packet rx number:12 len:4 server |
2025/04/30 10:05:06 [debug] 21#0: *6 quic packet len:306 via sock seq:-1 path seq:0 server |
2025/04/30 10:05:06 [debug] 21#0: *6 quic path seq:0 status tx:1910 rx:4566 valid:0 st:0 mtu:1200 server |
2025/04/30 10:05:06 [debug] 21#0: *6 quic frame rx early:12 STREAM id:0x28 len:257 fin:1 server |
2025/04/30 10:05:06 [debug] 21#0: *6 quic stream id:0x28 is missing server |
2025/04/30 10:05:06 [debug] 21#0: *6 quic stream id:0x28 create server |
2025/04/30 10:05:06 [debug] 21#0: *6 posix_memalign: 000055CC52A279E0:16384 @16 server |
2025/04/30 10:05:06 [debug] 21#0: *6 reusable connection: 0 server |
2025/04/30 10:05:06 [debug] 21#0: *17 add cleanup: 000055CC52A27AA0 server |
2025/04/30 10:05:06 [debug] 21#0: *17 post event 000055CC529F4AD0 server |
2025/04/30 10:05:06 [debug] 21#0: *6 quic stream id:0x28 flow control msd:257/65536 md:2827/8585216 server |
2025/04/30 10:05:06 [debug] 21#0: *6 malloc: 000055CC52A42D70:4096 server |
2025/04/30 10:05:06 [debug] 21#0: *6 posix_memalign: 000055CC52A3E770:512 @16 server |
2025/04/30 10:05:06 [debug] 21#0: *6 quic ngx_quic_ack_packet pn:12 largest 9 fr:9 nranges:0 server |
2025/04/30 10:05:06 [debug] 21#0: *6 post event 000055CC529DA248 server |
2025/04/30 10:05:06 [debug] 21#0: *6 quic packet done rc:0 level:early decr:1 pn:12 perr:0 server |
2025/04/30 10:05:06 [debug] 21#0: *6 event timer: 6, old: 471606, new: 471615 server |
2025/04/30 10:05:06 [debug] 21#0: *6 quic state: read:74991 pto:988 server |
2025/04/30 10:05:06 [debug] 21#0: timer delta: 0 server |
2025/04/30 10:05:06 [debug] 21#0: posted event 000055CC529F4AD0 server |
2025/04/30 10:05:06 [debug] 21#0: *17 delete posted event 000055CC529F4AD0 server |
2025/04/30 10:05:06 [debug] 21#0: *17 quic init stream server |
2025/04/30 10:05:06 [debug] 21#0: *17 http3 init request stream server |
2025/04/30 10:05:06 [debug] 21#0: *17 add cleanup: 000055CC52A27B10 server |
2025/04/30 10:05:06 [debug] 21#0: *6 event timer del: 6: 471615 server |
2025/04/30 10:05:06 [debug] 21#0: *17 http wait request handler server |
2025/04/30 10:05:06 [debug] 21#0: *6 quic stream id:0x28 recv buf:1024 server |
2025/04/30 10:05:06 [debug] 21#0: *17 quic stream id:0x28 recv len:257 server |
2025/04/30 10:05:06 [debug] 21#0: *6 quic stream id:0x28 flow update 257 server |
2025/04/30 10:05:06 [debug] 21#0: *17 reusable connection: 0 server |
2025/04/30 10:05:06 [debug] 21#0: *17 posix_memalign: 000055CC52A40D50:4096 @16 server |
2025/04/30 10:05:06 [debug] 21#0: *17 http process request line server |
2025/04/30 10:05:06 [debug] 21#0: *17 http request line: "GET /ydqqezagbsjvdbpchvyfdsyguaxbvxhxwojkklftmoqdderecohyetfpbaaypnruayccgijsvqzhxfcmxvqedjsfvmyqlhxdkfvsduudtnnekwgbafxgoevmpcshukjdrwyjelwevsjptmfaurfrqubjkxhmyxloncmgqsyggbdfhstwydwplbdffpltjlemybyynevmqhodqjwauwqkiithglpjrqobehmuyhzkdinijssrgnvxamxbbs" server |
